{"id":8,"date":"2019-09-04T10:33:39","date_gmt":"2019-09-04T13:33:39","guid":{"rendered":"http:\/\/filo.unt.edu.ar\/xvii-sael\/?page_id=8"},"modified":"2021-02-08T10:06:15","modified_gmt":"2021-02-08T13:06:15","slug":"organizacion","status":"publish","type":"page","link":"https:\/\/filo.unt.edu.ar\/xvii-sael\/organizacion\/","title":{"rendered":"Organizaci\u00f3n"},"content":{"rendered":"<p>COMISI\u00d3N ACAD\u00c9MICA<br \/>\nValeria Abusamra (CONICET \u2013 Universidad de Buenos Aires)<br \/>\nLeonor Acu\u00f1a (Universidad de Buenos Aires &#8211; INAPL).<br \/>\nHilda Albano (Universidad de Buenos Aires).<br \/>\nHugo Amable (Universidad Nacional de Misiones).<br \/>\nRoberto Bein (Universidad de Buenos Aires).<br \/>\nCecilia Broilo (Universidad Nacional de Catamarca).<br \/>\nJuan Eduardo Bonnin (Universidad Nacional de San Mart\u00edn).<br \/>\nClaudia Borzi (CONICET \u2013 Universidad de Buenos Aires).<br \/>\nIsolda E. Carranza (CONICET &#8211; Universidad Nacional de C\u00f3rdoba).<br \/>\nV\u00edctor Castel (CONICET &#8211; Universidad Nacional de Cuyo).<br \/>\nMarisa Censabella (CONICET &#8211; Universidad Nacional del Nordeste).<br \/>\nGuiomar Ciapuscio (CONICET &#8211; Universidad de Buenos Aires).<br \/>\nElisa B. Cohen de Chervonagura (CONICET \u2013 Universidad Nacional de Tucum\u00e1n).<br \/>\nLiliana Cubo (CONICET- Universidad Nacional de Cuyo).<br \/>\nMariana Cucatto (CONICET &#8211; Universidad Nacional de La Plata).<br \/>\n\u00c1ngela Di Tullio (Instituto de Filolog\u00eda y Literaturas Hisp\u00e1nicas \u201cDr. Amado Alonso\u201d, Universidad de Buenos Aires).<br \/>\nAna Fern\u00e1ndez Garay (CONICET &#8211; Universidad Nacional de La Pampa).<br \/>\nMar\u00eda Marta Garc\u00eda Negroni (CONICET &#8211; Universidad de Buenos Aires).<br \/>\nMabel Giammatteo (Universidad de Buenos Aires).<br \/>\nLuc\u00eda Golluscio (CONICET &#8211; Universidad de Buenos Aires).<br \/>\nHebe A. Gonz\u00e1lez (CONICET \u2013 Universidad Nacional de San Juan).<br \/>\nLuisa Granato (Universidad Nacional de La Plata).<br \/>\nYolanda Hipperdinger (CONICET &#8211; Universidad Nacional del Sur).<br \/>\nVirginia Jaichenco (Universidad de Buenos Aires).<br \/>\nEstela Klett (Universidad de Buenos Aires).<br \/>\nLaura Kornfeld (CONICET &#8211; Universidad de Buenos Aires).<br \/>\nLeopoldo Labast\u00eda (Universidad Nacional del Comahue).<br \/>\nH\u00e9ctor Manni (Universidad Nacional del Litoral).<br \/>\nAna Mar\u00eda Marcovecchio (Universidad de Buenos Aires-Universidad Cat\u00f3lica Argentina).<br \/>\nJos\u00e9 Pascual Masullo (Universidad Nacional de R\u00edo Negro).<br \/>\nAndrea Menegotto (CONICET &#8211; Universidad Nacional de Mar del Plata).<br \/>\nSalvio Mart\u00edn Men\u00e9ndez (CONICET- Universidad Nacional de Mar del Plata -Universidad de Buenos Aires).<br \/>\nCristina Messineo (CONICET &#8211; Universidad de Buenos Aires).<br \/>\nNora M\u00fagica (Universidad Nacional de Rosario).<br \/>\nNora Mu\u00f1oz (Universidad Nacional de la Patagonia Austral).<br \/>\nCecilia Muse (Universidad Nacional de C\u00f3rdoba).<br \/>\nElvira Narvaja de Arnoux (Universidad de Buenos Aires &#8211; C\u00e1tedra Unesco).<br \/>\nMarta Negr\u00edn (Universidad Nacional del Sur &#8211; Universidad Nacional de Tierra del Fuego).<br \/>\nVer\u00f3nica Orellano (Universidad Nacional de San Juan).<br \/>\nSusana Ortega de Hocevar (Universidad Nacional de Cuyo).<br \/>\nConstanza Padilla (CONICET \u2013 Universidad Nacional de Tucum\u00e1n).<br \/>\nMar\u00eda Laura Pardo (CONICET &#8211; Universidad de Buenos Aires).<br \/>\nAlejandro Parini (Universidad de Buenos Aires &#8211; Universidad de Belgrano).<br \/>\nLuis Paris (CONICET \u2013 Universidad Nacional de Cuyo).<br \/>\nAlejandro Raiter (Universidad de Buenos Aires).<br \/>\nElizabeth Rigatuso (CONICET &#8211; Universidad Nacional del Sur).<br \/>\nZulema Solana (Universidad Nacional de Rosario).<br \/>\nSonia Su\u00e1rez Cepeda (Universidad Nacional de La Pampa).<br \/>\nVirginia Unamuno (CONICET &#8211; Universidad Nacional de San Mart\u00edn).<br \/>\nPatricia Vallejos Llobet (CONICET &#8211; Universidad Nacional del Sur).<br \/>\nAlejandra Vidal (CONICET &#8211; Universidad Nacional de Formosa).<br \/>\nMagdalena Viramonte (Universidad Nacional de C\u00f3rdoba).<br \/>\nHugo Wingeyer (Universidad Nacional del Nordeste).<\/p>\n<p>COMISI\u00d3N ORGANIZADORA LOCAL<br \/>\nDr. Julio C\u00e9sar Sal Paz (Coord. General)<br \/>\nDra. Ana Mar\u00eda \u00c1vila<br \/>\nDra. Constanza Padilla<br \/>\nDra. Mar\u00eda Soledad Alonso<br \/>\nDra. Elisa Beatriz Cohen<br \/>\nMg. Mar\u00eda Stella Taboada<br \/>\nDra. Elena Victoria Acevedo<br \/>\nDra. Mar\u00eda Elena Villecco<br \/>\nMg. N\u00e9lida \u00c1ngela Sibaldi<br \/>\nDra. Mar\u00eda Elisa Sala<br \/>\nMg. Pedro Arturo G\u00f3mez<br \/>\nDra. Silvina Douglas<br \/>\nDra. Silvia Dolores Maldonado<br \/>\nDra. Mar\u00eda Gabriela Palazzo<br \/>\nDra. Mar\u00eda del Carmen Pil\u00e1n<br \/>\nDra. Sandra Faedda<br \/>\nDr. Eduardo Guillermo Siles<br \/>\nDra. Mar\u00eda Mercedes Borkosky<br \/>\nDra. Mar\u00eda Graciela Castro<br \/>\nProf. Cecilia Castro Llomparte<br \/>\nDra. Claudia Carina Albarrac\u00edn<br \/>\nDr. Carlos Enrique Castilla<br \/>\nDra. Cecilia Weht<br \/>\nMg. Zulma Alicia Segura<br \/>\nDr. Silvio Alexis Lucena<br \/>\nDra. Esther Ang\u00e9lica Lopez<br \/>\nDra. Mar\u00eda Bel\u00e9n Romano<br \/>\nProf. Sara Luisa Corbal\u00e1n<br \/>\nProf. Ana In\u00e9s Lizondo<br \/>\nLic. Edith Lupprich<\/p>\n","protected":false},"excerpt":{"rendered":"<p>COMISI\u00d3N ACAD\u00c9MICA Valeria Abusamra (CONICET \u2013 Universidad de Buenos Aires) Leonor Acu\u00f1a (Universidad de Buenos Aires &#8211; INAPL). Hilda Albano (Universidad de Buenos Aires). Hugo Amable (Universidad Nacional de Misiones). Roberto Bein (Universidad de Buenos Aires). Cecilia Broilo (Universidad Nacional de Catamarca). Juan Eduardo Bonnin (Universidad Nacional de San Mart\u00edn). Claudia Borzi (CONICET \u2013 Universidad [&hellip;]<\/p>\n","protected":false},"author":1,"featured_media":0,"parent":0,"menu_order":0,"comment_status":"closed","ping_status":"closed","template":"","meta":{"footnotes":""},"class_list":["post-8","page","type-page","status-publish","hentry","post"],"_links":{"self":[{"href":"https:\/\/filo.unt.edu.ar\/xvii-sael\/wp-json\/wp\/v2\/pages\/8","targetHints":{"allow":["GET"]}}],"collection":[{"href":"https:\/\/filo.unt.edu.ar\/xvii-sael\/wp-json\/wp\/v2\/pages"}],"about":[{"href":"https:\/\/filo.unt.edu.ar\/xvii-sael\/wp-json\/wp\/v2\/types\/page"}],"author":[{"embeddable":true,"href":"https:\/\/filo.unt.edu.ar\/xvii-sael\/wp-json\/wp\/v2\/users\/1"}],"replies":[{"embeddable":true,"href":"https:\/\/filo.unt.edu.ar\/xvii-sael\/wp-json\/wp\/v2\/comments?post=8"}],"version-history":[{"count":3,"href":"https:\/\/filo.unt.edu.ar\/xvii-sael\/wp-json\/wp\/v2\/pages\/8\/revisions"}],"predecessor-version":[{"id":132,"href":"https:\/\/filo.unt.edu.ar\/xvii-sael\/wp-json\/wp\/v2\/pages\/8\/revisions\/132"}],"wp:attachment":[{"href":"https:\/\/filo.unt.edu.ar\/xvii-sael\/wp-json\/wp\/v2\/media?parent=8"}],"curies":[{"name":"wp","href":"https:\/\/api.w.org\/{rel}","templated":true}]}}