{"id":291,"date":"2021-05-16T17:57:09","date_gmt":"2021-05-16T20:57:09","guid":{"rendered":"http:\/\/filo.unt.edu.ar\/xvii-sael\/?page_id=291"},"modified":"2021-05-20T21:28:47","modified_gmt":"2021-05-21T00:28:47","slug":"programa","status":"publish","type":"page","link":"https:\/\/filo.unt.edu.ar\/xvii-sael\/programa\/","title":{"rendered":"Programa"},"content":{"rendered":"<div id=\"pl-291\"  class=\"panel-layout\" ><div id=\"pg-291-0\"  class=\"panel-grid panel-has-style\" ><div style=\"background-color: #f2f2f2; \" class=\"panel-row-style panel-row-style-for-291-0\" ><div id=\"pgc-291-0-0\"  class=\"panel-grid-cell\" ><div id=\"panel-291-0-0-0\" class=\"so-panel widget widget_black-studio-tinymce widget_black_studio_tinymce panel-first-child panel-last-child\" data-index=\"0\" ><div class=\"textwidget\"><h3 style=\"text-align: center;\"><a href=\"http:\/\/filo.unt.edu.ar\/xvii-sael\/wp-content\/uploads\/sites\/97\/2021\/05\/Programa-SAEL-2021_Versi\u00f3n-CORREGIDA-2-definitiva.pdf\" target=\"_blank\" rel=\"noopener noreferrer\">Descargue el Programa de SAEL 2021<\/a><\/h3>\n<h5 style=\"text-align: center;\"><a href=\"http:\/\/filo.unt.edu.ar\/xvii-sael\/wp-content\/uploads\/sites\/97\/2021\/05\/Libro-de-res\u00famenes-SAEL-2021_definitivo.pdf\" target=\"_blank\" rel=\"noopener\">Consulte el Libro de Res\u00famenes<\/a><\/h5>\n<\/div><\/div><\/div><\/div><\/div><div id=\"pg-291-1\"  class=\"panel-grid panel-has-style\" ><div style=\"background-color: #f2f2f2; \" class=\"panel-row-style panel-row-style-for-291-1\" ><div id=\"pgc-291-1-0\"  class=\"panel-grid-cell\" ><div id=\"panel-291-1-0-0\" class=\"so-panel widget widget_black-studio-tinymce widget_black_studio_tinymce panel-first-child panel-last-child\" data-index=\"1\" ><div class=\"textwidget\"><p style=\"text-align: center;\"><strong>PROGRAMACI\u00d3N D\u00cdA S\u00c1BADO 22 MA\u00d1ANA CANAL 1<\/strong><\/p>\n<\/div><\/div><\/div><\/div><\/div><div id=\"pg-291-2\"  class=\"panel-grid panel-has-style\" ><div style=\"background-color: #f2f2f2; \" class=\"panel-row-style panel-row-style-for-291-2\" ><div id=\"pgc-291-2-0\"  class=\"panel-grid-cell\" ><div id=\"panel-291-2-0-0\" class=\"so-panel widget widget_sow-button panel-first-child panel-last-child\" data-index=\"2\" ><div\n\t\t\t\n\t\t\tclass=\"so-widget-sow-button so-widget-sow-button-atom-920c1294a807-291\"\n\t\t\t\n\t\t><div class=\"ow-button-base ow-button-align-justify\"\n style=\"display: block;\">\n\t\t\t<a\n\t\t\t\t\thref=\"http:\/\/filo.unt.edu.ar\/xvii-sael\/sabado-22-canal-1\/\"\n\t\t\t\t\tclass=\"sowb-button ow-icon-placement-left ow-button-hover\" \t>\n\t\t<span>\n\t\t\t\n\t\t\tCANAL 1\t\t<\/span>\n\t\t\t<\/a>\n\t<\/div>\n<\/div><\/div><\/div><\/div><\/div><div id=\"pg-291-3\"  class=\"panel-grid panel-has-style\" ><div style=\"background-color: #f2f2f2; \" class=\"panel-row-style panel-row-style-for-291-3\" ><div id=\"pgc-291-3-0\"  class=\"panel-grid-cell\" ><div id=\"panel-291-3-0-0\" class=\"so-panel widget widget_black-studio-tinymce widget_black_studio_tinymce panel-first-child panel-last-child\" data-index=\"3\" ><div class=\"textwidget\"><p style=\"text-align: center;\"><strong>PROGRAMACI\u00d3N D\u00cdA VIERNES 21 MA\u00d1ANA Y TARDE DISTRIBUIDA POR CANALES DE TRANSMISI\u00d3N<\/strong><\/p>\n<\/div><\/div><\/div><\/div><\/div><div id=\"pg-291-4\"  class=\"panel-grid panel-has-style\" ><div style=\"background-color: #f2f2f2; \" class=\"panel-row-style panel-row-style-for-291-4\" ><div id=\"pgc-291-4-0\"  class=\"panel-grid-cell\" ><div id=\"panel-291-4-0-0\" class=\"so-panel widget widget_sow-button panel-first-child panel-last-child\" data-index=\"4\" ><div\n\t\t\t\n\t\t\tclass=\"so-widget-sow-button so-widget-sow-button-atom-920c1294a807-291\"\n\t\t\t\n\t\t><div class=\"ow-button-base ow-button-align-justify\"\n style=\"display: block;\">\n\t\t\t<a\n\t\t\t\t\thref=\"http:\/\/filo.unt.edu.ar\/xvii-sael\/viernes-21-canal-1\/\"\n\t\t\t\t\tclass=\"sowb-button ow-icon-placement-left ow-button-hover\" \t>\n\t\t<span>\n\t\t\t\n\t\t\tCANAL 1\t\t<\/span>\n\t\t\t<\/a>\n\t<\/div>\n<\/div><\/div><\/div><div id=\"pgc-291-4-1\"  class=\"panel-grid-cell\" ><div id=\"panel-291-4-1-0\" class=\"so-panel widget widget_sow-button panel-first-child panel-last-child\" data-index=\"5\" ><div\n\t\t\t\n\t\t\tclass=\"so-widget-sow-button so-widget-sow-button-atom-920c1294a807-291\"\n\t\t\t\n\t\t><div class=\"ow-button-base ow-button-align-justify\"\n style=\"display: block;\">\n\t\t\t<a\n\t\t\t\t\thref=\"http:\/\/filo.unt.edu.ar\/xvii-sael\/viernes-21-canal-2\/\"\n\t\t\t\t\tclass=\"sowb-button ow-icon-placement-left ow-button-hover\" \t>\n\t\t<span>\n\t\t\t\n\t\t\tCANAL 2\t\t<\/span>\n\t\t\t<\/a>\n\t<\/div>\n<\/div><\/div><\/div><div id=\"pgc-291-4-2\"  class=\"panel-grid-cell\" ><div id=\"panel-291-4-2-0\" class=\"so-panel widget widget_sow-button panel-first-child panel-last-child\" data-index=\"6\" ><div\n\t\t\t\n\t\t\tclass=\"so-widget-sow-button so-widget-sow-button-atom-920c1294a807-291\"\n\t\t\t\n\t\t><div class=\"ow-button-base ow-button-align-justify\"\n style=\"display: block;\">\n\t\t\t<a\n\t\t\t\t\thref=\"http:\/\/filo.unt.edu.ar\/xvii-sael\/viernes-21-canal-3\/\"\n\t\t\t\t\tclass=\"sowb-button ow-icon-placement-left ow-button-hover\" \t>\n\t\t<span>\n\t\t\t\n\t\t\tCANAL 3\t\t<\/span>\n\t\t\t<\/a>\n\t<\/div>\n<\/div><\/div><\/div><div id=\"pgc-291-4-3\"  class=\"panel-grid-cell\" ><div id=\"panel-291-4-3-0\" class=\"so-panel widget widget_sow-button panel-first-child panel-last-child\" data-index=\"7\" ><div\n\t\t\t\n\t\t\tclass=\"so-widget-sow-button so-widget-sow-button-atom-920c1294a807-291\"\n\t\t\t\n\t\t><div class=\"ow-button-base ow-button-align-justify\"\n style=\"display: block;\">\n\t\t\t<a\n\t\t\t\t\thref=\"http:\/\/filo.unt.edu.ar\/xvii-sael\/viernes-21-canal-4\/\"\n\t\t\t\t\tclass=\"sowb-button ow-icon-placement-left ow-button-hover\" \t>\n\t\t<span>\n\t\t\t\n\t\t\tCANAL 4\t\t<\/span>\n\t\t\t<\/a>\n\t<\/div>\n<\/div><\/div><\/div><div id=\"pgc-291-4-4\"  class=\"panel-grid-cell\" ><div id=\"panel-291-4-4-0\" class=\"so-panel widget widget_sow-button panel-first-child panel-last-child\" data-index=\"8\" ><div\n\t\t\t\n\t\t\tclass=\"so-widget-sow-button so-widget-sow-button-atom-920c1294a807-291\"\n\t\t\t\n\t\t><div class=\"ow-button-base ow-button-align-justify\"\n style=\"display: block;\">\n\t\t\t<a\n\t\t\t\t\thref=\"http:\/\/filo.unt.edu.ar\/xvii-sael\/viernes-21-canal-5\/\"\n\t\t\t\t\tclass=\"sowb-button ow-icon-placement-left ow-button-hover\" \t>\n\t\t<span>\n\t\t\t\n\t\t\tCANAL 5\t\t<\/span>\n\t\t\t<\/a>\n\t<\/div>\n<\/div><\/div><\/div><\/div><\/div><div id=\"pg-291-5\"  class=\"panel-grid panel-has-style\" ><div style=\"background-color: #f2f2f2; \" class=\"panel-row-style panel-row-style-for-291-5\" ><div id=\"pgc-291-5-0\"  class=\"panel-grid-cell\" ><div id=\"panel-291-5-0-0\" class=\"so-panel widget widget_black-studio-tinymce widget_black_studio_tinymce panel-first-child panel-last-child\" data-index=\"9\" ><div class=\"textwidget\"><p style=\"text-align: center;\"><strong>PROGRAMACI\u00d3N D\u00cdA JUEVES 20 MA\u00d1ANA Y TARDE DISTRIBUIDA POR CANALES DE TRANSMISI\u00d3N<\/strong><\/p>\n<\/div><\/div><\/div><\/div><\/div><div id=\"pg-291-6\"  class=\"panel-grid panel-has-style\" ><div style=\"background-color: #f2f2f2; \" class=\"panel-row-style panel-row-style-for-291-6\" ><div id=\"pgc-291-6-0\"  class=\"panel-grid-cell\" ><div id=\"panel-291-6-0-0\" class=\"so-panel widget widget_sow-button panel-first-child panel-last-child\" data-index=\"10\" ><div\n\t\t\t\n\t\t\tclass=\"so-widget-sow-button so-widget-sow-button-atom-920c1294a807-291\"\n\t\t\t\n\t\t><div class=\"ow-button-base ow-button-align-justify\"\n style=\"display: block;\">\n\t\t\t<a\n\t\t\t\t\thref=\"http:\/\/filo.unt.edu.ar\/xvii-sael\/jueves-20-canal-1\/\"\n\t\t\t\t\tclass=\"sowb-button ow-icon-placement-left ow-button-hover\" \t>\n\t\t<span>\n\t\t\t\n\t\t\tCANAL 1\t\t<\/span>\n\t\t\t<\/a>\n\t<\/div>\n<\/div><\/div><\/div><div id=\"pgc-291-6-1\"  class=\"panel-grid-cell\" ><div id=\"panel-291-6-1-0\" class=\"so-panel widget widget_sow-button panel-first-child panel-last-child\" data-index=\"11\" ><div\n\t\t\t\n\t\t\tclass=\"so-widget-sow-button so-widget-sow-button-atom-920c1294a807-291\"\n\t\t\t\n\t\t><div class=\"ow-button-base ow-button-align-justify\"\n style=\"display: block;\">\n\t\t\t<a\n\t\t\t\t\thref=\"http:\/\/filo.unt.edu.ar\/xvii-sael\/jueves-20-canal-2\/\"\n\t\t\t\t\tclass=\"sowb-button ow-icon-placement-left ow-button-hover\" \t>\n\t\t<span>\n\t\t\t\n\t\t\tCANAL 2\t\t<\/span>\n\t\t\t<\/a>\n\t<\/div>\n<\/div><\/div><\/div><div id=\"pgc-291-6-2\"  class=\"panel-grid-cell\" ><div id=\"panel-291-6-2-0\" class=\"so-panel widget widget_sow-button panel-first-child panel-last-child\" data-index=\"12\" ><div\n\t\t\t\n\t\t\tclass=\"so-widget-sow-button so-widget-sow-button-atom-920c1294a807-291\"\n\t\t\t\n\t\t><div class=\"ow-button-base ow-button-align-justify\"\n style=\"display: block;\">\n\t\t\t<a\n\t\t\t\t\thref=\"http:\/\/filo.unt.edu.ar\/xvii-sael\/jueves-20-canal-3\/\"\n\t\t\t\t\tclass=\"sowb-button ow-icon-placement-left ow-button-hover\" \t>\n\t\t<span>\n\t\t\t\n\t\t\tCANAL 3\t\t<\/span>\n\t\t\t<\/a>\n\t<\/div>\n<\/div><\/div><\/div><div id=\"pgc-291-6-3\"  class=\"panel-grid-cell\" ><div id=\"panel-291-6-3-0\" class=\"so-panel widget widget_sow-button panel-first-child panel-last-child\" data-index=\"13\" ><div\n\t\t\t\n\t\t\tclass=\"so-widget-sow-button so-widget-sow-button-atom-920c1294a807-291\"\n\t\t\t\n\t\t><div class=\"ow-button-base ow-button-align-justify\"\n style=\"display: block;\">\n\t\t\t<a\n\t\t\t\t\thref=\"http:\/\/filo.unt.edu.ar\/xvii-sael\/jueves-20-canal-4\/\"\n\t\t\t\t\tclass=\"sowb-button ow-icon-placement-left ow-button-hover\" \t>\n\t\t<span>\n\t\t\t\n\t\t\tCANAL 4\t\t<\/span>\n\t\t\t<\/a>\n\t<\/div>\n<\/div><\/div><\/div><div id=\"pgc-291-6-4\"  class=\"panel-grid-cell\" ><div id=\"panel-291-6-4-0\" class=\"so-panel widget widget_sow-button panel-first-child panel-last-child\" data-index=\"14\" ><div\n\t\t\t\n\t\t\tclass=\"so-widget-sow-button so-widget-sow-button-atom-920c1294a807-291\"\n\t\t\t\n\t\t><div class=\"ow-button-base ow-button-align-justify\"\n style=\"display: block;\">\n\t\t\t<a\n\t\t\t\t\thref=\"http:\/\/filo.unt.edu.ar\/xvii-sael\/jueves-20-canal-5\/\"\n\t\t\t\t\tclass=\"sowb-button ow-icon-placement-left ow-button-hover\" \t>\n\t\t<span>\n\t\t\t\n\t\t\tCANAL 5\t\t<\/span>\n\t\t\t<\/a>\n\t<\/div>\n<\/div><\/div><\/div><\/div><\/div><div id=\"pg-291-7\"  class=\"panel-grid panel-has-style\" ><div style=\"background-color: #f2f2f2; \" class=\"panel-row-style panel-row-style-for-291-7\" ><div id=\"pgc-291-7-0\"  class=\"panel-grid-cell\" ><div id=\"panel-291-7-0-0\" class=\"so-panel widget widget_black-studio-tinymce widget_black_studio_tinymce panel-first-child panel-last-child\" data-index=\"15\" ><div class=\"textwidget\"><p style=\"text-align: center;\"><strong>PROGRAMACI\u00d3N D\u00cdA MI\u00c9RCOLES 19 MA\u00d1ANA Y TARDE DISTRIBUIDA POR CANALES DE TRANSMISI\u00d3N<\/strong><\/p>\n<\/div><\/div><\/div><\/div><\/div><div id=\"pg-291-8\"  class=\"panel-grid panel-has-style\" ><div style=\"background-color: #f2f2f2; \" class=\"panel-row-style panel-row-style-for-291-8\" ><div id=\"pgc-291-8-0\"  class=\"panel-grid-cell\" ><div id=\"panel-291-8-0-0\" class=\"so-panel widget widget_sow-button panel-first-child panel-last-child\" data-index=\"16\" ><div\n\t\t\t\n\t\t\tclass=\"so-widget-sow-button so-widget-sow-button-atom-920c1294a807-291\"\n\t\t\t\n\t\t><div class=\"ow-button-base ow-button-align-justify\"\n style=\"display: block;\">\n\t\t\t<a\n\t\t\t\t\thref=\"http:\/\/filo.unt.edu.ar\/xvii-sael\/miercoles-19-canal-1\/\"\n\t\t\t\t\tclass=\"sowb-button ow-icon-placement-left ow-button-hover\" \t>\n\t\t<span>\n\t\t\t\n\t\t\tCANAL 1\t\t<\/span>\n\t\t\t<\/a>\n\t<\/div>\n<\/div><\/div><\/div><div id=\"pgc-291-8-1\"  class=\"panel-grid-cell\" ><div id=\"panel-291-8-1-0\" class=\"so-panel widget widget_sow-button panel-first-child panel-last-child\" data-index=\"17\" ><div\n\t\t\t\n\t\t\tclass=\"so-widget-sow-button so-widget-sow-button-atom-920c1294a807-291\"\n\t\t\t\n\t\t><div class=\"ow-button-base ow-button-align-justify\"\n style=\"display: block;\">\n\t\t\t<a\n\t\t\t\t\thref=\"http:\/\/filo.unt.edu.ar\/xvii-sael\/miercoles-19-canal-2\/\"\n\t\t\t\t\tclass=\"sowb-button ow-icon-placement-left ow-button-hover\" \t>\n\t\t<span>\n\t\t\t\n\t\t\tCANAL 2\t\t<\/span>\n\t\t\t<\/a>\n\t<\/div>\n<\/div><\/div><\/div><div id=\"pgc-291-8-2\"  class=\"panel-grid-cell\" ><div id=\"panel-291-8-2-0\" class=\"so-panel widget widget_sow-button panel-first-child panel-last-child\" data-index=\"18\" ><div\n\t\t\t\n\t\t\tclass=\"so-widget-sow-button so-widget-sow-button-atom-920c1294a807-291\"\n\t\t\t\n\t\t><div class=\"ow-button-base ow-button-align-justify\"\n style=\"display: block;\">\n\t\t\t<a\n\t\t\t\t\thref=\"http:\/\/filo.unt.edu.ar\/xvii-sael\/miercoles-19-canal-3\/\"\n\t\t\t\t\tclass=\"sowb-button ow-icon-placement-left ow-button-hover\" \t>\n\t\t<span>\n\t\t\t\n\t\t\tCANAL 3\t\t<\/span>\n\t\t\t<\/a>\n\t<\/div>\n<\/div><\/div><\/div><div id=\"pgc-291-8-3\"  class=\"panel-grid-cell\" ><div id=\"panel-291-8-3-0\" class=\"so-panel widget widget_sow-button panel-first-child panel-last-child\" data-index=\"19\" ><div\n\t\t\t\n\t\t\tclass=\"so-widget-sow-button so-widget-sow-button-atom-920c1294a807-291\"\n\t\t\t\n\t\t><div class=\"ow-button-base ow-button-align-justify\"\n style=\"display: block;\">\n\t\t\t<a\n\t\t\t\t\thref=\"http:\/\/filo.unt.edu.ar\/xvii-sael\/miercoles-19-canal-4\/\"\n\t\t\t\t\tclass=\"sowb-button ow-icon-placement-left ow-button-hover\" \t>\n\t\t<span>\n\t\t\t\n\t\t\tCANAL 4\t\t<\/span>\n\t\t\t<\/a>\n\t<\/div>\n<\/div><\/div><\/div><div id=\"pgc-291-8-4\"  class=\"panel-grid-cell\" ><div id=\"panel-291-8-4-0\" class=\"so-panel widget widget_sow-button panel-first-child panel-last-child\" data-index=\"20\" ><div\n\t\t\t\n\t\t\tclass=\"so-widget-sow-button so-widget-sow-button-atom-920c1294a807-291\"\n\t\t\t\n\t\t><div class=\"ow-button-base ow-button-align-justify\"\n style=\"display: block;\">\n\t\t\t<a\n\t\t\t\t\thref=\"http:\/\/filo.unt.edu.ar\/xvii-sael\/miercoles-19-canal-5\/\"\n\t\t\t\t\tclass=\"sowb-button ow-icon-placement-left ow-button-hover\" \t>\n\t\t<span>\n\t\t\t\n\t\t\tCANAL 5\t\t<\/span>\n\t\t\t<\/a>\n\t<\/div>\n<\/div><\/div><\/div><\/div><\/div><div id=\"pg-291-9\"  class=\"panel-grid panel-has-style\" ><div style=\"background-color: #f2f2f2; \" class=\"panel-row-style panel-row-style-for-291-9\" ><div id=\"pgc-291-9-0\"  class=\"panel-grid-cell\" ><div id=\"panel-291-9-0-0\" class=\"so-panel widget widget_black-studio-tinymce widget_black_studio_tinymce panel-first-child panel-last-child\" data-index=\"21\" ><div class=\"textwidget\"><p style=\"text-align: center;\"><strong>PROGRAMACI\u00d3N D\u00cdA MARTES 18 MA\u00d1ANA Y TARDE DISTRIBUIDA POR CANALES DE TRANSMISI\u00d3N<\/strong><\/p>\n<\/div><\/div><\/div><\/div><\/div><div id=\"pg-291-10\"  class=\"panel-grid panel-has-style\" ><div style=\"background-color: #f2f2f2; \" class=\"panel-row-style panel-row-style-for-291-10\" ><div id=\"pgc-291-10-0\"  class=\"panel-grid-cell\" ><div id=\"panel-291-10-0-0\" class=\"so-panel widget widget_sow-button panel-first-child panel-last-child\" data-index=\"22\" ><div\n\t\t\t\n\t\t\tclass=\"so-widget-sow-button so-widget-sow-button-atom-920c1294a807-291\"\n\t\t\t\n\t\t><div class=\"ow-button-base ow-button-align-justify\"\n style=\"display: block;\">\n\t\t\t<a\n\t\t\t\t\thref=\"http:\/\/filo.unt.edu.ar\/xvii-sael\/martes-18-canal-1\/\"\n\t\t\t\t\tclass=\"sowb-button ow-icon-placement-left ow-button-hover\" \t>\n\t\t<span>\n\t\t\t\n\t\t\tCANAL 1\t\t<\/span>\n\t\t\t<\/a>\n\t<\/div>\n<\/div><\/div><\/div><div id=\"pgc-291-10-1\"  class=\"panel-grid-cell\" ><div id=\"panel-291-10-1-0\" class=\"so-panel widget widget_sow-button panel-first-child panel-last-child\" data-index=\"23\" ><div\n\t\t\t\n\t\t\tclass=\"so-widget-sow-button so-widget-sow-button-atom-920c1294a807-291\"\n\t\t\t\n\t\t><div class=\"ow-button-base ow-button-align-justify\"\n style=\"display: block;\">\n\t\t\t<a\n\t\t\t\t\thref=\"http:\/\/filo.unt.edu.ar\/xvii-sael\/martes-18-canal-2\/\"\n\t\t\t\t\tclass=\"sowb-button ow-icon-placement-left ow-button-hover\" \t>\n\t\t<span>\n\t\t\t\n\t\t\tCANAL 2\t\t<\/span>\n\t\t\t<\/a>\n\t<\/div>\n<\/div><\/div><\/div><div id=\"pgc-291-10-2\"  class=\"panel-grid-cell\" ><div id=\"panel-291-10-2-0\" class=\"so-panel widget widget_sow-button panel-first-child panel-last-child\" data-index=\"24\" ><div\n\t\t\t\n\t\t\tclass=\"so-widget-sow-button so-widget-sow-button-atom-920c1294a807-291\"\n\t\t\t\n\t\t><div class=\"ow-button-base ow-button-align-justify\"\n style=\"display: block;\">\n\t\t\t<a\n\t\t\t\t\thref=\"http:\/\/filo.unt.edu.ar\/xvii-sael\/martes-18-canal-3\/\"\n\t\t\t\t\tclass=\"sowb-button ow-icon-placement-left ow-button-hover\" \t>\n\t\t<span>\n\t\t\t\n\t\t\tCANAL 3\t\t<\/span>\n\t\t\t<\/a>\n\t<\/div>\n<\/div><\/div><\/div><div id=\"pgc-291-10-3\"  class=\"panel-grid-cell\" ><div id=\"panel-291-10-3-0\" class=\"so-panel widget widget_sow-button panel-first-child panel-last-child\" data-index=\"25\" ><div\n\t\t\t\n\t\t\tclass=\"so-widget-sow-button so-widget-sow-button-atom-920c1294a807-291\"\n\t\t\t\n\t\t><div class=\"ow-button-base ow-button-align-justify\"\n style=\"display: block;\">\n\t\t\t<a\n\t\t\t\t\thref=\"http:\/\/filo.unt.edu.ar\/xvii-sael\/martes-18-canal-4\/\"\n\t\t\t\t\tclass=\"sowb-button ow-icon-placement-left ow-button-hover\" \t>\n\t\t<span>\n\t\t\t\n\t\t\tCANAL 4\t\t<\/span>\n\t\t\t<\/a>\n\t<\/div>\n<\/div><\/div><\/div><div id=\"pgc-291-10-4\"  class=\"panel-grid-cell\" ><div id=\"panel-291-10-4-0\" class=\"so-panel widget widget_sow-button panel-first-child panel-last-child\" data-index=\"26\" ><div\n\t\t\t\n\t\t\tclass=\"so-widget-sow-button so-widget-sow-button-atom-920c1294a807-291\"\n\t\t\t\n\t\t><div class=\"ow-button-base ow-button-align-justify\"\n style=\"display: block;\">\n\t\t\t<a\n\t\t\t\t\thref=\"http:\/\/filo.unt.edu.ar\/xvii-sael\/martes-18-canal-5\/\"\n\t\t\t\t\tclass=\"sowb-button ow-icon-placement-left ow-button-hover\" \t>\n\t\t<span>\n\t\t\t\n\t\t\tCANAL 5\t\t<\/span>\n\t\t\t<\/a>\n\t<\/div>\n<\/div><\/div><\/div><\/div><\/div><div id=\"pg-291-11\"  class=\"panel-grid panel-has-style\" ><div style=\"background-color: #f2f2f2; \" class=\"panel-row-style panel-row-style-for-291-11\" ><div id=\"pgc-291-11-0\"  class=\"panel-grid-cell\" ><div id=\"panel-291-11-0-0\" class=\"so-panel widget widget_black-studio-tinymce widget_black_studio_tinymce panel-first-child panel-last-child\" data-index=\"27\" ><div class=\"textwidget\"><p style=\"text-align: center;\"><strong>PROGRAMACI\u00d3N D\u00cdA LUNES 17 MA\u00d1ANA Y TARDE DISTRIBUIDA POR CANALES DE TRANSMISI\u00d3N<\/strong><\/p>\n<\/div><\/div><\/div><\/div><\/div><div id=\"pg-291-12\"  class=\"panel-grid panel-has-style\" ><div style=\"background-color: #f2f2f2; \" class=\"panel-row-style panel-row-style-for-291-12\" ><div id=\"pgc-291-12-0\"  class=\"panel-grid-cell\" ><div id=\"panel-291-12-0-0\" class=\"so-panel widget widget_sow-button panel-first-child panel-last-child\" data-index=\"28\" ><div\n\t\t\t\n\t\t\tclass=\"so-widget-sow-button so-widget-sow-button-atom-920c1294a807-291\"\n\t\t\t\n\t\t><div class=\"ow-button-base ow-button-align-justify\"\n style=\"display: block;\">\n\t\t\t<a\n\t\t\t\t\thref=\"http:\/\/filo.unt.edu.ar\/xvii-sael\/lunes-17-canal-1\/\"\n\t\t\t\t\tclass=\"sowb-button ow-icon-placement-left ow-button-hover\" \t>\n\t\t<span>\n\t\t\t\n\t\t\tCANAL 1\t\t<\/span>\n\t\t\t<\/a>\n\t<\/div>\n<\/div><\/div><\/div><div id=\"pgc-291-12-1\"  class=\"panel-grid-cell\" ><div id=\"panel-291-12-1-0\" class=\"so-panel widget widget_sow-button panel-first-child panel-last-child\" data-index=\"29\" ><div\n\t\t\t\n\t\t\tclass=\"so-widget-sow-button so-widget-sow-button-atom-920c1294a807-291\"\n\t\t\t\n\t\t><div class=\"ow-button-base ow-button-align-justify\"\n style=\"display: block;\">\n\t\t\t<a\n\t\t\t\t\thref=\"http:\/\/filo.unt.edu.ar\/xvii-sael\/lunes-17-tarde-canal-2\/\"\n\t\t\t\t\tclass=\"sowb-button ow-icon-placement-left ow-button-hover\" \t>\n\t\t<span>\n\t\t\t\n\t\t\tCANAL 2\t\t<\/span>\n\t\t\t<\/a>\n\t<\/div>\n<\/div><\/div><\/div><div id=\"pgc-291-12-2\"  class=\"panel-grid-cell\" ><div id=\"panel-291-12-2-0\" class=\"so-panel widget widget_sow-button panel-first-child panel-last-child\" data-index=\"30\" ><div\n\t\t\t\n\t\t\tclass=\"so-widget-sow-button so-widget-sow-button-atom-920c1294a807-291\"\n\t\t\t\n\t\t><div class=\"ow-button-base ow-button-align-justify\"\n style=\"display: block;\">\n\t\t\t<a\n\t\t\t\t\thref=\"http:\/\/filo.unt.edu.ar\/xvii-sael\/lunes-17-tarde-canal-3\/\"\n\t\t\t\t\tclass=\"sowb-button ow-icon-placement-left ow-button-hover\" \t>\n\t\t<span>\n\t\t\t\n\t\t\tCANAL 3\t\t<\/span>\n\t\t\t<\/a>\n\t<\/div>\n<\/div><\/div><\/div><div id=\"pgc-291-12-3\"  class=\"panel-grid-cell\" ><div id=\"panel-291-12-3-0\" class=\"so-panel widget widget_sow-button panel-first-child panel-last-child\" data-index=\"31\" ><div\n\t\t\t\n\t\t\tclass=\"so-widget-sow-button so-widget-sow-button-atom-920c1294a807-291\"\n\t\t\t\n\t\t><div class=\"ow-button-base ow-button-align-justify\"\n style=\"display: block;\">\n\t\t\t<a\n\t\t\t\t\thref=\"http:\/\/filo.unt.edu.ar\/xvii-sael\/lunes-17-tarde-canal-4\/\"\n\t\t\t\t\tclass=\"sowb-button ow-icon-placement-left ow-button-hover\" \t>\n\t\t<span>\n\t\t\t\n\t\t\tCANAL 4\t\t<\/span>\n\t\t\t<\/a>\n\t<\/div>\n<\/div><\/div><\/div><div id=\"pgc-291-12-4\"  class=\"panel-grid-cell\" ><div id=\"panel-291-12-4-0\" class=\"so-panel widget widget_sow-button panel-first-child panel-last-child\" data-index=\"32\" ><div\n\t\t\t\n\t\t\tclass=\"so-widget-sow-button so-widget-sow-button-atom-920c1294a807-291\"\n\t\t\t\n\t\t><div class=\"ow-button-base ow-button-align-justify\"\n style=\"display: block;\">\n\t\t\t<a\n\t\t\t\t\thref=\"http:\/\/filo.unt.edu.ar\/xvii-sael\/lunes-17-tarde-canal-5\/\"\n\t\t\t\t\tclass=\"sowb-button ow-icon-placement-left ow-button-hover\" \t>\n\t\t<span>\n\t\t\t\n\t\t\tCANAL 5\t\t<\/span>\n\t\t\t<\/a>\n\t<\/div>\n<\/div><\/div><\/div><\/div><\/div><div id=\"pg-291-13\"  class=\"panel-grid panel-has-style\" ><div style=\"background-color: #f2f2f2; \" class=\"panel-row-style panel-row-style-for-291-13\" ><div id=\"pgc-291-13-0\"  class=\"panel-grid-cell\" ><div id=\"panel-291-13-0-0\" class=\"so-panel widget widget_black-studio-tinymce widget_black_studio_tinymce panel-first-child panel-last-child\" data-index=\"33\" ><div class=\"textwidget\"><p>Se informa que del 17 al 22 de mayo, en virtud de la realizaci\u00f3n del XVII Congreso SAEL - I Congreso Internacional SAEL en l\u00ednea<strong> se suspenden todas las actividades y clases para las Carreras de Profesorado y Licenciatura en Letras<\/strong>, a fines de la participaci\u00f3n en el mismo de docentes y estudiantes. <a href=\"http:\/\/filo.unt.edu.ar\/xvii-sael\/wp-content\/uploads\/sites\/97\/2021\/05\/WhatsApp-Image-2021-05-14-at-12.43.48.pdf\" target=\"_blank\" rel=\"noopener noreferrer\">CONSULTE LA RESOLUCI\u00d3N\u00a0<\/a>&gt;<\/p>\n<\/div><\/div><\/div><\/div><\/div><div id=\"pg-291-14\"  class=\"panel-grid panel-no-style\" ><div id=\"pgc-291-14-0\"  class=\"panel-grid-cell\" ><div id=\"panel-291-14-0-0\" class=\"so-panel widget widget_black-studio-tinymce widget_black_studio_tinymce panel-first-child panel-last-child\" data-index=\"34\" ><div class=\"textwidget\"><p>En el desarrollo del Congreso se alternar\u00e1n las siguientes modalidades de presentaci\u00f3n:<\/p>\n<p>Conferencias plenarias a cargo de invitados especiales.<br \/>\nPonencias en comisiones generales. Se organizar\u00e1n en torno a los ejes articuladores que se consignan en la convocatoria. La participaci\u00f3n como ponente requerir\u00e1 la previa aprobaci\u00f3n de un resumen de la comunicaci\u00f3n.<br \/>\nSimposios abiertos de investigadores sobre tem\u00e1ticas particulares. Ser\u00e1n presentados con una fundamentaci\u00f3n por especialistas que se propongan para su coordinaci\u00f3n. Tendr\u00e1n car\u00e1cter abierto. Todos los colegas de la Sociedad que lo consideren pertinente podr\u00e1n inscribir sus propuestas en ellos para su evaluaci\u00f3n. Sesionar\u00e1n con un m\u00ednimo de cuatro contribuciones y un m\u00e1ximo de ocho.<br \/>\nPaneles invitados sobre t\u00f3picos espec\u00edficos. Se integrar\u00e1n con no menos de tres ni m\u00e1s de cinco especialistas propuestos por la Comisi\u00f3n Organizadora local. Los panelistas convocados deber\u00e1n presentar un resumen de su exposici\u00f3n para socializarlo con el resto de los integrantes de la mesa.<\/p>\n<p>EJES ARTICULADORES DE LA EDICI\u00d3N ONLINE DEL CONGRESO<\/p>\n<p>1. Adquisici\u00f3n y ense\u00f1anza de lenguas maternas y extranjeras.<\/p>\n<p>2. An\u00e1lisis del discurso\/Ling\u00fc\u00edstica sist\u00e9mico \u2013 funcional\/ Ling\u00fc\u00edstica textual.<\/p>\n<p>3. Aportes de la ling\u00fc\u00edstica a los estudios semi\u00f3ticos, de los medios de comunicaci\u00f3n y de la comunicaci\u00f3n digital.<\/p>\n<p>4. Aportes de la ling\u00fc\u00edstica a los estudios literarios.<\/p>\n<p>5. Aportes de la ling\u00fc\u00edstica a los estudios ret\u00f3ricos y de la argumentaci\u00f3n.<\/p>\n<p>6. Aportes de la ling\u00fc\u00edstica a los estudios sobre juventudes.<\/p>\n<p>7. Espa\u00f1ol como lengua segunda y extranjera (ELSE): adquisici\u00f3n, ense\u00f1anza, evaluaci\u00f3n y certificaci\u00f3n.<\/p>\n<p>8. Desaf\u00edos de la gram\u00e1tica del espa\u00f1ol en el siglo XXI: Fon\u00e9tica\/Fonolog\u00eda\/Morfolog\u00eda\/Sintaxis.<\/p>\n<p>9. Historiograf\u00eda ling\u00fc\u00edstica\/Ling\u00fc\u00edstica diacr\u00f3nica\/Pragmaling\u00fc\u00edstica hist\u00f3rica\/An\u00e1lisis hist\u00f3rico del discurso.<\/p>\n<p>10. Lexicolog\u00eda\/Terminolog\u00eda\/Traductolog\u00eda.<\/p>\n<p>11. Ling\u00fc\u00edstica cognitiva\/Psicoling\u00fc\u00edstica\/Neuroling\u00fc\u00edstica.<\/p>\n<p>12. Ling\u00fc\u00edstica computacional\/Ling\u00fc\u00edstica de corpus.<\/p>\n<p>13. Ling\u00fc\u00edstica del contacto\/Pol\u00edticas y planificaci\u00f3n ling\u00fc\u00edsticas\/Glotopol\u00edtica.<\/p>\n<p>14. Ling\u00fc\u00edstica y educaci\u00f3n\/Lectura, escritura y oralidad en diferentes niveles educativos.<\/p>\n<p>15. Sem\u00e1ntica\/Pragm\u00e1tica\/ Socioling\u00fc\u00edstica\/An\u00e1lisis conversacional.<\/p>\n<\/div><\/div><\/div><\/div><\/div>","protected":false},"excerpt":{"rendered":"<p>Descargue el Programa de SAEL 2021 Consulte el Libro de Res\u00famenes PROGRAMACI\u00d3N D\u00cdA S\u00c1BADO 22 MA\u00d1ANA CANAL 1<\/p>\n","protected":false},"author":1,"featured_media":0,"parent":0,"menu_order":0,"comment_status":"closed","ping_status":"closed","template":"","meta":{"footnotes":""},"class_list":["post-291","page","type-page","status-publish","hentry","post"],"_links":{"self":[{"href":"https:\/\/filo.unt.edu.ar\/xvii-sael\/wp-json\/wp\/v2\/pages\/291","targetHints":{"allow":["GET"]}}],"collection":[{"href":"https:\/\/filo.unt.edu.ar\/xvii-sael\/wp-json\/wp\/v2\/pages"}],"about":[{"href":"https:\/\/filo.unt.edu.ar\/xvii-sael\/wp-json\/wp\/v2\/types\/page"}],"author":[{"embeddable":true,"href":"https:\/\/filo.unt.edu.ar\/xvii-sael\/wp-json\/wp\/v2\/users\/1"}],"replies":[{"embeddable":true,"href":"https:\/\/filo.unt.edu.ar\/xvii-sael\/wp-json\/wp\/v2\/comments?post=291"}],"version-history":[{"count":47,"href":"https:\/\/filo.unt.edu.ar\/xvii-sael\/wp-json\/wp\/v2\/pages\/291\/revisions"}],"predecessor-version":[{"id":741,"href":"https:\/\/filo.unt.edu.ar\/xvii-sael\/wp-json\/wp\/v2\/pages\/291\/revisions\/741"}],"wp:attachment":[{"href":"https:\/\/filo.unt.edu.ar\/xvii-sael\/wp-json\/wp\/v2\/media?parent=291"}],"curies":[{"name":"wp","href":"https:\/\/api.w.org\/{rel}","templated":true}]}}