{"id":37,"date":"2021-02-09T08:30:46","date_gmt":"2021-02-09T11:30:46","guid":{"rendered":"http:\/\/filo.unt.edu.ar\/xi-coloquio-celu\/?page_id=37"},"modified":"2021-11-04T13:17:09","modified_gmt":"2021-11-04T16:17:09","slug":"comision-organizadora","status":"publish","type":"page","link":"https:\/\/filo.unt.edu.ar\/xi-coloquio-celu\/comision-organizadora\/","title":{"rendered":"Comisi\u00f3n Organizadora"},"content":{"rendered":"<div id=\"pl-37\"  class=\"panel-layout\" ><div id=\"pg-37-0\"  class=\"panel-grid panel-no-style\" ><div id=\"pgc-37-0-0\"  class=\"panel-grid-cell\" ><div id=\"panel-37-0-0-0\" class=\"so-panel widget widget_black-studio-tinymce widget_black_studio_tinymce panel-first-child panel-last-child\" data-index=\"0\" ><div class=\"textwidget\"><p><strong>COMISI\u00d3N ORGANIZADORA LOCAL:<\/strong><\/p>\n<p>Ana Mar\u00eda \u00c1vila de Jalil (Coordinadora)<\/p>\n<p>Elena Victoria Acevedo de Bomba<\/p>\n<p>Mar\u00eda del Carmen Pil\u00e1n<\/p>\n<p>Silvina Douglas<\/p>\n<p>Carlos E. Castilla<\/p>\n<p>Sandra Faedda<\/p>\n<p>Julia Stella<\/p>\n<\/div><\/div><\/div><\/div><\/div>","protected":false},"excerpt":{"rendered":"<p>COMISI\u00d3N ORGANIZADORA LOCAL: Ana Mar\u00eda \u00c1vila de Jalil (Coordinadora) Elena Victoria Acevedo de Bomba Mar\u00eda del Carmen Pil\u00e1n Silvina Douglas Carlos E. Castilla Sandra Faedda Julia Stella<\/p>\n","protected":false},"author":1,"featured_media":0,"parent":0,"menu_order":0,"comment_status":"closed","ping_status":"closed","template":"","meta":{"footnotes":""},"class_list":["post-37","page","type-page","status-publish","hentry","post"],"_links":{"self":[{"href":"https:\/\/filo.unt.edu.ar\/xi-coloquio-celu\/wp-json\/wp\/v2\/pages\/37","targetHints":{"allow":["GET"]}}],"collection":[{"href":"https:\/\/filo.unt.edu.ar\/xi-coloquio-celu\/wp-json\/wp\/v2\/pages"}],"about":[{"href":"https:\/\/filo.unt.edu.ar\/xi-coloquio-celu\/wp-json\/wp\/v2\/types\/page"}],"author":[{"embeddable":true,"href":"https:\/\/filo.unt.edu.ar\/xi-coloquio-celu\/wp-json\/wp\/v2\/users\/1"}],"replies":[{"embeddable":true,"href":"https:\/\/filo.unt.edu.ar\/xi-coloquio-celu\/wp-json\/wp\/v2\/comments?post=37"}],"version-history":[{"count":3,"href":"https:\/\/filo.unt.edu.ar\/xi-coloquio-celu\/wp-json\/wp\/v2\/pages\/37\/revisions"}],"predecessor-version":[{"id":81,"href":"https:\/\/filo.unt.edu.ar\/xi-coloquio-celu\/wp-json\/wp\/v2\/pages\/37\/revisions\/81"}],"wp:attachment":[{"href":"https:\/\/filo.unt.edu.ar\/xi-coloquio-celu\/wp-json\/wp\/v2\/media?parent=37"}],"curies":[{"name":"wp","href":"https:\/\/api.w.org\/{rel}","templated":true}]}}

Comisión Organizadora

<div id="pl-37"  class="panel-layout" ><div id="pg-37-0"  class="panel-grid panel-no-style" ><div id="pgc-37-0-0"  class="panel-grid-cell" ><div id="panel-37-0-0-0" class="so-panel widget widget_black-studio-tinymce widget_black_studio_tinymce panel-first-child panel-last-child" data-index="0" ><div class="textwidget"><p><strong>COMISIÓN ORGANIZADORA LOCAL:</strong></p>
<p>Ana María Ávila de Jalil (Coordinadora)</p>
<p>Elena Victoria Acevedo de Bomba</p>
<p>María del Carmen Pilán</p>
<p>Silvina Douglas</p>
<p>Carlos E. Castilla</p>
<p>Sandra Faedda</p>
<p>Julia Stella</p>
</div></div></div></div></div>

<p>COMISIÓN ORGANIZADORA LOCAL: Ana María Ávila de Jalil (Coordinadora) Elena Victoria Acevedo de Bomba María del Carmen Pilán Silvina Douglas Carlos E. Castilla Sandra Faedda Julia Stella</p>
