{"id":14,"date":"2021-02-09T08:19:03","date_gmt":"2021-02-09T11:19:03","guid":{"rendered":"http:\/\/filo.unt.edu.ar\/xi-coloquio-celu\/?page_id=14"},"modified":"2022-02-14T11:07:13","modified_gmt":"2022-02-14T14:07:13","slug":"fechas-importantes","status":"publish","type":"page","link":"https:\/\/filo.unt.edu.ar\/xi-coloquio-celu\/fechas-importantes\/","title":{"rendered":"Fechas importantes"},"content":{"rendered":"<div id=\"pl-14\"  class=\"panel-layout\" ><div id=\"pg-14-0\"  class=\"panel-grid panel-no-style\" ><div id=\"pgc-14-0-0\"  class=\"panel-grid-cell\" ><div id=\"panel-14-0-0-0\" class=\"so-panel widget widget_black-studio-tinymce widget_black_studio_tinymce panel-first-child\" data-index=\"0\" ><div class=\"textwidget\"><h3 style=\"text-align: center;\"><b>Pr\u00f3rroga para la presentaci\u00f3n de trabajos completos<\/b><b><\/b><\/h3>\n<h3 style=\"text-align: center;\"><span style=\"color: #ff0000;\"><b>Env\u00edo hasta el 20\/02\/2022\u00a0<\/b><\/span><\/h3>\n<p><a href=\"http:\/\/filo.unt.edu.ar\/xi-coloquio-celu\/wp-content\/uploads\/sites\/99\/2022\/02\/Prorroga-trabajo-completo.jpg\"><img loading=\"lazy\" decoding=\"async\" class=\"alignnone size-medium wp-image-91 aligncenter\" src=\"http:\/\/filo.unt.edu.ar\/xi-coloquio-celu\/wp-content\/uploads\/sites\/99\/2022\/02\/Prorroga-trabajo-completo-300x169.jpg\" alt=\"\" width=\"300\" height=\"169\" srcset=\"https:\/\/filo.unt.edu.ar\/xi-coloquio-celu\/wp-content\/uploads\/sites\/99\/2022\/02\/Prorroga-trabajo-completo-300x169.jpg 300w, https:\/\/filo.unt.edu.ar\/xi-coloquio-celu\/wp-content\/uploads\/sites\/99\/2022\/02\/Prorroga-trabajo-completo-1024x576.jpg 1024w, https:\/\/filo.unt.edu.ar\/xi-coloquio-celu\/wp-content\/uploads\/sites\/99\/2022\/02\/Prorroga-trabajo-completo-768x432.jpg 768w, https:\/\/filo.unt.edu.ar\/xi-coloquio-celu\/wp-content\/uploads\/sites\/99\/2022\/02\/Prorroga-trabajo-completo.jpg 1280w\" sizes=\"auto, (max-width: 300px) 100vw, 300px\" \/><\/a><\/p>\n<p><span style=\"color: #ff0000;\"><b>\u00a0<\/b><\/span><br \/>\n<b><\/b><\/p>\n<\/div><\/div><div id=\"panel-14-0-0-1\" class=\"so-panel widget widget_black-studio-tinymce widget_black_studio_tinymce\" data-index=\"1\" ><div class=\"textwidget\"><p><b>Pr\u00f3rroga de presentaci\u00f3n de res\u00famenes<\/b><b><\/b><\/p>\n<p><span style=\"color: #ff0000;\"><b>Nueva fecha: 20 de diciembre de 2021\u00a0<\/b><\/span><br \/>\n<b><\/b><\/p>\n<p><a href=\"http:\/\/filo.unt.edu.ar\/xi-coloquio-celu\/wp-content\/uploads\/sites\/99\/2021\/12\/Prorroga-resumenes-CELU.jpg\"><img loading=\"lazy\" decoding=\"async\" class=\"alignnone size-medium wp-image-85\" src=\"http:\/\/filo.unt.edu.ar\/xi-coloquio-celu\/wp-content\/uploads\/sites\/99\/2021\/12\/Prorroga-resumenes-CELU-214x300.jpg\" alt=\"\" width=\"214\" height=\"300\" srcset=\"https:\/\/filo.unt.edu.ar\/xi-coloquio-celu\/wp-content\/uploads\/sites\/99\/2021\/12\/Prorroga-resumenes-CELU-214x300.jpg 214w, https:\/\/filo.unt.edu.ar\/xi-coloquio-celu\/wp-content\/uploads\/sites\/99\/2021\/12\/Prorroga-resumenes-CELU-731x1024.jpg 731w, https:\/\/filo.unt.edu.ar\/xi-coloquio-celu\/wp-content\/uploads\/sites\/99\/2021\/12\/Prorroga-resumenes-CELU-768x1076.jpg 768w, https:\/\/filo.unt.edu.ar\/xi-coloquio-celu\/wp-content\/uploads\/sites\/99\/2021\/12\/Prorroga-resumenes-CELU-1097x1536.jpg 1097w, https:\/\/filo.unt.edu.ar\/xi-coloquio-celu\/wp-content\/uploads\/sites\/99\/2021\/12\/Prorroga-resumenes-CELU.jpg 1428w\" sizes=\"auto, (max-width: 214px) 100vw, 214px\" \/><\/a><\/p>\n<\/div><\/div><div id=\"panel-14-0-0-2\" class=\"so-panel widget widget_black-studio-tinymce widget_black_studio_tinymce panel-last-child\" data-index=\"2\" ><div class=\"textwidget\"><p>&nbsp;<\/p>\n<p><b>Pautas de presentaci\u00f3n de res\u00famenes:<\/b><\/p>\n<p>Consignar en asunto del mail con env\u00edo del resumen: APELLIDO \u2013 EJE - TUC2022.<\/p>\n<p>-T\u00edtulo de la Comunicaci\u00f3n (centrada, en negrita, en may\u00fasculas y min\u00fasculas)<\/p>\n<p>- Apellido y nombre del autor o de los autores del trabajo (alineaci\u00f3n izquierda)<\/p>\n<p>- Vinculaci\u00f3n Institucional<\/p>\n<p>- Direcci\u00f3n electr\u00f3nica<\/p>\n<p>- Eje tem\u00e1tico<\/p>\n<p>- Cuerpo del Resumen: alineaci\u00f3n justificada, extensi\u00f3n m\u00e1xima de 300 palabras.<\/p>\n<p>- Palabras clave: 3 (tres).<\/p>\n<p>- Procesador: Word en Times New Roman, tama\u00f1o 12, interlineado sencillo.<\/p>\n<p><strong>Se solicita usar negritas \u00fanicamente para el t\u00edtulo.<\/strong><\/p>\n<p><strong>Recepci\u00f3n de res\u00famenes y de trabajos completos: <a href=\"mailto:xicoloquiocelu.2021@filo.unt.edu.ar\">xicoloquiocelu.2021@filo.unt.edu.ar<\/a><\/strong><br \/>\n<b><\/b><\/p>\n<p><b>Nota aclaratoria:<\/b> Las propuestas que fueron presentadas oportunamente antes de la postergaci\u00f3n del Coloquio mantienen su validez a todos sus efectos, siempre y cuando los autores confirmen su inter\u00e9s de participar en esta nueva edici\u00f3n. No obstante, quienes deseen retirar, modificar o reemplazar un resumen ya enviado, tambi\u00e9n podr\u00e1 hacerlo comunicando esta intenci\u00f3n al Comit\u00e9 Organizador dentro de los plazos vigentes.<br \/>\n<b><\/b><\/p>\n<p><b>Para presentar una \u201cnueva propuesta\u201d o confirmar \u201cla propuesta ya presentada\u201d les solicitamos<\/b><br \/>\n<b>completar el siguiente <\/b><a href=\"https:\/\/docs.google.com\/forms\/d\/e\/1FAIpQLScinBsW_ogylBMeRl6qNkqg3vNzOWiK2kYMy6s3bS_C5_jHWA\/viewform\" target=\"_blank\" rel=\"noopener\"><b>FORMULARIO<\/b><\/a><b>. Los expositores no olviden seleccionar el EJE en el que<\/b><br \/>\n<b>participar y consignar el t\u00edtulo de su comunicaci\u00f3n.<\/b><\/p>\n<p>&nbsp;<\/p>\n<\/div><\/div><\/div><\/div><\/div>","protected":false},"excerpt":{"rendered":"<p>Pr\u00f3rroga para la presentaci\u00f3n de trabajos completos Env\u00edo hasta el 20\/02\/2022\u00a0 \u00a0 Pr\u00f3rroga de presentaci\u00f3n de res\u00famenes Nueva fecha: 20 de diciembre de 2021\u00a0 &nbsp; Pautas de presentaci\u00f3n de res\u00famenes: Consignar en asunto del mail con env\u00edo del resumen: APELLIDO \u2013 EJE &#8211; TUC2022. -T\u00edtulo de la Comunicaci\u00f3n (centrada, en negrita, en may\u00fasculas y min\u00fasculas) [&hellip;]<\/p>\n","protected":false},"author":1,"featured_media":0,"parent":0,"menu_order":0,"comment_status":"closed","ping_status":"closed","template":"","meta":{"footnotes":""},"class_list":["post-14","page","type-page","status-publish","hentry","post"],"_links":{"self":[{"href":"https:\/\/filo.unt.edu.ar\/xi-coloquio-celu\/wp-json\/wp\/v2\/pages\/14","targetHints":{"allow":["GET"]}}],"collection":[{"href":"https:\/\/filo.unt.edu.ar\/xi-coloquio-celu\/wp-json\/wp\/v2\/pages"}],"about":[{"href":"https:\/\/filo.unt.edu.ar\/xi-coloquio-celu\/wp-json\/wp\/v2\/types\/page"}],"author":[{"embeddable":true,"href":"https:\/\/filo.unt.edu.ar\/xi-coloquio-celu\/wp-json\/wp\/v2\/users\/1"}],"replies":[{"embeddable":true,"href":"https:\/\/filo.unt.edu.ar\/xi-coloquio-celu\/wp-json\/wp\/v2\/comments?post=14"}],"version-history":[{"count":16,"href":"https:\/\/filo.unt.edu.ar\/xi-coloquio-celu\/wp-json\/wp\/v2\/pages\/14\/revisions"}],"predecessor-version":[{"id":94,"href":"https:\/\/filo.unt.edu.ar\/xi-coloquio-celu\/wp-json\/wp\/v2\/pages\/14\/revisions\/94"}],"wp:attachment":[{"href":"https:\/\/filo.unt.edu.ar\/xi-coloquio-celu\/wp-json\/wp\/v2\/media?parent=14"}],"curies":[{"name":"wp","href":"https:\/\/api.w.org\/{rel}","templated":true}]}}