{"id":16,"date":"2018-02-27T11:43:26","date_gmt":"2018-02-27T14:43:26","guid":{"rendered":"http:\/\/filo.unt.edu.ar\/viijornadasrela\/?page_id=16"},"modified":"2018-05-11T09:12:37","modified_gmt":"2018-05-11T12:12:37","slug":"inscripcion","status":"publish","type":"page","link":"https:\/\/filo.unt.edu.ar\/viijornadasrela\/inscripcion\/","title":{"rendered":"Inscripci\u00f3n"},"content":{"rendered":"<div id=\"pl-16\"  class=\"panel-layout\" ><div id=\"pg-16-0\"  class=\"panel-grid panel-no-style\" ><div id=\"pgc-16-0-0\"  class=\"panel-grid-cell panel-grid-cell-empty\" ><\/div><div id=\"pgc-16-0-1\"  class=\"panel-grid-cell panel-grid-cell-mobile-last\" ><div id=\"panel-16-0-1-0\" class=\"so-panel widget widget_black-studio-tinymce widget_black_studio_tinymce panel-first-child panel-last-child\" data-index=\"0\" ><div class=\"textwidget\"><h4 style=\"text-align: center;\">Categor\u00edas de participaci\u00f3n y Aranceles<\/h4>\n<p style=\"text-align: center;\">\u00a0<\/p>\n<p style=\"text-align: center;\"><span style=\"text-decoration: underline;\"><em><strong>Expositores graduados <\/strong><\/em><\/span><\/p>\n<p style=\"text-align: center;\">-- $800 (hasta el 6 de julio de 2018)\u00a0<\/p>\n<p style=\"text-align: center;\">-- $1000 (a partir del 7 de julio de 2018)<\/p>\n<p style=\"text-align: center;\"><span style=\"text-decoration: underline;\"><em><strong>Expositores estudiantes<\/strong><\/em><\/span><\/p>\n<p style=\"text-align: center;\">-- $200 (hasta el 6 de julio de 2018)<\/p>\n<p style=\"text-align: center;\">-- $300 (a partir del 7 de julio de 2018)<\/p>\n<p style=\"text-align: center;\"><em><strong>Asistentes graduados $300<\/strong><\/em><\/p>\n<p style=\"text-align: center;\"><em><strong>Asistentes estudiantes Sin cargo<\/strong><\/em><\/p>\n<p>---------------<\/p>\n<p>Los pagos podr\u00e1n realizarse en las oficinas de tesorer\u00eda de la Facultad de Filosof\u00eda y Letras de la UNT (Av. Benjam\u00edn Ar\u00e1oz 800, primer piso) o a trav\u00e9s de dep\u00f3sito o trasferencia a la siguiente cuenta del Banco Galicia, sucursal 089, Tucum\u00e1n.<\/p>\n<p>Titular: Facultad de Filosof\u00eda y Letras, UNT<br \/>CUIT: 30-54667024-0<br \/>CTA. CTE. $ 17982-7089-8<br \/>CBU 0070089420000017982786<\/p>\n<p><strong>Contacto de las jornadas:\u00a0<a href=\"mailto:jornadasrela2018@gmail.com\">jornadasrela2018@gmail.com<\/a><\/strong><\/p>\n<hr \/>\n<p><em><strong>La Comisi\u00f3n Organizadora de las VII Jornadas Nacionales de la RELA informa a los interesados en formalizar el pago de la inscripci\u00f3n que la Facultad de Filosof\u00eda y Letras permanecer\u00e1 cerrada durante el receso invernal, comprendido entre los d\u00edas 9 y 20 de julio de 2018. <\/strong><\/em><\/p>\n<p><em><strong>Es decir, que la tesorer\u00eda se encontrar\u00e1 abierta hasta el viernes 6 de julio y reabrir\u00e1 sus puertas el lunes 23 de julio del a\u00f1o en curso.<\/strong><\/em><\/p>\n<\/div><\/div><\/div><div id=\"pgc-16-0-2\"  class=\"panel-grid-cell panel-grid-cell-empty\" ><\/div><\/div><\/div>","protected":false},"excerpt":{"rendered":"<p>Categor\u00edas de participaci\u00f3n y Aranceles\u00a0Expositores graduados &#8212; $800 (hasta el 6 de julio de 2018)\u00a0&#8212; $1000 (a partir del 7 de julio de 2018)Expositores estudiantes&#8211; $200 (hasta el 6 de julio de 2018)&#8211; $300 (a partir del 7 de julio de 2018)Asistentes graduados $300Asistentes estudiantes Sin cargo&#8212;&#8212;&#8212;&#8212;&#8212;Los pagos podr\u00e1n realizarse en las oficinas de tesorer\u00eda [&hellip;]<\/p>\n","protected":false},"author":1,"featured_media":0,"parent":0,"menu_order":0,"comment_status":"closed","ping_status":"closed","template":"templates\/template-full-notitle.php","meta":{"footnotes":""},"class_list":["post-16","page","type-page","status-publish","hentry","post"],"_links":{"self":[{"href":"https:\/\/filo.unt.edu.ar\/viijornadasrela\/wp-json\/wp\/v2\/pages\/16","targetHints":{"allow":["GET"]}}],"collection":[{"href":"https:\/\/filo.unt.edu.ar\/viijornadasrela\/wp-json\/wp\/v2\/pages"}],"about":[{"href":"https:\/\/filo.unt.edu.ar\/viijornadasrela\/wp-json\/wp\/v2\/types\/page"}],"author":[{"embeddable":true,"href":"https:\/\/filo.unt.edu.ar\/viijornadasrela\/wp-json\/wp\/v2\/users\/1"}],"replies":[{"embeddable":true,"href":"https:\/\/filo.unt.edu.ar\/viijornadasrela\/wp-json\/wp\/v2\/comments?post=16"}],"version-history":[{"count":15,"href":"https:\/\/filo.unt.edu.ar\/viijornadasrela\/wp-json\/wp\/v2\/pages\/16\/revisions"}],"predecessor-version":[{"id":108,"href":"https:\/\/filo.unt.edu.ar\/viijornadasrela\/wp-json\/wp\/v2\/pages\/16\/revisions\/108"}],"wp:attachment":[{"href":"https:\/\/filo.unt.edu.ar\/viijornadasrela\/wp-json\/wp\/v2\/media?parent=16"}],"curies":[{"name":"wp","href":"https:\/\/api.w.org\/{rel}","templated":true}]}}