{"id":27,"date":"2022-06-12T20:20:31","date_gmt":"2022-06-12T23:20:31","guid":{"rendered":"http:\/\/filo.unt.edu.ar\/programa-mejora\/?page_id=27"},"modified":"2022-08-05T09:33:00","modified_gmt":"2022-08-05T12:33:00","slug":"estudiantes","status":"publish","type":"page","link":"https:\/\/filo.unt.edu.ar\/programa-mejora\/estudiantes\/","title":{"rendered":"Estudiantes"},"content":{"rendered":"<div id=\"pl-27\"  class=\"panel-layout\" ><div id=\"pg-27-0\"  class=\"panel-grid panel-no-style\" ><div id=\"pgc-27-0-0\"  class=\"panel-grid-cell\" ><div id=\"panel-27-0-0-0\" class=\"so-panel widget widget_black-studio-tinymce widget_black_studio_tinymce panel-first-child\" data-index=\"0\" ><div class=\"panel-widget-style panel-widget-style-for-27-0-0-0\" ><div class=\"textwidget\"><p style=\"text-align: left;\">El <strong>Proyecto de Revinculaci\u00f3n y Acompa\u00f1amiento a las Trayectorias Estudiantiles<\/strong>, se constituye como la l\u00ednea de desarrollo del programa orientada a estudiantes y ser\u00e1 coordinado desde el <strong>Instituto de Orientaci\u00f3n Vocacional y Educativa (IOVE)<\/strong>, en clave de derechos y en perspectiva institucional.<\/p>\n<p style=\"text-align: left;\">Acompa\u00f1ar y sostener las trayectorias estudiantiles supone visualizar y potenciar posibilidades, sostener en la dificultad, crear condiciones para el desarrollo de nuevos recorridos, ayudar a identificar y vincularse con recursos institucionales o subjetivos, y renovar sentidos sobre la formaci\u00f3n y el rol social que la profesi\u00f3n abre. Es esa la forma en que la F.F.yL. se posiciona frente al desaf\u00edo de la formaci\u00f3n y la calidad acad\u00e9mica. La problem\u00e1tica de las trayectorias estudiantiles, expresada en las tasas de interrupci\u00f3n de estudios y\/o abandono que se produce, especialmente en los primeros a\u00f1os de cursado de carreras universitarias, es uno de los retos que las instituciones de nivel superior vienen sosteniendo aun antes de la emergencia sanitaria y de virtualizaci\u00f3n que atraviesa el contexto actual de la educaci\u00f3n. En esa direcci\u00f3n, y en el presente de la situaci\u00f3n acad\u00e9mica, aumentan los desaf\u00edos de reposicionamiento, creaci\u00f3n y recreaci\u00f3n de posiciones y de funciones de cada actor institucional para garantizar calidad, inclusi\u00f3n e igualdad educativa.<\/p>\n<p style=\"text-align: left;\">La presente l\u00ednea de abordaje del Programa, contempla un trabajo sistem\u00e1tico y participativo en relaci\u00f3n a lograr la revinculaci\u00f3n de estudiantes que durante 2020 y 2021 vieron interrumpidas o complejizadas sus trayectorias acad\u00e9micas y a potenciar un acompa\u00f1amiento de calidad en aquellas trayectorias estudiantiles que pudieron sostenerse y buscan concretar su egreso. En tal sentido, se asume la importancia de revitalizar y potenciar la funci\u00f3n tutorial situada en pr\u00e1cticas y en actores institucionales (ense\u00f1anza, investigaci\u00f3n, extensi\u00f3n y de gesti\u00f3n universitaria en general); con vistas a configurar un modo de intervenci\u00f3n tutorial que situacionalmente se inscriba en el perfil de nuestra Facultad atendiendo a los marcos actuales de educaci\u00f3n en entornos virtuales o de modalidad dual.<\/p>\n<\/div><\/div><\/div><div id=\"panel-27-0-0-1\" class=\"so-panel widget widget_black-studio-tinymce widget_black_studio_tinymce panel-last-child\" data-index=\"1\" ><div class=\"panel-widget-style panel-widget-style-for-27-0-0-1\" ><div class=\"textwidget\"><p style=\"text-align: left;\"><strong>Objetivos espec\u00edficos<\/strong><\/p>\n<ul>\n<li style=\"text-align: left;\">Contribuir con el aporte de estrategias y herramientas pedag\u00f3gicas y piscosociales en la construcci\u00f3n del perfil de estudiante y de la experiencia acad\u00e9mica de lxs estudiantes de F.F.yL., con vistas a la mejora y\/o fortalecimiento de sus trayectorias.<\/li>\n<li style=\"text-align: left;\">Promover un proceso de revinculaci\u00f3n e inserci\u00f3n en la cultura institucional y acad\u00e9mica para estudiantes que ingresaron a la facultad o abandonaron el cursado en 2020 y 2021.<\/li>\n<li style=\"text-align: left;\">Mejorar y fortalecer la experiencia acad\u00e9mica de lxs estudiantes de FFyL (ingreso, permanencia y egreso) a partir de estrategias y herramientas pedag\u00f3gicas, tecnol\u00f3gicas y piscosociales potenciando y resignificando la funci\u00f3n tutorial situada en roles de docencia y de tutores\/as pares.<\/li>\n<\/ul>\n<\/div><\/div><\/div><\/div><\/div><div id=\"pg-27-1\"  class=\"panel-grid panel-no-style\" ><div id=\"pgc-27-1-0\"  class=\"panel-grid-cell\" ><div id=\"panel-27-1-0-0\" class=\"so-panel widget widget_black-studio-tinymce widget_black_studio_tinymce panel-first-child panel-last-child\" data-index=\"2\" ><div class=\"panel-widget-style panel-widget-style-for-27-1-0-0\" ><div class=\"textwidget\"><h3 style=\"text-align: left;\">Actividades<\/h3>\n<p><div class=\"pt-cv-wrapper\"><div class=\"pt-cv-view pt-cv-grid pt-cv-colsys\" id=\"pt-cv-view-d7bbda0phm\"><div data-id=\"pt-cv-page-1\" class=\"pt-cv-page\" data-cvc=\"3\"><div class=\"col-md-4 col-sm-6 col-xs-12 pt-cv-content-item pt-cv-1-col\" ><div class='pt-cv-ifield'><a href=\"https:\/\/filo.unt.edu.ar\/programa-mejora\/2022\/11\/17\/formacion-para-ayudantes-estudiantiles-encuentro-cierre\/\" class=\"_self pt-cv-href-thumbnail pt-cv-thumb-default\" target=\"_self\" ><img loading=\"lazy\" decoding=\"async\" width=\"300\" height=\"213\" src=\"https:\/\/filo.unt.edu.ar\/programa-mejora\/wp-content\/uploads\/sites\/104\/2022\/11\/formacion-ayudantes_cierre-300x213.jpg\" class=\"pt-cv-thumbnail\" alt=\"\" srcset=\"https:\/\/filo.unt.edu.ar\/programa-mejora\/wp-content\/uploads\/sites\/104\/2022\/11\/formacion-ayudantes_cierre-300x213.jpg 300w, https:\/\/filo.unt.edu.ar\/programa-mejora\/wp-content\/uploads\/sites\/104\/2022\/11\/formacion-ayudantes_cierre-1024x726.jpg 1024w, https:\/\/filo.unt.edu.ar\/programa-mejora\/wp-content\/uploads\/sites\/104\/2022\/11\/formacion-ayudantes_cierre-768x545.jpg 768w, https:\/\/filo.unt.edu.ar\/programa-mejora\/wp-content\/uploads\/sites\/104\/2022\/11\/formacion-ayudantes_cierre-1536x1090.jpg 1536w, https:\/\/filo.unt.edu.ar\/programa-mejora\/wp-content\/uploads\/sites\/104\/2022\/11\/formacion-ayudantes_cierre-1320x936.jpg 1320w, https:\/\/filo.unt.edu.ar\/programa-mejora\/wp-content\/uploads\/sites\/104\/2022\/11\/formacion-ayudantes_cierre.jpg 1748w\" sizes=\"auto, (max-width: 300px) 100vw, 300px\" \/><\/a>\n<h4 class=\"pt-cv-title\"><a href=\"https:\/\/filo.unt.edu.ar\/programa-mejora\/2022\/11\/17\/formacion-para-ayudantes-estudiantiles-encuentro-cierre\/\" class=\"_self\" target=\"_self\" >Formaci\u00f3n para Ayudantes Estudiantiles. Encuentro de cierre<\/a><\/h4>\n<div class=\"pt-cv-content\">Trayecto de Formaci\u00f3n para Ayudantes Estudiantiles en Funci\u00f3n Tutorial Situada Encuentro de cierre 18\/11\/2022 - 14.30 h - Aula 113 ...<br \/><div class=\"pt-cv-rmwrap\"><a href=\"https:\/\/filo.unt.edu.ar\/programa-mejora\/2022\/11\/17\/formacion-para-ayudantes-estudiantiles-encuentro-cierre\/\" class=\"_self pt-cv-readmore btn btn-success\" target=\"_self\">Leer M\u00e1s<\/a><\/div><\/div><\/div><\/div>\n<div class=\"col-md-4 col-sm-6 col-xs-12 pt-cv-content-item pt-cv-1-col\" ><div class='pt-cv-ifield'><a href=\"https:\/\/filo.unt.edu.ar\/programa-mejora\/2022\/11\/08\/formacion-para-ayudantes-estudiantiles-encuentro-6-virtual\/\" class=\"_self pt-cv-href-thumbnail pt-cv-thumb-default\" target=\"_self\" ><img loading=\"lazy\" decoding=\"async\" width=\"300\" height=\"213\" src=\"https:\/\/filo.unt.edu.ar\/programa-mejora\/wp-content\/uploads\/sites\/104\/2022\/11\/formacion-ayudantes-6-virtual-300x213.jpg\" class=\"pt-cv-thumbnail\" alt=\"\" srcset=\"https:\/\/filo.unt.edu.ar\/programa-mejora\/wp-content\/uploads\/sites\/104\/2022\/11\/formacion-ayudantes-6-virtual-300x213.jpg 300w, https:\/\/filo.unt.edu.ar\/programa-mejora\/wp-content\/uploads\/sites\/104\/2022\/11\/formacion-ayudantes-6-virtual-1024x726.jpg 1024w, https:\/\/filo.unt.edu.ar\/programa-mejora\/wp-content\/uploads\/sites\/104\/2022\/11\/formacion-ayudantes-6-virtual-768x545.jpg 768w, https:\/\/filo.unt.edu.ar\/programa-mejora\/wp-content\/uploads\/sites\/104\/2022\/11\/formacion-ayudantes-6-virtual.jpg 1280w\" sizes=\"auto, (max-width: 300px) 100vw, 300px\" \/><\/a>\n<h4 class=\"pt-cv-title\"><a href=\"https:\/\/filo.unt.edu.ar\/programa-mejora\/2022\/11\/08\/formacion-para-ayudantes-estudiantiles-encuentro-6-virtual\/\" class=\"_self\" target=\"_self\" >Formaci\u00f3n para Ayudantes Estudiantiles. Encuentro 6 virtual<\/a><\/h4>\n<div class=\"pt-cv-content\">Trayecto de Formaci\u00f3n para Ayudantes Estudiantiles en Funci\u00f3n Tutorial Situada Encuentro 6 virtual \"Tutor\u00edas estudiantiles pares en la Universidad. La ...<br \/><div class=\"pt-cv-rmwrap\"><a href=\"https:\/\/filo.unt.edu.ar\/programa-mejora\/2022\/11\/08\/formacion-para-ayudantes-estudiantiles-encuentro-6-virtual\/\" class=\"_self pt-cv-readmore btn btn-success\" target=\"_self\">Leer M\u00e1s<\/a><\/div><\/div><\/div><\/div>\n<div class=\"col-md-4 col-sm-6 col-xs-12 pt-cv-content-item pt-cv-1-col\" ><div class='pt-cv-ifield'><a href=\"https:\/\/filo.unt.edu.ar\/programa-mejora\/2022\/11\/03\/formacion-para-ayudantes-estudiantiles-encuentro-6\/\" class=\"_self pt-cv-href-thumbnail pt-cv-thumb-default\" target=\"_self\" ><img loading=\"lazy\" decoding=\"async\" width=\"300\" height=\"213\" src=\"https:\/\/filo.unt.edu.ar\/programa-mejora\/wp-content\/uploads\/sites\/104\/2022\/11\/formacion-ayudantes-6-300x213.jpg\" class=\"pt-cv-thumbnail\" alt=\"\" srcset=\"https:\/\/filo.unt.edu.ar\/programa-mejora\/wp-content\/uploads\/sites\/104\/2022\/11\/formacion-ayudantes-6-300x213.jpg 300w, https:\/\/filo.unt.edu.ar\/programa-mejora\/wp-content\/uploads\/sites\/104\/2022\/11\/formacion-ayudantes-6-1024x726.jpg 1024w, https:\/\/filo.unt.edu.ar\/programa-mejora\/wp-content\/uploads\/sites\/104\/2022\/11\/formacion-ayudantes-6-768x545.jpg 768w, https:\/\/filo.unt.edu.ar\/programa-mejora\/wp-content\/uploads\/sites\/104\/2022\/11\/formacion-ayudantes-6-1536x1090.jpg 1536w, https:\/\/filo.unt.edu.ar\/programa-mejora\/wp-content\/uploads\/sites\/104\/2022\/11\/formacion-ayudantes-6-1320x936.jpg 1320w, https:\/\/filo.unt.edu.ar\/programa-mejora\/wp-content\/uploads\/sites\/104\/2022\/11\/formacion-ayudantes-6.jpg 1748w\" sizes=\"auto, (max-width: 300px) 100vw, 300px\" \/><\/a>\n<h4 class=\"pt-cv-title\"><a href=\"https:\/\/filo.unt.edu.ar\/programa-mejora\/2022\/11\/03\/formacion-para-ayudantes-estudiantiles-encuentro-6\/\" class=\"_self\" target=\"_self\" >Formaci\u00f3n para Ayudantes Estudiantiles. Encuentro 6<\/a><\/h4>\n<div class=\"pt-cv-content\">Trayecto de Formaci\u00f3n para Ayudantes Estudiantiles en Funci\u00f3n Tutorial Situada Encuentro 6 \"Herramientas y competencias de producci\u00f3n multimedial para entornos ...<br \/><div class=\"pt-cv-rmwrap\"><a href=\"https:\/\/filo.unt.edu.ar\/programa-mejora\/2022\/11\/03\/formacion-para-ayudantes-estudiantiles-encuentro-6\/\" class=\"_self pt-cv-readmore btn btn-success\" target=\"_self\">Leer M\u00e1s<\/a><\/div><\/div><\/div><\/div>\n<div class=\"col-md-4 col-sm-6 col-xs-12 pt-cv-content-item pt-cv-1-col\" ><div class='pt-cv-ifield'><a href=\"https:\/\/filo.unt.edu.ar\/programa-mejora\/2022\/10\/27\/formacion-para-ayudantes-estudiantiles-encuentro-5\/\" class=\"_self pt-cv-href-thumbnail pt-cv-thumb-default\" target=\"_self\" ><img loading=\"lazy\" decoding=\"async\" width=\"300\" height=\"213\" src=\"https:\/\/filo.unt.edu.ar\/programa-mejora\/wp-content\/uploads\/sites\/104\/2022\/10\/formacion-ayudantes-5-300x213.jpg\" class=\"pt-cv-thumbnail\" alt=\"\" srcset=\"https:\/\/filo.unt.edu.ar\/programa-mejora\/wp-content\/uploads\/sites\/104\/2022\/10\/formacion-ayudantes-5-300x213.jpg 300w, https:\/\/filo.unt.edu.ar\/programa-mejora\/wp-content\/uploads\/sites\/104\/2022\/10\/formacion-ayudantes-5-1024x726.jpg 1024w, https:\/\/filo.unt.edu.ar\/programa-mejora\/wp-content\/uploads\/sites\/104\/2022\/10\/formacion-ayudantes-5-768x545.jpg 768w, https:\/\/filo.unt.edu.ar\/programa-mejora\/wp-content\/uploads\/sites\/104\/2022\/10\/formacion-ayudantes-5-1536x1090.jpg 1536w, https:\/\/filo.unt.edu.ar\/programa-mejora\/wp-content\/uploads\/sites\/104\/2022\/10\/formacion-ayudantes-5-1320x936.jpg 1320w, https:\/\/filo.unt.edu.ar\/programa-mejora\/wp-content\/uploads\/sites\/104\/2022\/10\/formacion-ayudantes-5.jpg 1748w\" sizes=\"auto, (max-width: 300px) 100vw, 300px\" \/><\/a>\n<h4 class=\"pt-cv-title\"><a href=\"https:\/\/filo.unt.edu.ar\/programa-mejora\/2022\/10\/27\/formacion-para-ayudantes-estudiantiles-encuentro-5\/\" class=\"_self\" target=\"_self\" >Formaci\u00f3n para Ayudantes Estudiantiles. Encuentro 5<\/a><\/h4>\n<div class=\"pt-cv-content\">Trayecto de Formaci\u00f3n para Ayudantes Estudiantiles en Funci\u00f3n Tutorial Situada Encuentro 5 \"Estudiar hoy en la Universidad. Estrategias para la ...<br \/><div class=\"pt-cv-rmwrap\"><a href=\"https:\/\/filo.unt.edu.ar\/programa-mejora\/2022\/10\/27\/formacion-para-ayudantes-estudiantiles-encuentro-5\/\" class=\"_self pt-cv-readmore btn btn-success\" target=\"_self\">Leer M\u00e1s<\/a><\/div><\/div><\/div><\/div>\n<div class=\"col-md-4 col-sm-6 col-xs-12 pt-cv-content-item pt-cv-1-col\" ><div class='pt-cv-ifield'><a href=\"https:\/\/filo.unt.edu.ar\/programa-mejora\/2022\/10\/24\/formacion-para-ayudantes-estudiantiles-encuentro-3\/\" class=\"_self pt-cv-href-thumbnail pt-cv-thumb-default\" target=\"_self\" ><img loading=\"lazy\" decoding=\"async\" width=\"300\" height=\"300\" src=\"https:\/\/filo.unt.edu.ar\/programa-mejora\/wp-content\/uploads\/sites\/104\/2022\/10\/formacion-ayudantes3-300x300.jpg\" class=\"pt-cv-thumbnail\" alt=\"\" srcset=\"https:\/\/filo.unt.edu.ar\/programa-mejora\/wp-content\/uploads\/sites\/104\/2022\/10\/formacion-ayudantes3-300x300.jpg 300w, https:\/\/filo.unt.edu.ar\/programa-mejora\/wp-content\/uploads\/sites\/104\/2022\/10\/formacion-ayudantes3-150x150.jpg 150w, https:\/\/filo.unt.edu.ar\/programa-mejora\/wp-content\/uploads\/sites\/104\/2022\/10\/formacion-ayudantes3-768x770.jpg 768w, https:\/\/filo.unt.edu.ar\/programa-mejora\/wp-content\/uploads\/sites\/104\/2022\/10\/formacion-ayudantes3.jpg 1000w\" sizes=\"auto, (max-width: 300px) 100vw, 300px\" \/><\/a>\n<h4 class=\"pt-cv-title\"><a href=\"https:\/\/filo.unt.edu.ar\/programa-mejora\/2022\/10\/24\/formacion-para-ayudantes-estudiantiles-encuentro-3\/\" class=\"_self\" target=\"_self\" >Formaci\u00f3n para Ayudantes Estudiantiles. Encuentro 3<\/a><\/h4>\n<div class=\"pt-cv-content\">Trayecto de Formaci\u00f3n para Ayudantes Estudiantiles en Funci\u00f3n Tutorial Situada Encuentro 3 Resignificar funciones de tutor\u00eda y acompa\u00f1amiento inherentes al ...<br \/><div class=\"pt-cv-rmwrap\"><a href=\"https:\/\/filo.unt.edu.ar\/programa-mejora\/2022\/10\/24\/formacion-para-ayudantes-estudiantiles-encuentro-3\/\" class=\"_self pt-cv-readmore btn btn-success\" target=\"_self\">Leer M\u00e1s<\/a><\/div><\/div><\/div><\/div>\n<div class=\"col-md-4 col-sm-6 col-xs-12 pt-cv-content-item pt-cv-1-col\" ><div class='pt-cv-ifield'><a href=\"https:\/\/filo.unt.edu.ar\/programa-mejora\/2022\/09\/19\/formacion-para-ayudantes-estudiantiles\/\" class=\"_self pt-cv-href-thumbnail pt-cv-thumb-default\" target=\"_self\" ><img loading=\"lazy\" decoding=\"async\" width=\"300\" height=\"300\" src=\"https:\/\/filo.unt.edu.ar\/programa-mejora\/wp-content\/uploads\/sites\/104\/2022\/09\/trayecto-formacion-ayudantes_iove_22-300x300.jpg\" class=\"pt-cv-thumbnail\" alt=\"\" srcset=\"https:\/\/filo.unt.edu.ar\/programa-mejora\/wp-content\/uploads\/sites\/104\/2022\/09\/trayecto-formacion-ayudantes_iove_22-300x300.jpg 300w, https:\/\/filo.unt.edu.ar\/programa-mejora\/wp-content\/uploads\/sites\/104\/2022\/09\/trayecto-formacion-ayudantes_iove_22-150x150.jpg 150w, https:\/\/filo.unt.edu.ar\/programa-mejora\/wp-content\/uploads\/sites\/104\/2022\/09\/trayecto-formacion-ayudantes_iove_22-768x770.jpg 768w, https:\/\/filo.unt.edu.ar\/programa-mejora\/wp-content\/uploads\/sites\/104\/2022\/09\/trayecto-formacion-ayudantes_iove_22.jpg 1001w\" sizes=\"auto, (max-width: 300px) 100vw, 300px\" \/><\/a>\n<h4 class=\"pt-cv-title\"><a href=\"https:\/\/filo.unt.edu.ar\/programa-mejora\/2022\/09\/19\/formacion-para-ayudantes-estudiantiles\/\" class=\"_self\" target=\"_self\" >Formaci\u00f3n para Ayudantes Estudiantiles<\/a><\/h4>\n<div class=\"pt-cv-content\">Programa Institucional de Mejora y Fortalecimiento de la Ense\u00f1anza y de Acompa\u00f1amiento a las Trayectorias Educativas \"Trayecto de Formaci\u00f3n para ...<br \/><div class=\"pt-cv-rmwrap\"><a href=\"https:\/\/filo.unt.edu.ar\/programa-mejora\/2022\/09\/19\/formacion-para-ayudantes-estudiantiles\/\" class=\"_self pt-cv-readmore btn btn-success\" target=\"_self\">Leer M\u00e1s<\/a><\/div><\/div><\/div><\/div>\n<div class=\"col-md-4 col-sm-6 col-xs-12 pt-cv-content-item pt-cv-1-col\" ><div class='pt-cv-ifield'><a href=\"https:\/\/filo.unt.edu.ar\/programa-mejora\/2022\/08\/05\/posgrado-virtual-tecnologias-emergentes-e-innovacion-didactica\/\" class=\"_self pt-cv-href-thumbnail pt-cv-thumb-default\" target=\"_self\" ><img loading=\"lazy\" decoding=\"async\" width=\"300\" height=\"300\" src=\"https:\/\/filo.unt.edu.ar\/programa-mejora\/wp-content\/uploads\/sites\/104\/2022\/08\/POSGRADO-TECNOLOGIAS-EMERGENTES_LION_22-300x300.png\" class=\"pt-cv-thumbnail\" alt=\"\" srcset=\"https:\/\/filo.unt.edu.ar\/programa-mejora\/wp-content\/uploads\/sites\/104\/2022\/08\/POSGRADO-TECNOLOGIAS-EMERGENTES_LION_22-300x300.png 300w, https:\/\/filo.unt.edu.ar\/programa-mejora\/wp-content\/uploads\/sites\/104\/2022\/08\/POSGRADO-TECNOLOGIAS-EMERGENTES_LION_22-1024x1024.png 1024w, https:\/\/filo.unt.edu.ar\/programa-mejora\/wp-content\/uploads\/sites\/104\/2022\/08\/POSGRADO-TECNOLOGIAS-EMERGENTES_LION_22-150x150.png 150w, https:\/\/filo.unt.edu.ar\/programa-mejora\/wp-content\/uploads\/sites\/104\/2022\/08\/POSGRADO-TECNOLOGIAS-EMERGENTES_LION_22-768x768.png 768w, https:\/\/filo.unt.edu.ar\/programa-mejora\/wp-content\/uploads\/sites\/104\/2022\/08\/POSGRADO-TECNOLOGIAS-EMERGENTES_LION_22.png 1080w\" sizes=\"auto, (max-width: 300px) 100vw, 300px\" \/><\/a>\n<h4 class=\"pt-cv-title\"><a href=\"https:\/\/filo.unt.edu.ar\/programa-mejora\/2022\/08\/05\/posgrado-virtual-tecnologias-emergentes-e-innovacion-didactica\/\" class=\"_self\" target=\"_self\" >Posgrado virtual &#8220;Tecnolog\u00edas emergentes e innovaci\u00f3n did\u00e1ctica&#8221;<\/a><\/h4>\n<div class=\"pt-cv-content\">CURSO DE POSGRADO VIRTUAL\u00a0\"Tecnolog\u00edas emergentes e innovaci\u00f3n did\u00e1ctica\" 18 de agosto hasta 18 de septiembre \/ 2022 Desde el Programa ...<br \/><div class=\"pt-cv-rmwrap\"><a href=\"https:\/\/filo.unt.edu.ar\/programa-mejora\/2022\/08\/05\/posgrado-virtual-tecnologias-emergentes-e-innovacion-didactica\/\" class=\"_self pt-cv-readmore btn btn-success\" target=\"_self\">Leer M\u00e1s<\/a><\/div><\/div><\/div><\/div>\n<div class=\"col-md-4 col-sm-6 col-xs-12 pt-cv-content-item pt-cv-1-col\" ><div class='pt-cv-ifield'><a href=\"https:\/\/filo.unt.edu.ar\/programa-mejora\/2022\/06\/12\/jornada-de-acompanamiento-a-las-trayectorias-academicas-de-ingresantes\/\" class=\"_self pt-cv-href-thumbnail pt-cv-thumb-default\" target=\"_self\" ><img loading=\"lazy\" decoding=\"async\" width=\"300\" height=\"300\" src=\"https:\/\/filo.unt.edu.ar\/programa-mejora\/wp-content\/uploads\/sites\/104\/2022\/06\/jornada_acompanamiento_trayectorias_educativas-300x300.png\" class=\"pt-cv-thumbnail\" alt=\"\" srcset=\"https:\/\/filo.unt.edu.ar\/programa-mejora\/wp-content\/uploads\/sites\/104\/2022\/06\/jornada_acompanamiento_trayectorias_educativas-300x300.png 300w, https:\/\/filo.unt.edu.ar\/programa-mejora\/wp-content\/uploads\/sites\/104\/2022\/06\/jornada_acompanamiento_trayectorias_educativas-1024x1024.png 1024w, https:\/\/filo.unt.edu.ar\/programa-mejora\/wp-content\/uploads\/sites\/104\/2022\/06\/jornada_acompanamiento_trayectorias_educativas-150x150.png 150w, https:\/\/filo.unt.edu.ar\/programa-mejora\/wp-content\/uploads\/sites\/104\/2022\/06\/jornada_acompanamiento_trayectorias_educativas-768x768.png 768w, https:\/\/filo.unt.edu.ar\/programa-mejora\/wp-content\/uploads\/sites\/104\/2022\/06\/jornada_acompanamiento_trayectorias_educativas.png 1250w\" sizes=\"auto, (max-width: 300px) 100vw, 300px\" \/><\/a>\n<h4 class=\"pt-cv-title\"><a href=\"https:\/\/filo.unt.edu.ar\/programa-mejora\/2022\/06\/12\/jornada-de-acompanamiento-a-las-trayectorias-academicas-de-ingresantes\/\" class=\"_self\" target=\"_self\" >Jornada de Acompa\u00f1amiento a las Trayectorias Acad\u00e9micas de Ingresantes<\/a><\/h4>\n<div class=\"pt-cv-content\">Jornada de Acompa\u00f1amiento a las Trayectorias Acad\u00e9micas de Ingresantes El desaf\u00edo de leer la ciencia en asignaturas de primer a\u00f1o ...<br \/><div class=\"pt-cv-rmwrap\"><a href=\"https:\/\/filo.unt.edu.ar\/programa-mejora\/2022\/06\/12\/jornada-de-acompanamiento-a-las-trayectorias-academicas-de-ingresantes\/\" class=\"_self pt-cv-readmore btn btn-success\" target=\"_self\">Leer M\u00e1s<\/a><\/div><\/div><\/div><\/div>\n<div class=\"col-md-4 col-sm-6 col-xs-12 pt-cv-content-item pt-cv-1-col\" ><div class='pt-cv-ifield'><a href=\"https:\/\/filo.unt.edu.ar\/programa-mejora\/2022\/06\/12\/jornadas-de-intercambio-y-socializacion\/\" class=\"_self pt-cv-href-thumbnail pt-cv-thumb-default\" target=\"_self\" ><img loading=\"lazy\" decoding=\"async\" width=\"300\" height=\"300\" src=\"https:\/\/filo.unt.edu.ar\/programa-mejora\/wp-content\/uploads\/sites\/104\/2022\/06\/jornadas-intercambio-socializacion-300x300.jpeg\" class=\"pt-cv-thumbnail\" alt=\"\" srcset=\"https:\/\/filo.unt.edu.ar\/programa-mejora\/wp-content\/uploads\/sites\/104\/2022\/06\/jornadas-intercambio-socializacion-300x300.jpeg 300w, https:\/\/filo.unt.edu.ar\/programa-mejora\/wp-content\/uploads\/sites\/104\/2022\/06\/jornadas-intercambio-socializacion-1024x1024.jpeg 1024w, https:\/\/filo.unt.edu.ar\/programa-mejora\/wp-content\/uploads\/sites\/104\/2022\/06\/jornadas-intercambio-socializacion-150x150.jpeg 150w, https:\/\/filo.unt.edu.ar\/programa-mejora\/wp-content\/uploads\/sites\/104\/2022\/06\/jornadas-intercambio-socializacion-768x768.jpeg 768w, https:\/\/filo.unt.edu.ar\/programa-mejora\/wp-content\/uploads\/sites\/104\/2022\/06\/jornadas-intercambio-socializacion.jpeg 1080w\" sizes=\"auto, (max-width: 300px) 100vw, 300px\" \/><\/a>\n<h4 class=\"pt-cv-title\"><a href=\"https:\/\/filo.unt.edu.ar\/programa-mejora\/2022\/06\/12\/jornadas-de-intercambio-y-socializacion\/\" class=\"_self\" target=\"_self\" >Jornadas de intercambio y socializaci\u00f3n<\/a><\/h4>\n<div class=\"pt-cv-content\">JORNADAS DE INTERCAMBIO Y SOCIALIZACI\u00d3N \"Repensar y construir experiencias educativas en Filosof\u00eda y Letras: logros y retos en contextos emergentes\" ...<br \/><div class=\"pt-cv-rmwrap\"><a href=\"https:\/\/filo.unt.edu.ar\/programa-mejora\/2022\/06\/12\/jornadas-de-intercambio-y-socializacion\/\" class=\"_self pt-cv-readmore btn btn-success\" target=\"_self\">Leer M\u00e1s<\/a><\/div><\/div><\/div><\/div>\n<div class=\"col-md-4 col-sm-6 col-xs-12 pt-cv-content-item pt-cv-1-col\" ><div class='pt-cv-ifield'><a href=\"https:\/\/filo.unt.edu.ar\/programa-mejora\/2022\/06\/12\/ultima-juntada-por-meet\/\" class=\"_self pt-cv-href-thumbnail pt-cv-thumb-default\" target=\"_self\" ><img loading=\"lazy\" decoding=\"async\" width=\"300\" height=\"300\" src=\"https:\/\/filo.unt.edu.ar\/programa-mejora\/wp-content\/uploads\/sites\/104\/2022\/06\/Ultima-Juntada-por-MEET-300x300.jpeg\" class=\"pt-cv-thumbnail\" alt=\"\" srcset=\"https:\/\/filo.unt.edu.ar\/programa-mejora\/wp-content\/uploads\/sites\/104\/2022\/06\/Ultima-Juntada-por-MEET-300x300.jpeg 300w, https:\/\/filo.unt.edu.ar\/programa-mejora\/wp-content\/uploads\/sites\/104\/2022\/06\/Ultima-Juntada-por-MEET-1024x1024.jpeg 1024w, https:\/\/filo.unt.edu.ar\/programa-mejora\/wp-content\/uploads\/sites\/104\/2022\/06\/Ultima-Juntada-por-MEET-150x150.jpeg 150w, https:\/\/filo.unt.edu.ar\/programa-mejora\/wp-content\/uploads\/sites\/104\/2022\/06\/Ultima-Juntada-por-MEET-768x768.jpeg 768w, https:\/\/filo.unt.edu.ar\/programa-mejora\/wp-content\/uploads\/sites\/104\/2022\/06\/Ultima-Juntada-por-MEET.jpeg 1080w\" sizes=\"auto, (max-width: 300px) 100vw, 300px\" \/><\/a>\n<h4 class=\"pt-cv-title\"><a href=\"https:\/\/filo.unt.edu.ar\/programa-mejora\/2022\/06\/12\/ultima-juntada-por-meet\/\" class=\"_self\" target=\"_self\" >\u00daltima juntada por Meet<\/a><\/h4>\n<div class=\"pt-cv-content\">El Instituto de Orientaci\u00f3n Vocacional y Educativa (iOVE) y el Centro de Estudiantes de Filosof\u00eda y Letras invitan nuevamente a ...<br \/><div class=\"pt-cv-rmwrap\"><a href=\"https:\/\/filo.unt.edu.ar\/programa-mejora\/2022\/06\/12\/ultima-juntada-por-meet\/\" class=\"_self pt-cv-readmore btn btn-success\" target=\"_self\">Leer M\u00e1s<\/a><\/div><\/div><\/div><\/div><\/div><\/div><\/div><\/p>\n<\/div><\/div><\/div><\/div><\/div><\/div>","protected":false},"excerpt":{"rendered":"<p>El Proyecto de Revinculaci\u00f3n y Acompa\u00f1amiento a las Trayectorias Estudiantiles, se constituye como la l\u00ednea de desarrollo del programa orientada a estudiantes y ser\u00e1 coordinado desde el Instituto de Orientaci\u00f3n Vocacional y Educativa (IOVE), en clave de derechos y en perspectiva institucional. Acompa\u00f1ar y sostener las trayectorias estudiantiles supone visualizar y potenciar posibilidades, sostener en [&hellip;]<\/p>\n","protected":false},"author":1,"featured_media":0,"parent":0,"menu_order":0,"comment_status":"closed","ping_status":"closed","template":"","meta":{"footnotes":""},"class_list":["post-27","page","type-page","status-publish","hentry","post"],"_links":{"self":[{"href":"https:\/\/filo.unt.edu.ar\/programa-mejora\/wp-json\/wp\/v2\/pages\/27","targetHints":{"allow":["GET"]}}],"collection":[{"href":"https:\/\/filo.unt.edu.ar\/programa-mejora\/wp-json\/wp\/v2\/pages"}],"about":[{"href":"https:\/\/filo.unt.edu.ar\/programa-mejora\/wp-json\/wp\/v2\/types\/page"}],"author":[{"embeddable":true,"href":"https:\/\/filo.unt.edu.ar\/programa-mejora\/wp-json\/wp\/v2\/users\/1"}],"replies":[{"embeddable":true,"href":"https:\/\/filo.unt.edu.ar\/programa-mejora\/wp-json\/wp\/v2\/comments?post=27"}],"version-history":[{"count":14,"href":"https:\/\/filo.unt.edu.ar\/programa-mejora\/wp-json\/wp\/v2\/pages\/27\/revisions"}],"predecessor-version":[{"id":146,"href":"https:\/\/filo.unt.edu.ar\/programa-mejora\/wp-json\/wp\/v2\/pages\/27\/revisions\/146"}],"wp:attachment":[{"href":"https:\/\/filo.unt.edu.ar\/programa-mejora\/wp-json\/wp\/v2\/media?parent=27"}],"curies":[{"name":"wp","href":"https:\/\/api.w.org\/{rel}","templated":true}]}}