{"id":128,"date":"2025-09-16T15:37:44","date_gmt":"2025-09-16T18:37:44","guid":{"rendered":"https:\/\/filo.unt.edu.ar\/observatorio-ia\/?page_id=128"},"modified":"2025-09-16T15:49:51","modified_gmt":"2025-09-16T18:49:51","slug":"medios","status":"publish","type":"page","link":"https:\/\/filo.unt.edu.ar\/observatorio-ia\/medios\/","title":{"rendered":"En los medios"},"content":{"rendered":"<div id=\"pl-128\"  class=\"panel-layout\" ><div id=\"pg-128-0\"  class=\"panel-grid panel-no-style\" ><div id=\"pgc-128-0-0\"  class=\"panel-grid-cell\" ><div id=\"panel-128-0-0-0\" class=\"so-panel widget widget_sow-editor panel-first-child\" data-index=\"0\" ><div\n\t\t\t\n\t\t\tclass=\"so-widget-sow-editor so-widget-sow-editor-base\"\n\t\t\t\n\t\t>\n<div class=\"siteorigin-widget-tinymce textwidget\">\n\t<h5 style=\"text-align: left;\"><span style=\"color: #000080;\"><strong>El Observatorio en los Medios<\/strong><\/span><\/h5>\n<p style=\"text-align: left;\">Aparici\u00f3n de Diego Chein en La Gaceta Play.<\/p>\n<p style=\"text-align: left;\">\n<\/div>\n<\/div><\/div><div id=\"panel-128-0-0-1\" class=\"so-panel widget widget_sow-editor panel-last-child\" data-index=\"1\" ><div\n\t\t\t\n\t\t\tclass=\"so-widget-sow-editor so-widget-sow-editor-base\"\n\t\t\t\n\t\t>\n<div class=\"siteorigin-widget-tinymce textwidget\">\n\t<p><iframe loading=\"lazy\" width=\"560\" height=\"315\" src=\"https:\/\/www.youtube.com\/embed\/CIaf3mxCI9Y?si=IHbGX6Gt1xbchCYI\" title=\"YouTube video player\" frameborder=\"0\" allow=\"accelerometer; autoplay; clipboard-write; encrypted-media; gyroscope; picture-in-picture; web-share\" referrerpolicy=\"strict-origin-when-cross-origin\" allowfullscreen><\/iframe><\/p>\n<\/div>\n<\/div><\/div><\/div><\/div><div id=\"pg-128-1\"  class=\"panel-grid panel-no-style\" ><div id=\"pgc-128-1-0\"  class=\"panel-grid-cell\" ><div id=\"panel-128-1-0-0\" class=\"so-panel widget widget_sow-editor panel-first-child\" data-index=\"2\" ><div\n\t\t\t\n\t\t\tclass=\"so-widget-sow-editor so-widget-sow-editor-base\"\n\t\t\t\n\t\t>\n<div class=\"siteorigin-widget-tinymce textwidget\">\n\t<div class=\"page-header\">\n<h2 style=\"text-align: left;\">Crear\u00e1n el Observatorio de Inteligencia Artificial aplicada a las humanidades y ciencias sociales<\/h2>\n<\/div>\n<div class=\"desc-article\" style=\"text-align: left;\">\n<p>Las Facultades de Humanidades y Ciencias Sociales y de Ciencias Econ\u00f3micas de la Universidad Nacional de Jujuy, iniciar\u00e1n un trabajo conjunto para la creaci\u00f3n del Observatorio de Inteligencia Artificial aplicada a las humanidades y ciencias sociales.<\/p>\n<\/div>\n<p style=\"text-align: left;\">\n<p style=\"text-align: left;\"><a href=\"https:\/\/unjudiario.unju.edu.ar\/destacadas\/crearan-el-observatorio-de-inteligencia-artificial-aplicada-a-las-humanidades-y-ciencias-sociales\" target=\"_blank\" rel=\"noopener\">https:\/\/unjudiario.unju.edu.ar\/destacadas\/crearan-el-observatorio-de-inteligencia-artificial-aplicada-a-las-humanidades-y-ciencias-sociales<\/a><\/p>\n<\/div>\n<\/div><\/div><div id=\"panel-128-1-0-1\" class=\"so-panel widget widget_sow-editor panel-last-child\" data-index=\"3\" ><div\n\t\t\t\n\t\t\tclass=\"so-widget-sow-editor so-widget-sow-editor-base\"\n\t\t\t\n\t\t>\n<div class=\"siteorigin-widget-tinymce textwidget\">\n\t<h1 class=\"title\" style=\"text-align: left;\">FILO IA: la Universidad de Tucum\u00e1n lanz\u00f3 un observatorio para analizar la inteligencia artificial desde las humanidades<\/h1>\n<h2 class=\"description separatorlines\" style=\"text-align: left;\">La Facultad de Filosof\u00eda y Letras de la Universidad Nacional de Tucum\u00e1n present\u00f3 FILO IA, un espacio acad\u00e9mico para investigar y reflexionar cr\u00edticamente sobre la inteligencia artificial y su impacto en las ciencias sociales y humanas. Un proyecto pionero en el norte argentino.<\/h2>\n<p><a href=\"https:\/\/www.enteratenoticias.com.ar\/actualidad\/filo-ia-la-universidad-de-tucuman-lanzo-un-observatorio-para-analizar-la-inteligencia-artificial-desde-las-humanidades\/\" target=\"_blank\" rel=\"noopener\">https:\/\/www.enteratenoticias.com.ar\/actualidad\/filo-ia-la-universidad-de-tucuman-lanzo-un-observatorio-para-analizar-la-inteligencia-artificial-desde-las-humanidades\/<\/a><\/p>\n<\/div>\n<\/div><\/div><\/div><\/div><div id=\"pg-128-2\"  class=\"panel-grid panel-no-style\" ><div id=\"pgc-128-2-0\"  class=\"panel-grid-cell panel-grid-cell-empty\" ><\/div><\/div><\/div>","protected":false},"excerpt":{"rendered":"<p>El Observatorio en los Medios Aparici\u00f3n de Diego Chein en La Gaceta Play. Crear\u00e1n el Observatorio de Inteligencia Artificial aplicada a las humanidades y ciencias sociales Las Facultades de Humanidades y Ciencias Sociales y de Ciencias Econ\u00f3micas de la Universidad Nacional de Jujuy, iniciar\u00e1n un trabajo conjunto para la creaci\u00f3n del Observatorio de Inteligencia Artificial [&hellip;]<\/p>\n","protected":false},"author":1,"featured_media":0,"parent":0,"menu_order":0,"comment_status":"closed","ping_status":"closed","template":"","meta":{"footnotes":""},"class_list":["post-128","page","type-page","status-publish","hentry","post"],"_links":{"self":[{"href":"https:\/\/filo.unt.edu.ar\/observatorio-ia\/wp-json\/wp\/v2\/pages\/128","targetHints":{"allow":["GET"]}}],"collection":[{"href":"https:\/\/filo.unt.edu.ar\/observatorio-ia\/wp-json\/wp\/v2\/pages"}],"about":[{"href":"https:\/\/filo.unt.edu.ar\/observatorio-ia\/wp-json\/wp\/v2\/types\/page"}],"author":[{"embeddable":true,"href":"https:\/\/filo.unt.edu.ar\/observatorio-ia\/wp-json\/wp\/v2\/users\/1"}],"replies":[{"embeddable":true,"href":"https:\/\/filo.unt.edu.ar\/observatorio-ia\/wp-json\/wp\/v2\/comments?post=128"}],"version-history":[{"count":4,"href":"https:\/\/filo.unt.edu.ar\/observatorio-ia\/wp-json\/wp\/v2\/pages\/128\/revisions"}],"predecessor-version":[{"id":132,"href":"https:\/\/filo.unt.edu.ar\/observatorio-ia\/wp-json\/wp\/v2\/pages\/128\/revisions\/132"}],"wp:attachment":[{"href":"https:\/\/filo.unt.edu.ar\/observatorio-ia\/wp-json\/wp\/v2\/media?parent=128"}],"curies":[{"name":"wp","href":"https:\/\/api.w.org\/{rel}","templated":true}]}}