{"id":5855,"date":"2020-06-17T10:59:53","date_gmt":"2020-06-17T13:59:53","guid":{"rendered":"http:\/\/filo.unt.edu.ar\/noticias\/wp-content\/uploads\/sites\/74\/2020\/06\/Conversatorio-Virtual-Ense\u00f1ar-Filosof\u00eda.png"},"modified":"2020-06-17T10:59:53","modified_gmt":"2020-06-17T13:59:53","slug":"conversatorio-virtual-ensenar-filosofia","status":"inherit","type":"attachment","link":"https:\/\/filo.unt.edu.ar\/noticias\/2020\/06\/16\/conversatorio-virtual-ensenar-filosofia-arquitectos-y-anfitriones\/conversatorio-virtual-ensenar-filosofia\/#main","title":{"rendered":"Conversatorio Virtual Ense\u00f1ar Filosof\u00eda"},"author":101013,"featured_media":0,"comment_status":"closed","ping_status":"closed","template":"","meta":[],"class_list":["post-5855","attachment","type-attachment","status-inherit","hentry","post"],"description":{"rendered":"<p class=\"attachment\"><a href='https:\/\/filo.unt.edu.ar\/noticias\/wp-content\/uploads\/sites\/74\/2020\/06\/Conversatorio-Virtual-Ense\u00f1ar-Filosof\u00eda.png'><img loading=\"lazy\" decoding=\"async\" width=\"300\" height=\"169\" src=\"https:\/\/filo.unt.edu.ar\/noticias\/wp-content\/uploads\/sites\/74\/2020\/06\/Conversatorio-Virtual-Ense\u00f1ar-Filosof\u00eda-300x169.png\" class=\"attachment-medium size-medium\" alt=\"\" srcset=\"https:\/\/filo.unt.edu.ar\/noticias\/wp-content\/uploads\/sites\/74\/2020\/06\/Conversatorio-Virtual-Ense\u00f1ar-Filosof\u00eda-300x169.png 300w, https:\/\/filo.unt.edu.ar\/noticias\/wp-content\/uploads\/sites\/74\/2020\/06\/Conversatorio-Virtual-Ense\u00f1ar-Filosof\u00eda-768x432.png 768w, https:\/\/filo.unt.edu.ar\/noticias\/wp-content\/uploads\/sites\/74\/2020\/06\/Conversatorio-Virtual-Ense\u00f1ar-Filosof\u00eda-600x337.png 600w, https:\/\/filo.unt.edu.ar\/noticias\/wp-content\/uploads\/sites\/74\/2020\/06\/Conversatorio-Virtual-Ense\u00f1ar-Filosof\u00eda.png 1366w\" sizes=\"auto, (max-width: 300px) 100vw, 300px\" \/><\/a><\/p>\n"},"caption":{"rendered":""},"alt_text":"","media_type":"image","mime_type":"image\/png","media_details":{"width":1366,"height":768,"file":"2020\/06\/Conversatorio-Virtual-Ense\u00f1ar-Filosof\u00eda.png","sizes":{"thumbnail":{"file":"Conversatorio-Virtual-Ense\u00f1ar-Filosof\u00eda-200x200.png","width":200,"height":200,"mime_type":"image\/png","source_url":"https:\/\/filo.unt.edu.ar\/noticias\/wp-content\/uploads\/sites\/74\/2020\/06\/Conversatorio-Virtual-Ense\u00f1ar-Filosof\u00eda-200x200.png"},"medium":{"file":"Conversatorio-Virtual-Ense\u00f1ar-Filosof\u00eda-300x169.png","width":300,"height":169,"mime_type":"image\/png","source_url":"https:\/\/filo.unt.edu.ar\/noticias\/wp-content\/uploads\/sites\/74\/2020\/06\/Conversatorio-Virtual-Ense\u00f1ar-Filosof\u00eda-300x169.png"},"medium_large":{"file":"Conversatorio-Virtual-Ense\u00f1ar-Filosof\u00eda-768x432.png","width":768,"height":432,"mime_type":"image\/png","source_url":"https:\/\/filo.unt.edu.ar\/noticias\/wp-content\/uploads\/sites\/74\/2020\/06\/Conversatorio-Virtual-Ense\u00f1ar-Filosof\u00eda-768x432.png"},"wysija-newsletters-max":{"file":"Conversatorio-Virtual-Ense\u00f1ar-Filosof\u00eda-600x337.png","width":600,"height":337,"mime_type":"image\/png","source_url":"https:\/\/filo.unt.edu.ar\/noticias\/wp-content\/uploads\/sites\/74\/2020\/06\/Conversatorio-Virtual-Ense\u00f1ar-Filosof\u00eda-600x337.png"},"post-thumbnail":{"file":"Conversatorio-Virtual-Ense\u00f1ar-Filosof\u00eda-720x380.png","width":720,"height":380,"mime_type":"image\/png","source_url":"https:\/\/filo.unt.edu.ar\/noticias\/wp-content\/uploads\/sites\/74\/2020\/06\/Conversatorio-Virtual-Ense\u00f1ar-Filosof\u00eda-720x380.png"},"vantage-thumbnail-no-sidebar":{"file":"Conversatorio-Virtual-Ense\u00f1ar-Filosof\u00eda-1080x380.png","width":1080,"height":380,"mime_type":"image\/png","source_url":"https:\/\/filo.unt.edu.ar\/noticias\/wp-content\/uploads\/sites\/74\/2020\/06\/Conversatorio-Virtual-Ense\u00f1ar-Filosof\u00eda-1080x380.png"},"vantage-slide":{"file":"Conversatorio-Virtual-Ense\u00f1ar-Filosof\u00eda-960x480.png","width":960,"height":480,"mime_type":"image\/png","source_url":"https:\/\/filo.unt.edu.ar\/noticias\/wp-content\/uploads\/sites\/74\/2020\/06\/Conversatorio-Virtual-Ense\u00f1ar-Filosof\u00eda-960x480.png"},"vantage-carousel":{"file":"Conversatorio-Virtual-Ense\u00f1ar-Filosof\u00eda-272x182.png","width":272,"height":182,"mime_type":"image\/png","source_url":"https:\/\/filo.unt.edu.ar\/noticias\/wp-content\/uploads\/sites\/74\/2020\/06\/Conversatorio-Virtual-Ense\u00f1ar-Filosof\u00eda-272x182.png"},"vantage-grid-loop":{"file":"Conversatorio-Virtual-Ense\u00f1ar-Filosof\u00eda-436x272.png","width":436,"height":272,"mime_type":"image\/png","source_url":"https:\/\/filo.unt.edu.ar\/noticias\/wp-content\/uploads\/sites\/74\/2020\/06\/Conversatorio-Virtual-Ense\u00f1ar-Filosof\u00eda-436x272.png"},"sow-carousel-default":{"file":"Conversatorio-Virtual-Ense\u00f1ar-Filosof\u00eda-272x182.png","width":272,"height":182,"mime_type":"image\/png","source_url":"https:\/\/filo.unt.edu.ar\/noticias\/wp-content\/uploads\/sites\/74\/2020\/06\/Conversatorio-Virtual-Ense\u00f1ar-Filosof\u00eda-272x182.png"},"full":{"file":"Conversatorio-Virtual-Ense\u00f1ar-Filosof\u00eda.png","width":1366,"height":768,"mime_type":"image\/png","source_url":"https:\/\/filo.unt.edu.ar\/noticias\/wp-content\/uploads\/sites\/74\/2020\/06\/Conversatorio-Virtual-Ense\u00f1ar-Filosof\u00eda.png"}},"image_meta":{"aperture":"0","credit":"","camera":"","caption":"","created_timestamp":"0","copyright":"","focal_length":"0","iso":"0","shutter_speed":"0","title":"","orientation":"0"}},"post":5852,"source_url":"https:\/\/filo.unt.edu.ar\/noticias\/wp-content\/uploads\/sites\/74\/2020\/06\/Conversatorio-Virtual-Ense\u00f1ar-Filosof\u00eda.png","_links":{"self":[{"href":"https:\/\/filo.unt.edu.ar\/noticias\/wp-json\/wp\/v2\/media\/5855","targetHints":{"allow":["GET"]}}],"collection":[{"href":"https:\/\/filo.unt.edu.ar\/noticias\/wp-json\/wp\/v2\/media"}],"about":[{"href":"https:\/\/filo.unt.edu.ar\/noticias\/wp-json\/wp\/v2\/types\/attachment"}],"author":[{"embeddable":true,"href":"https:\/\/filo.unt.edu.ar\/noticias\/wp-json\/wp\/v2\/users\/101013"}]}}

http://filo.unt.edu.ar/noticias/wp-content/uploads/sites/74/2020/06/Conversatorio-Virtual-Enseñar-Filosofía.png

Conversatorio Virtual Enseñar Filosofía

<p class="attachment"><a href='https://filo.unt.edu.ar/noticias/wp-content/uploads/sites/74/2020/06/Conversatorio-Virtual-Enseñar-Filosofía.png'><img loading="lazy" decoding="async" width="300" height="169" src="https://filo.unt.edu.ar/noticias/wp-content/uploads/sites/74/2020/06/Conversatorio-Virtual-Enseñar-Filosofía-300x169.png" class="attachment-medium size-medium" alt="" srcset="https://filo.unt.edu.ar/noticias/wp-content/uploads/sites/74/2020/06/Conversatorio-Virtual-Enseñar-Filosofía-300x169.png 300w, https://filo.unt.edu.ar/noticias/wp-content/uploads/sites/74/2020/06/Conversatorio-Virtual-Enseñar-Filosofía-768x432.png 768w, https://filo.unt.edu.ar/noticias/wp-content/uploads/sites/74/2020/06/Conversatorio-Virtual-Enseñar-Filosofía-600x337.png 600w, https://filo.unt.edu.ar/noticias/wp-content/uploads/sites/74/2020/06/Conversatorio-Virtual-Enseñar-Filosofía.png 1366w" sizes="auto, (max-width: 300px) 100vw, 300px" /></a></p>

2020/06/Conversatorio-Virtual-Enseñar-Filosofía.png

Conversatorio-Virtual-Enseñar-Filosofía-200x200.png

https://filo.unt.edu.ar/noticias/wp-content/uploads/sites/74/2020/06/Conversatorio-Virtual-Enseñar-Filosofía-200x200.png

Conversatorio-Virtual-Enseñar-Filosofía-300x169.png

https://filo.unt.edu.ar/noticias/wp-content/uploads/sites/74/2020/06/Conversatorio-Virtual-Enseñar-Filosofía-300x169.png

Conversatorio-Virtual-Enseñar-Filosofía-768x432.png

https://filo.unt.edu.ar/noticias/wp-content/uploads/sites/74/2020/06/Conversatorio-Virtual-Enseñar-Filosofía-768x432.png

Conversatorio-Virtual-Enseñar-Filosofía-600x337.png

https://filo.unt.edu.ar/noticias/wp-content/uploads/sites/74/2020/06/Conversatorio-Virtual-Enseñar-Filosofía-600x337.png

Conversatorio-Virtual-Enseñar-Filosofía-720x380.png

https://filo.unt.edu.ar/noticias/wp-content/uploads/sites/74/2020/06/Conversatorio-Virtual-Enseñar-Filosofía-720x380.png

Conversatorio-Virtual-Enseñar-Filosofía-1080x380.png

https://filo.unt.edu.ar/noticias/wp-content/uploads/sites/74/2020/06/Conversatorio-Virtual-Enseñar-Filosofía-1080x380.png

Conversatorio-Virtual-Enseñar-Filosofía-960x480.png

https://filo.unt.edu.ar/noticias/wp-content/uploads/sites/74/2020/06/Conversatorio-Virtual-Enseñar-Filosofía-960x480.png

Conversatorio-Virtual-Enseñar-Filosofía-272x182.png

https://filo.unt.edu.ar/noticias/wp-content/uploads/sites/74/2020/06/Conversatorio-Virtual-Enseñar-Filosofía-272x182.png

Conversatorio-Virtual-Enseñar-Filosofía-436x272.png

https://filo.unt.edu.ar/noticias/wp-content/uploads/sites/74/2020/06/Conversatorio-Virtual-Enseñar-Filosofía-436x272.png

Conversatorio-Virtual-Enseñar-Filosofía.png

https://filo.unt.edu.ar/noticias/wp-content/uploads/sites/74/2020/06/Conversatorio-Virtual-Enseñar-Filosofía.png
