{"id":15,"date":"2016-02-25T15:39:39","date_gmt":"2016-02-25T15:39:39","guid":{"rendered":"http:\/\/filo.unt.edu.ar\/jornadasmodernacontemporanea\/?page_id=15"},"modified":"2016-02-25T15:39:39","modified_gmt":"2016-02-25T15:39:39","slug":"comite-organizador","status":"publish","type":"page","link":"https:\/\/filo.unt.edu.ar\/jornadasmodernacontemporanea\/comite-organizador\/","title":{"rendered":"Comit\u00e9 organizador"},"content":{"rendered":"<div id=\"pl-15\"  class=\"panel-layout\" ><div id=\"pg-15-0\"  class=\"panel-grid panel-no-style\" ><div id=\"pgc-15-0-0\"  class=\"panel-grid-cell\" ><div id=\"panel-15-0-0-0\" class=\"so-panel widget widget_black-studio-tinymce widget_black_studio_tinymce panel-first-child panel-last-child\" data-index=\"0\" ><div class=\"textwidget\"><p><strong>Comit\u00e9 Acad\u00e9mico: <\/strong><\/p>\n<p>Dr. Fernando A. Bahr (UNL-CONICET); Dra. Enriqueta Bezi\u00e1n de Busquets (Prof. Jubilada UNT); Dr. Christian R. Buchrucker (Prof. Em\u00e9rito UNCUYO); Dr. Fabi\u00e1n Alejandro Campagne (UBA); Dra. Judith Casali de Babot (Prof. Jubilada UNT); Dra. Mar\u00eda In\u00e9s Carzolio (UNLP); Dra. Nadia Andrea de Crist\u00f3foris (UBA-CONICET); Dra. Carolina Ferraris (UNCUYO); Dra. Mar\u00eda Luz Gonz\u00e1lez Mezquita (UNMDP); Dra. Mar\u00eda Victoria Grillo (Prof. Jubilada UBA); Dr. Nicol\u00e1s Kwiatkowski (UNSAM-CONICET); Dra. Cecilia Ester Lagunas (UNLU); Dr. Guillermo Nieva Ocampo (UNSA-CONICET).<\/p>\n<p><strong>Comit\u00e9 organizador local:<\/strong><\/p>\n<p>Srta. Griselda Elizabeth D\u00edaz; Prof. Mar\u00eda Marcela Fern\u00e1ndez Garc\u00eda; Dr. Marcelo Fabi\u00e1n Figueroa; Mg. Marcela Elena F\u00e1tima Jorrat; Prof. Florencia Lazarte; Mg. Gabriela Paula Lupia\u00f1ez; Dra. Andrea Mariana Navarro; Mg. Raquel Nieman; Prof. Pablo Sosa.<\/p>\n<\/div><\/div><\/div><\/div><\/div>","protected":false},"excerpt":{"rendered":"<p>Comit\u00e9 Acad\u00e9mico: Dr. Fernando A. Bahr (UNL-CONICET); Dra. Enriqueta Bezi\u00e1n de Busquets (Prof. Jubilada UNT); Dr. Christian R. Buchrucker (Prof. Em\u00e9rito UNCUYO); Dr. Fabi\u00e1n Alejandro Campagne (UBA); Dra. Judith Casali de Babot (Prof. Jubilada UNT); Dra. Mar\u00eda In\u00e9s Carzolio (UNLP); Dra. Nadia Andrea de Crist\u00f3foris (UBA-CONICET); Dra. Carolina Ferraris (UNCUYO); Dra. Mar\u00eda Luz Gonz\u00e1lez Mezquita [&hellip;]<\/p>\n","protected":false},"author":1,"featured_media":0,"parent":0,"menu_order":0,"comment_status":"closed","ping_status":"closed","template":"templates\/template-full-notitle.php","meta":{"footnotes":""},"class_list":["post-15","page","type-page","status-publish","hentry","post"],"_links":{"self":[{"href":"https:\/\/filo.unt.edu.ar\/jornadasmodernacontemporanea\/wp-json\/wp\/v2\/pages\/15","targetHints":{"allow":["GET"]}}],"collection":[{"href":"https:\/\/filo.unt.edu.ar\/jornadasmodernacontemporanea\/wp-json\/wp\/v2\/pages"}],"about":[{"href":"https:\/\/filo.unt.edu.ar\/jornadasmodernacontemporanea\/wp-json\/wp\/v2\/types\/page"}],"author":[{"embeddable":true,"href":"https:\/\/filo.unt.edu.ar\/jornadasmodernacontemporanea\/wp-json\/wp\/v2\/users\/1"}],"replies":[{"embeddable":true,"href":"https:\/\/filo.unt.edu.ar\/jornadasmodernacontemporanea\/wp-json\/wp\/v2\/comments?post=15"}],"version-history":[{"count":1,"href":"https:\/\/filo.unt.edu.ar\/jornadasmodernacontemporanea\/wp-json\/wp\/v2\/pages\/15\/revisions"}],"predecessor-version":[{"id":16,"href":"https:\/\/filo.unt.edu.ar\/jornadasmodernacontemporanea\/wp-json\/wp\/v2\/pages\/15\/revisions\/16"}],"wp:attachment":[{"href":"https:\/\/filo.unt.edu.ar\/jornadasmodernacontemporanea\/wp-json\/wp\/v2\/media?parent=15"}],"curies":[{"name":"wp","href":"https:\/\/api.w.org\/{rel}","templated":true}]}}

Comité organizador

<div id="pl-15"  class="panel-layout" ><div id="pg-15-0"  class="panel-grid panel-no-style" ><div id="pgc-15-0-0"  class="panel-grid-cell" ><div id="panel-15-0-0-0" class="so-panel widget widget_black-studio-tinymce widget_black_studio_tinymce panel-first-child panel-last-child" data-index="0" ><div class="textwidget"><p><strong>Comité Académico: </strong></p>
<p>Dr. Fernando A. Bahr (UNL-CONICET); Dra. Enriqueta Bezián de Busquets (Prof. Jubilada UNT); Dr. Christian R. Buchrucker (Prof. Emérito UNCUYO); Dr. Fabián Alejandro Campagne (UBA); Dra. Judith Casali de Babot (Prof. Jubilada UNT); Dra. María Inés Carzolio (UNLP); Dra. Nadia Andrea de Cristóforis (UBA-CONICET); Dra. Carolina Ferraris (UNCUYO); Dra. María Luz González Mezquita (UNMDP); Dra. María Victoria Grillo (Prof. Jubilada UBA); Dr. Nicolás Kwiatkowski (UNSAM-CONICET); Dra. Cecilia Ester Lagunas (UNLU); Dr. Guillermo Nieva Ocampo (UNSA-CONICET).</p>
<p><strong>Comité organizador local:</strong></p>
<p>Srta. Griselda Elizabeth Díaz; Prof. María Marcela Fernández García; Dr. Marcelo Fabián Figueroa; Mg. Marcela Elena Fátima Jorrat; Prof. Florencia Lazarte; Mg. Gabriela Paula Lupiañez; Dra. Andrea Mariana Navarro; Mg. Raquel Nieman; Prof. Pablo Sosa.</p>
</div></div></div></div></div>

<p>Comité Académico: Dr. Fernando A. Bahr (UNL-CONICET); Dra. Enriqueta Bezián de Busquets (Prof. Jubilada UNT); Dr. Christian R. Buchrucker (Prof. Emérito UNCUYO); Dr. Fabián Alejandro Campagne (UBA); Dra. Judith Casali de Babot (Prof. Jubilada UNT); Dra. María Inés Carzolio (UNLP); Dra. Nadia Andrea de Cristóforis (UBA-CONICET); Dra. Carolina Ferraris (UNCUYO); Dra. María Luz González Mezquita [&hellip;]</p>
