{"id":13,"date":"2016-02-25T15:37:58","date_gmt":"2016-02-25T15:37:58","guid":{"rendered":"http:\/\/filo.unt.edu.ar\/jornadasmodernacontemporanea\/?page_id=13"},"modified":"2016-08-02T11:26:34","modified_gmt":"2016-08-02T11:26:34","slug":"ejes-tematicos","status":"publish","type":"page","link":"https:\/\/filo.unt.edu.ar\/jornadasmodernacontemporanea\/ejes-tematicos\/","title":{"rendered":"Ejes Tem\u00e1ticos"},"content":{"rendered":"<div id=\"pl-13\"  class=\"panel-layout\" ><div id=\"pg-13-0\"  class=\"panel-grid panel-no-style\" ><div id=\"pgc-13-0-0\"  class=\"panel-grid-cell\" ><div id=\"panel-13-0-0-0\" class=\"so-panel widget widget_sow-button panel-first-child panel-last-child\" data-index=\"0\" ><div\n\t\t\t\n\t\t\tclass=\"so-widget-sow-button so-widget-sow-button-atom-7a40cec0deaf-13\"\n\t\t\t\n\t\t><div class=\"ow-button-base ow-button-align-justify\"\n style=\"display: block;\">\n\t\t\t<a\n\t\t\t\t\thref=\"http:\/\/filo.unt.edu.ar\/jornadasmodernacontemporanea\/wp-content\/uploads\/sites\/67\/2016\/08\/jornadas_historia_moderna_programa.pdf\"\n\t\t\t\t\tclass=\"sowb-button ow-icon-placement-left ow-button-hover\" target=\"_blank\" rel=\"noopener noreferrer\" \t>\n\t\t<span>\n\t\t\t\n\t\t\tDESCARGUE EL PROGRAMA DE LAS JORNADAS\t\t<\/span>\n\t\t\t<\/a>\n\t<\/div>\n<\/div><\/div><\/div><div id=\"pgc-13-0-1\"  class=\"panel-grid-cell panel-grid-cell-empty panel-grid-cell-mobile-last\" ><\/div><div id=\"pgc-13-0-2\"  class=\"panel-grid-cell panel-grid-cell-empty\" ><\/div><\/div><div id=\"pg-13-1\"  class=\"panel-grid panel-no-style\" ><div id=\"pgc-13-1-0\"  class=\"panel-grid-cell\" ><div id=\"panel-13-1-0-0\" class=\"so-panel widget widget_black-studio-tinymce widget_black_studio_tinymce panel-first-child panel-last-child\" data-index=\"1\" ><div class=\"textwidget\"><p>En esta IX edici\u00f3n se convoca a la presentaci\u00f3n de trabajos de investigaci\u00f3n que enfoquen tanto la historia de Europa como la de sus v\u00ednculos con el resto del mundo desde el siglo XV a nuestros d\u00edas seg\u00fan los siguientes ejes tem\u00e1ticos:<\/p>\n<ol>\n<li>Sociedad y econom\u00eda.<\/li>\n<li>Pensamiento, ciencia y cultura.<\/li>\n<li>Poder, gobierno y pol\u00edtica.<\/li>\n<li>Iglesia, espiritualidad y cultura.<\/li>\n<li>Enfoques historiogr\u00e1ficos, metodol\u00f3gicos y did\u00e1cticos.<\/li>\n<li>La Historia Moderna, la Historia Contempor\u00e1nea y su ense\u00f1anza.<\/li>\n<\/ol>\n<p>Las mesas espec\u00edficas se organizar\u00e1n seg\u00fan los res\u00famenes recibidos de acuerdo a los ejes tem\u00e1ticos arriba se\u00f1alados.<\/p>\n<p><strong>Actividades programadas:<\/strong><\/p>\n<ul>\n<li>Mesas tem\u00e1ticas.<\/li>\n<li>Mesas paneles.<\/li>\n<li>Presentaci\u00f3n de libros.<\/li>\n<li>Conferencias.<\/li>\n<li>Talleres.<\/li>\n<\/ul>\n<p><strong>Env\u00edo de res\u00famenes:<\/strong><\/p>\n<p>Los res\u00famenes se enviar\u00e1n a la direcci\u00f3n electr\u00f3nica <a href=\"mailto:jornadas-moderna-contemporanea@filo.unt.edu.ar\">jornadas-moderna-contemporanea@filo.unt.edu.ar<\/a> hasta el 15 de marzo de 2016 y contendr\u00e1n la siguiente informaci\u00f3n:<\/p>\n<ol>\n<li>Nombre y apellido completo del autor (se aceptar\u00e1n hasta dos autores por trabajo).<\/li>\n<li>Pertenencia institucional.<\/li>\n<li>Direcci\u00f3n postal, tel\u00e9fono, correo electr\u00f3nico y DNI.<\/li>\n<li>T\u00edtulo del trabajo.<\/li>\n<li>Resumen del trabajo de hasta 250 palabras, letra Times New Roman, tama\u00f1o 12, espaciado a 1,5.<\/li>\n<\/ol>\n<\/div><\/div><\/div><\/div><\/div>","protected":false},"excerpt":{"rendered":"<p>En esta IX edici\u00f3n se convoca a la presentaci\u00f3n de trabajos de investigaci\u00f3n que enfoquen tanto la historia de Europa como la de sus v\u00ednculos con el resto del mundo desde el siglo XV a nuestros d\u00edas seg\u00fan los siguientes ejes tem\u00e1ticos:Sociedad y econom\u00eda.Pensamiento, ciencia y cultura.Poder, gobierno y pol\u00edtica.Iglesia, espiritualidad y cultura.Enfoques historiogr\u00e1ficos, metodol\u00f3gicos [&hellip;]<\/p>\n","protected":false},"author":1,"featured_media":0,"parent":0,"menu_order":0,"comment_status":"closed","ping_status":"closed","template":"templates\/template-full-notitle.php","meta":{"footnotes":""},"class_list":["post-13","page","type-page","status-publish","hentry","post"],"_links":{"self":[{"href":"https:\/\/filo.unt.edu.ar\/jornadasmodernacontemporanea\/wp-json\/wp\/v2\/pages\/13","targetHints":{"allow":["GET"]}}],"collection":[{"href":"https:\/\/filo.unt.edu.ar\/jornadasmodernacontemporanea\/wp-json\/wp\/v2\/pages"}],"about":[{"href":"https:\/\/filo.unt.edu.ar\/jornadasmodernacontemporanea\/wp-json\/wp\/v2\/types\/page"}],"author":[{"embeddable":true,"href":"https:\/\/filo.unt.edu.ar\/jornadasmodernacontemporanea\/wp-json\/wp\/v2\/users\/1"}],"replies":[{"embeddable":true,"href":"https:\/\/filo.unt.edu.ar\/jornadasmodernacontemporanea\/wp-json\/wp\/v2\/comments?post=13"}],"version-history":[{"count":4,"href":"https:\/\/filo.unt.edu.ar\/jornadasmodernacontemporanea\/wp-json\/wp\/v2\/pages\/13\/revisions"}],"predecessor-version":[{"id":30,"href":"https:\/\/filo.unt.edu.ar\/jornadasmodernacontemporanea\/wp-json\/wp\/v2\/pages\/13\/revisions\/30"}],"wp:attachment":[{"href":"https:\/\/filo.unt.edu.ar\/jornadasmodernacontemporanea\/wp-json\/wp\/v2\/media?parent=13"}],"curies":[{"name":"wp","href":"https:\/\/api.w.org\/{rel}","templated":true}]}}

Ejes Temáticos

<div id="pl-13"  class="panel-layout" ><div id="pg-13-0"  class="panel-grid panel-no-style" ><div id="pgc-13-0-0"  class="panel-grid-cell" ><div id="panel-13-0-0-0" class="so-panel widget widget_sow-button panel-first-child panel-last-child" data-index="0" ><div
			
			class="so-widget-sow-button so-widget-sow-button-atom-7a40cec0deaf-13"
			
		><div class="ow-button-base ow-button-align-justify"
 style="display: block;">
			<a
					href="http://filo.unt.edu.ar/jornadasmodernacontemporanea/wp-content/uploads/sites/67/2016/08/jornadas_historia_moderna_programa.pdf"
					class="sowb-button ow-icon-placement-left ow-button-hover" target="_blank" rel="noopener noreferrer" 	>
		<span>
			
			DESCARGUE EL PROGRAMA DE LAS JORNADAS		</span>
			</a>
	</div>
</div></div></div><div id="pgc-13-0-1"  class="panel-grid-cell panel-grid-cell-empty panel-grid-cell-mobile-last" ></div><div id="pgc-13-0-2"  class="panel-grid-cell panel-grid-cell-empty" ></div></div><div id="pg-13-1"  class="panel-grid panel-no-style" ><div id="pgc-13-1-0"  class="panel-grid-cell" ><div id="panel-13-1-0-0" class="so-panel widget widget_black-studio-tinymce widget_black_studio_tinymce panel-first-child panel-last-child" data-index="1" ><div class="textwidget"><p>En esta IX edición se convoca a la presentación de trabajos de investigación que enfoquen tanto la historia de Europa como la de sus vínculos con el resto del mundo desde el siglo XV a nuestros días según los siguientes ejes temáticos:</p>
<ol>
<li>Sociedad y economía.</li>
<li>Pensamiento, ciencia y cultura.</li>
<li>Poder, gobierno y política.</li>
<li>Iglesia, espiritualidad y cultura.</li>
<li>Enfoques historiográficos, metodológicos y didácticos.</li>
<li>La Historia Moderna, la Historia Contemporánea y su enseñanza.</li>
</ol>
<p>Las mesas específicas se organizarán según los resúmenes recibidos de acuerdo a los ejes temáticos arriba señalados.</p>
<p><strong>Actividades programadas:</strong></p>
<ul>
<li>Mesas temáticas.</li>
<li>Mesas paneles.</li>
<li>Presentación de libros.</li>
<li>Conferencias.</li>
<li>Talleres.</li>
</ul>
<p><strong>Envío de resúmenes:</strong></p>
<p>Los resúmenes se enviarán a la dirección electrónica <a href="mailto:jornadas-moderna-contemporanea@filo.unt.edu.ar">jornadas-moderna-contemporanea@filo.unt.edu.ar</a> hasta el 15 de marzo de 2016 y contendrán la siguiente información:</p>
<ol>
<li>Nombre y apellido completo del autor (se aceptarán hasta dos autores por trabajo).</li>
<li>Pertenencia institucional.</li>
<li>Dirección postal, teléfono, correo electrónico y DNI.</li>
<li>Título del trabajo.</li>
<li>Resumen del trabajo de hasta 250 palabras, letra Times New Roman, tamaño 12, espaciado a 1,5.</li>
</ol>
</div></div></div></div></div>

<p>En esta IX edición se convoca a la presentación de trabajos de investigación que enfoquen tanto la historia de Europa como la de sus vínculos con el resto del mundo desde el siglo XV a nuestros días según los siguientes ejes temáticos:Sociedad y economía.Pensamiento, ciencia y cultura.Poder, gobierno y política.Iglesia, espiritualidad y cultura.Enfoques historiográficos, metodológicos [&hellip;]</p>
