{"id":6,"date":"2015-12-04T22:12:06","date_gmt":"2015-12-04T22:12:06","guid":{"rendered":"http:\/\/filo.unt.edu.ar\/jornadashistoriamemoria\/home-page\/"},"modified":"2016-08-16T12:12:11","modified_gmt":"2016-08-16T12:12:11","slug":"home-page","status":"publish","type":"page","link":"https:\/\/filo.unt.edu.ar\/jornadashistoriamemoria\/","title":{"rendered":"Home Page"},"content":{"rendered":"<div id=\"pl-6\"  class=\"panel-layout\" ><div id=\"pg-6-0\"  class=\"panel-grid panel-no-style\" ><div id=\"pgc-6-0-0\"  class=\"panel-grid-cell\" ><div id=\"panel-6-0-0-0\" class=\"so-panel widget widget_black-studio-tinymce widget_black_studio_tinymce panel-first-child\" data-index=\"0\" ><div class=\"panel-widget-style panel-widget-style-for-6-0-0-0\" ><div class=\"textwidget\"><h1 style=\"text-align: center;\">Jornadas de Historia y Memoria<\/h1>\n<h1 style=\"text-align: center;\">\u201c1966: Tucum\u00e1n y el cierre de los ingenios azucareros\u201d<\/h1>\n<h1 style=\"text-align: center;\">22, 23 y 24 de agosto de 2016 - Tucum\u00e1n<\/h1>\n<\/div><\/div><\/div><div id=\"panel-6-0-0-1\" class=\"so-panel widget widget_black-studio-tinymce widget_black_studio_tinymce panel-last-child\" data-index=\"1\" ><div class=\"panel-widget-style panel-widget-style-for-6-0-0-1\" ><div class=\"textwidget\"><p>El Instituto de Investigaciones Hist\u00f3ricas \u201cDr. Ram\u00f3n Leoni Pinto\u201d de la Facultad de Filosof\u00eda y Letras de la Universidad Nacional de Tucum\u00e1n organiza las Jornadas de Historia y Memoria: \u201c1966: Tucum\u00e1n y el cierre de los ingenios azucareros\u201d, los d\u00edas 22, 23 y 24 de agosto de 2016<\/p>\n<\/div><\/div><\/div><\/div><\/div><div id=\"pg-6-1\"  class=\"panel-grid panel-has-style\" ><div style=\"border-top: 1px solid #000000; \" class=\"panel-row-style panel-row-style-for-6-1\" ><div id=\"pgc-6-1-0\"  class=\"panel-grid-cell\" ><div id=\"panel-6-1-0-0\" class=\"so-panel widget widget_circleicon-widget panel-first-child\" data-index=\"2\" ><div class=\"panel-widget-style panel-widget-style-for-6-1-0-0\" >\t\t<div class=\"circle-icon-box circle-icon-position-top circle-icon-hide-box circle-icon-size-small\">\n\t\t\t<div class=\"circle-icon-wrapper\">\n\t\t\t\t\t\t\t\t<div class=\"circle-icon icon-style-set\" style=\"background-color: #FF0000\">\n\t\t\t\t\t<div class=\"fa fa-asterisk icon-color-set\" ><\/div>\t\t\t\t<\/div>\n\t\t\t\t\t\t\t<\/div>\n\n\t\t\t\t\t\t<h4 >PR\u00d3RROGA PRESENTACI\u00d3N DE RES\u00daMENES<\/h4>\t\t\t\n\t\t\t<p class=\"text\" >HASTA 20 DE MAYO DE 2016<\/p>\t\t\t\t\t<\/div>\n\t\t<\/div><\/div><div id=\"panel-6-1-0-1\" class=\"so-panel widget widget_circleicon-widget\" data-index=\"3\" ><div class=\"panel-widget-style panel-widget-style-for-6-1-0-1\" >\t\t<div class=\"circle-icon-box circle-icon-position-top circle-icon-hide-box circle-icon-size-small\">\n\t\t\t<div class=\"circle-icon-wrapper\">\n\t\t\t\t\t\t\t\t<div class=\"circle-icon\" >\n\t\t\t\t\t<div class=\"fa fa-clock-o\" ><\/div>\t\t\t\t<\/div>\n\t\t\t\t\t\t\t<\/div>\n\n\t\t\t\t\t\t<h4 >Presentaci\u00f3n de ponencias<\/h4>\t\t\t\n\t\t\t<p class=\"text\" >Hasta 01 de julio de 2016<\/p>\t\t\t\t\t<\/div>\n\t\t<\/div><\/div><div id=\"panel-6-1-0-2\" class=\"so-panel widget widget_sow-button\" data-index=\"4\" ><div\n\t\t\t\n\t\t\tclass=\"so-widget-sow-button so-widget-sow-button-atom-8d8113b411bf-6\"\n\t\t\t\n\t\t><div class=\"ow-button-base ow-button-align-justify\"\n style=\"display: block;\">\n\t\t\t<a\n\t\t\t\t\thref=\"http:\/\/filo.unt.edu.ar\/jornadashistoriamemoria\/wp-content\/uploads\/sites\/65\/2016\/04\/RESOLUCION_JORNADAS_HISTORIA_MEMORIA.pdf\"\n\t\t\t\t\tclass=\"sowb-button ow-icon-placement-left ow-button-hover\" target=\"_blank\" rel=\"noopener noreferrer\" \t>\n\t\t<span>\n\t\t\t\n\t\t\tDESCARGUE LA RESOLUCI\u00d3N DE AUSPICIO\t\t<\/span>\n\t\t\t<\/a>\n\t<\/div>\n<\/div><\/div><div id=\"panel-6-1-0-3\" class=\"so-panel widget widget_sow-button\" data-index=\"5\" ><div\n\t\t\t\n\t\t\tclass=\"so-widget-sow-button so-widget-sow-button-atom-5edf495ee671-6\"\n\t\t\t\n\t\t><div class=\"ow-button-base ow-button-align-justify\"\n style=\"display: block;\">\n\t\t\t<a\n\t\t\t\t\thref=\"http:\/\/filo.unt.edu.ar\/jornadashistoriamemoria\/wp-content\/uploads\/sites\/65\/2016\/04\/jornadas_historia_memoria_circular_2.pdf\"\n\t\t\t\t\tclass=\"sowb-button ow-icon-placement-left ow-button-hover\" target=\"_blank\" rel=\"noopener noreferrer\" \t>\n\t\t<span>\n\t\t\t\n\t\t\tDESCARGUE LA 2\u00b0 CIRCULAR\t\t<\/span>\n\t\t\t<\/a>\n\t<\/div>\n<\/div><\/div><div id=\"panel-6-1-0-4\" class=\"so-panel widget widget_sow-button\" data-index=\"6\" ><div\n\t\t\t\n\t\t\tclass=\"so-widget-sow-button so-widget-sow-button-atom-5edf495ee671-6\"\n\t\t\t\n\t\t><div class=\"ow-button-base ow-button-align-justify\"\n style=\"display: block;\">\n\t\t\t<a\n\t\t\t\t\thref=\"http:\/\/filo.unt.edu.ar\/jornadashistoriamemoria\/wp-content\/uploads\/sites\/65\/2015\/12\/jornadas_historia_memoria_circular_1.pdf\"\n\t\t\t\t\tclass=\"sowb-button ow-icon-placement-left ow-button-hover\" target=\"_blank\" rel=\"noopener noreferrer\" \t>\n\t\t<span>\n\t\t\t\n\t\t\tDESCARGUE LA 1\u00b0 CIRCULAR\t\t<\/span>\n\t\t\t<\/a>\n\t<\/div>\n<\/div><\/div><div id=\"panel-6-1-0-5\" class=\"so-panel widget widget_black-studio-tinymce widget_black_studio_tinymce panel-last-child\" data-index=\"7\" ><div class=\"panel-widget-style panel-widget-style-for-6-1-0-5\" ><div class=\"textwidget\"><p>&nbsp;<\/p>\n<p><a href=\"http:\/\/filo.unt.edu.ar\/caminatas-historicas\" target=\"_blank\"><img loading=\"lazy\" decoding=\"async\" class=\"aligncenter wp-image-7057 size-medium\" src=\"http:\/\/filo.unt.edu.ar\/wp-content\/uploads\/2016\/08\/CAMINATAS-AGOSTO-300x169.jpg\" alt=\"CAMINATAS HIST\u00d3RICAS\" width=\"300\" height=\"169\" \/><\/a><\/p>\n<p>&nbsp;<\/p>\n<\/div><\/div><\/div><\/div><div id=\"pgc-6-1-1\"  class=\"panel-grid-cell\" ><div id=\"panel-6-1-1-0\" class=\"so-panel widget widget_black-studio-tinymce widget_black_studio_tinymce panel-first-child panel-last-child\" data-index=\"8\" ><div class=\"panel-widget-style panel-widget-style-for-6-1-1-0\" ><h3 class=\"widget-title\">CONTACTO<\/h3><div class=\"textwidget\"><p>[contact-form-7 id=\"38\" title=\"Contacto\"]<\/p>\n<\/div><\/div><\/div><\/div><\/div><\/div><\/div>","protected":false},"excerpt":{"rendered":"<p>Jornadas de Historia y Memoria\u201c1966: Tucum\u00e1n y el cierre de los ingenios azucareros\u201d22, 23 y 24 de agosto de 2016 &#8211; Tucum\u00e1n El Instituto de Investigaciones Hist\u00f3ricas \u201cDr. Ram\u00f3n Leoni Pinto\u201d de la Facultad de Filosof\u00eda y Letras de la Universidad Nacional de Tucum\u00e1n organiza las Jornadas de Historia y Memoria: \u201c1966: Tucum\u00e1n y el [&hellip;]<\/p>\n","protected":false},"author":1,"featured_media":0,"parent":0,"menu_order":0,"comment_status":"closed","ping_status":"closed","template":"home-panels.php","meta":{"footnotes":""},"class_list":["post-6","page","type-page","status-publish","hentry","post"],"_links":{"self":[{"href":"https:\/\/filo.unt.edu.ar\/jornadashistoriamemoria\/wp-json\/wp\/v2\/pages\/6","targetHints":{"allow":["GET"]}}],"collection":[{"href":"https:\/\/filo.unt.edu.ar\/jornadashistoriamemoria\/wp-json\/wp\/v2\/pages"}],"about":[{"href":"https:\/\/filo.unt.edu.ar\/jornadashistoriamemoria\/wp-json\/wp\/v2\/types\/page"}],"author":[{"embeddable":true,"href":"https:\/\/filo.unt.edu.ar\/jornadashistoriamemoria\/wp-json\/wp\/v2\/users\/1"}],"replies":[{"embeddable":true,"href":"https:\/\/filo.unt.edu.ar\/jornadashistoriamemoria\/wp-json\/wp\/v2\/comments?post=6"}],"version-history":[{"count":1,"href":"https:\/\/filo.unt.edu.ar\/jornadashistoriamemoria\/wp-json\/wp\/v2\/pages\/6\/revisions"}],"predecessor-version":[{"id":40,"href":"https:\/\/filo.unt.edu.ar\/jornadashistoriamemoria\/wp-json\/wp\/v2\/pages\/6\/revisions\/40"}],"wp:attachment":[{"href":"https:\/\/filo.unt.edu.ar\/jornadashistoriamemoria\/wp-json\/wp\/v2\/media?parent=6"}],"curies":[{"name":"wp","href":"https:\/\/api.w.org\/{rel}","templated":true}]}}