{"id":30,"date":"2015-12-08T22:46:09","date_gmt":"2015-12-08T22:46:09","guid":{"rendered":"http:\/\/filo.unt.edu.ar\/jornadashistoriamemoria\/?page_id=30"},"modified":"2015-12-08T22:49:47","modified_gmt":"2015-12-08T22:49:47","slug":"comision-organizadora","status":"publish","type":"page","link":"https:\/\/filo.unt.edu.ar\/jornadashistoriamemoria\/comision-organizadora\/","title":{"rendered":"Comisi\u00f3n Organizadora"},"content":{"rendered":"<div id=\"pl-30\"  class=\"panel-layout\" ><div id=\"pg-30-0\"  class=\"panel-grid panel-no-style\" ><div id=\"pgc-30-0-0\"  class=\"panel-grid-cell\" ><div id=\"panel-30-0-0-0\" class=\"so-panel widget widget_black-studio-tinymce widget_black_studio_tinymce panel-first-child panel-last-child\" data-index=\"0\" ><div class=\"textwidget\"><p>La organizaci\u00f3n de este evento estar\u00e1 a cargo de los miembros del Instituto de Investigaciones Hist\u00f3ricas \u201cDr. Ram\u00f3n Leoni Pinto\u201d, con la direcci\u00f3n de su Director y Comisi\u00f3n Asesora: Oscar Pavetti, Beatriz Garrido, Marta Barbieri-Guardia y Roberto Pucci, en conjunto con la Directora de la Secretaria de Extensi\u00f3n de la Facultad de Filosof\u00eda y Letras de la UNT, Prof. Isabel Amate P\u00e9rez.<\/p>\n<\/div><\/div><\/div><\/div><\/div>","protected":false},"excerpt":{"rendered":"<p>La organizaci\u00f3n de este evento estar\u00e1 a cargo de los miembros del Instituto de Investigaciones Hist\u00f3ricas \u201cDr. Ram\u00f3n Leoni Pinto\u201d, con la direcci\u00f3n de su Director y Comisi\u00f3n Asesora: Oscar Pavetti, Beatriz Garrido, Marta Barbieri-Guardia y Roberto Pucci, en conjunto con la Directora de la Secretaria de Extensi\u00f3n de la Facultad de Filosof\u00eda y Letras [&hellip;]<\/p>\n","protected":false},"author":1,"featured_media":0,"parent":0,"menu_order":0,"comment_status":"closed","ping_status":"closed","template":"templates\/template-full-notitle.php","meta":{"footnotes":""},"class_list":["post-30","page","type-page","status-publish","hentry","post"],"_links":{"self":[{"href":"https:\/\/filo.unt.edu.ar\/jornadashistoriamemoria\/wp-json\/wp\/v2\/pages\/30","targetHints":{"allow":["GET"]}}],"collection":[{"href":"https:\/\/filo.unt.edu.ar\/jornadashistoriamemoria\/wp-json\/wp\/v2\/pages"}],"about":[{"href":"https:\/\/filo.unt.edu.ar\/jornadashistoriamemoria\/wp-json\/wp\/v2\/types\/page"}],"author":[{"embeddable":true,"href":"https:\/\/filo.unt.edu.ar\/jornadashistoriamemoria\/wp-json\/wp\/v2\/users\/1"}],"replies":[{"embeddable":true,"href":"https:\/\/filo.unt.edu.ar\/jornadashistoriamemoria\/wp-json\/wp\/v2\/comments?post=30"}],"version-history":[{"count":1,"href":"https:\/\/filo.unt.edu.ar\/jornadashistoriamemoria\/wp-json\/wp\/v2\/pages\/30\/revisions"}],"predecessor-version":[{"id":31,"href":"https:\/\/filo.unt.edu.ar\/jornadashistoriamemoria\/wp-json\/wp\/v2\/pages\/30\/revisions\/31"}],"wp:attachment":[{"href":"https:\/\/filo.unt.edu.ar\/jornadashistoriamemoria\/wp-json\/wp\/v2\/media?parent=30"}],"curies":[{"name":"wp","href":"https:\/\/api.w.org\/{rel}","templated":true}]}}

Comisión Organizadora

<div id="pl-30"  class="panel-layout" ><div id="pg-30-0"  class="panel-grid panel-no-style" ><div id="pgc-30-0-0"  class="panel-grid-cell" ><div id="panel-30-0-0-0" class="so-panel widget widget_black-studio-tinymce widget_black_studio_tinymce panel-first-child panel-last-child" data-index="0" ><div class="textwidget"><p>La organización de este evento estará a cargo de los miembros del Instituto de Investigaciones Históricas “Dr. Ramón Leoni Pinto”, con la dirección de su Director y Comisión Asesora: Oscar Pavetti, Beatriz Garrido, Marta Barbieri-Guardia y Roberto Pucci, en conjunto con la Directora de la Secretaria de Extensión de la Facultad de Filosofía y Letras de la UNT, Prof. Isabel Amate Pérez.</p>
</div></div></div></div></div>

<p>La organización de este evento estará a cargo de los miembros del Instituto de Investigaciones Históricas “Dr. Ramón Leoni Pinto”, con la dirección de su Director y Comisión Asesora: Oscar Pavetti, Beatriz Garrido, Marta Barbieri-Guardia y Roberto Pucci, en conjunto con la Directora de la Secretaria de Extensión de la Facultad de Filosofía y Letras [&hellip;]</p>
