{"id":37,"date":"2018-12-04T10:32:25","date_gmt":"2018-12-04T13:32:25","guid":{"rendered":"http:\/\/filo.unt.edu.ar\/insil\/?page_id=37"},"modified":"2022-03-25T22:44:12","modified_gmt":"2022-03-26T01:44:12","slug":"publicaciones1","status":"publish","type":"page","link":"https:\/\/filo.unt.edu.ar\/insil\/publicaciones1\/","title":{"rendered":"Publicaciones"},"content":{"rendered":"\n<figure class=\"wp-block-image size-full is-resized\"><img loading=\"lazy\" decoding=\"async\" src=\"http:\/\/filo.unt.edu.ar\/insil\/wp-content\/uploads\/sites\/87\/2022\/03\/2022-03-25-22_16_27-Descargas-gratis-\u2013-Facultad-de-Filosofia-y-Letras-Universidad-Nacional-de-Tucuma.png\" alt=\"\" class=\"wp-image-376\" width=\"213\" height=\"298\" srcset=\"https:\/\/filo.unt.edu.ar\/insil\/wp-content\/uploads\/sites\/87\/2022\/03\/2022-03-25-22_16_27-Descargas-gratis-\u2013-Facultad-de-Filosofia-y-Letras-Universidad-Nacional-de-Tucuma.png 267w, https:\/\/filo.unt.edu.ar\/insil\/wp-content\/uploads\/sites\/87\/2022\/03\/2022-03-25-22_16_27-Descargas-gratis-\u2013-Facultad-de-Filosofia-y-Letras-Universidad-Nacional-de-Tucuma-215x300.png 215w\" sizes=\"auto, (max-width: 213px) 100vw, 213px\" \/><\/figure>\n\n\n\n<p>T\u00edtulo: Voces en los cancioneros de Juan Alfonso Carrizo<\/p>\n\n\n\n<p>Autora: Mar\u00eda Graciela Castro\u00a0<\/p>\n\n\n\n<p>ISBN: 978 987 754 217 2<\/p>\n\n\n\n<p>Desc\u00e1rgalo gratis <a rel=\"noreferrer noopener\" href=\"http:\/\/filo.unt.edu.ar\/2021\/11\/05\/voces-en-los-cancioneros-de-juan-alfonso-carrizo\/\" target=\"_blank\">aqu\u00ed<\/a><\/p>\n\n\n\n<figure class=\"wp-block-image size-full is-resized\"><img loading=\"lazy\" decoding=\"async\" src=\"http:\/\/filo.unt.edu.ar\/insil\/wp-content\/uploads\/sites\/87\/2022\/03\/2022-03-25-22_16_52-Descargas-gratis-\u2013-Facultad-de-Filosofia-y-Letras-Universidad-Nacional-de-Tucuma.png\" alt=\"\" class=\"wp-image-375\" width=\"220\" height=\"297\" srcset=\"https:\/\/filo.unt.edu.ar\/insil\/wp-content\/uploads\/sites\/87\/2022\/03\/2022-03-25-22_16_52-Descargas-gratis-\u2013-Facultad-de-Filosofia-y-Letras-Universidad-Nacional-de-Tucuma.png 274w, https:\/\/filo.unt.edu.ar\/insil\/wp-content\/uploads\/sites\/87\/2022\/03\/2022-03-25-22_16_52-Descargas-gratis-\u2013-Facultad-de-Filosofia-y-Letras-Universidad-Nacional-de-Tucuma-223x300.png 223w\" sizes=\"auto, (max-width: 220px) 100vw, 220px\" \/><\/figure>\n\n\n\n<p>T\u00edtulo: El rugido del instante. Antolog\u00eda Literaria<\/p>\n\n\n\n<p>Compilaci\u00f3n: Oscar Mart\u00edn Aguierrez<\/p>\n\n\n\n<p>Autores: Varios<\/p>\n\n\n\n<p>ISBN: ISBN 978-987-754-218-9<\/p>\n\n\n\n<p>Desc\u00e1rgalo gratis <a href=\"http:\/\/filo.unt.edu.ar\/2020\/09\/03\/el-rugido-del-instante\/\" target=\"_blank\" rel=\"noreferrer noopener\">aqu\u00ed<\/a><\/p>\n\n\n\n<figure class=\"wp-block-image size-full is-resized\"><img loading=\"lazy\" decoding=\"async\" src=\"http:\/\/filo.unt.edu.ar\/insil\/wp-content\/uploads\/sites\/87\/2022\/03\/2022-03-25-22_14_19-Descargas-gratis-\u2013-Facultad-de-Filosofia-y-Letras-Universidad-Nacional-de-Tucuma.png\" alt=\"\" class=\"wp-image-373\" width=\"216\" height=\"304\" srcset=\"https:\/\/filo.unt.edu.ar\/insil\/wp-content\/uploads\/sites\/87\/2022\/03\/2022-03-25-22_14_19-Descargas-gratis-\u2013-Facultad-de-Filosofia-y-Letras-Universidad-Nacional-de-Tucuma.png 264w, https:\/\/filo.unt.edu.ar\/insil\/wp-content\/uploads\/sites\/87\/2022\/03\/2022-03-25-22_14_19-Descargas-gratis-\u2013-Facultad-de-Filosofia-y-Letras-Universidad-Nacional-de-Tucuma-213x300.png 213w\" sizes=\"auto, (max-width: 216px) 100vw, 216px\" \/><\/figure>\n\n\n\n<p>T\u00edtulo: Italiano tra due mondi. Corso interculturale di italiano per argentini &#8211; Livello A1-A2<\/p>\n\n\n\n<p>Autoras: Elena Acevedo de Bomba \/ Mar\u00eda del Carmen Pil\u00e1n \/ Fulvia G. Lisi<\/p>\n\n\n\n<p>ISBN: 978-950-554-751-7<\/p>\n\n\n\n<p>Desc\u00e1rgalo gratis <a href=\"http:\/\/filo.unt.edu.ar\/2020\/05\/11\/italiano-tra-due-mondi-corso-interculturale-di-italiano-per-argentini\/\" target=\"_blank\" rel=\"noreferrer noopener\">aqu\u00ed<\/a> <\/p>\n\n\n\n<figure class=\"wp-block-image size-full is-resized\"><img loading=\"lazy\" decoding=\"async\" src=\"http:\/\/filo.unt.edu.ar\/insil\/wp-content\/uploads\/sites\/87\/2022\/03\/2022-03-25-22_16_01-Descargas-gratis-\u2013-Facultad-de-Filosofia-y-Letras-Universidad-Nacional-de-Tucuma.png\" alt=\"\" class=\"wp-image-368\" width=\"216\" height=\"311\" srcset=\"https:\/\/filo.unt.edu.ar\/insil\/wp-content\/uploads\/sites\/87\/2022\/03\/2022-03-25-22_16_01-Descargas-gratis-\u2013-Facultad-de-Filosofia-y-Letras-Universidad-Nacional-de-Tucuma.png 262w, https:\/\/filo.unt.edu.ar\/insil\/wp-content\/uploads\/sites\/87\/2022\/03\/2022-03-25-22_16_01-Descargas-gratis-\u2013-Facultad-de-Filosofia-y-Letras-Universidad-Nacional-de-Tucuma-208x300.png 208w\" sizes=\"auto, (max-width: 216px) 100vw, 216px\" \/><\/figure>\n\n\n\n<p>T\u00edtulo: La juventud en el discurso: representaciones sociales, prensa y chat<\/p>\n\n\n\n<p>Autora: Mar\u00eda Gabriela Palazzo<\/p>\n\n\n\n<p>ISBN: 978-950-554-662-6<\/p>\n\n\n\n<p>Desc\u00e1rgalo gratis <a href=\"http:\/\/filo.unt.edu.ar\/2020\/09\/29\/la-juventud-en-el-discurso-representaciones-sociales-prensa-y-chat\/\" data-type=\"URL\" data-id=\"http:\/\/filo.unt.edu.ar\/2020\/09\/29\/la-juventud-en-el-discurso-representaciones-sociales-prensa-y-chat\/\">aqu\u00ed<\/a><\/p>\n\n\n\n<figure class=\"wp-block-image size-full is-resized\"><img loading=\"lazy\" decoding=\"async\" src=\"http:\/\/filo.unt.edu.ar\/insil\/wp-content\/uploads\/sites\/87\/2022\/03\/2022-03-25-21_48_55-Descargas-gratis-\u2013-Facultad-de-Filosofia-y-Letras-Universidad-Nacional-de-Tucuma.png\" alt=\"\" class=\"wp-image-344\" width=\"229\" height=\"305\" srcset=\"https:\/\/filo.unt.edu.ar\/insil\/wp-content\/uploads\/sites\/87\/2022\/03\/2022-03-25-21_48_55-Descargas-gratis-\u2013-Facultad-de-Filosofia-y-Letras-Universidad-Nacional-de-Tucuma.png 279w, https:\/\/filo.unt.edu.ar\/insil\/wp-content\/uploads\/sites\/87\/2022\/03\/2022-03-25-21_48_55-Descargas-gratis-\u2013-Facultad-de-Filosofia-y-Letras-Universidad-Nacional-de-Tucuma-226x300.png 226w\" sizes=\"auto, (max-width: 229px) 100vw, 229px\" \/><\/figure>\n\n\n\n<p class=\"has-text-align-left\">T\u00edtulo: <strong>De naranjos tarcos y cardones. Curso de espa\u00f1ol para extranjeros. Niveles A1 A2<\/strong><\/p>\n\n\n\n<p>Autoras: Elena Acevedo de Bomba \/  Mar\u00eda del Carmen Pil\u00e1n<\/p>\n\n\n\n<p>ISBN 978-950-554-752-4 <\/p>\n\n\n\n<p>Desc\u00e1rgalo gratis <a rel=\"noreferrer noopener\" aria-label=\" (opens in a new tab)\" href=\"https:\/\/drive.google.com\/file\/d\/0B6MEvEIGrBWkRjJSSzl0ajJKUU0\/view\" target=\"_blank\">aqu\u00ed<\/a><\/p>\n\n\n\n<figure class=\"wp-block-image size-full is-resized\"><img loading=\"lazy\" decoding=\"async\" src=\"http:\/\/filo.unt.edu.ar\/insil\/wp-content\/uploads\/sites\/87\/2022\/03\/2022-03-25-22_03_45-Descargas-gratis-\u2013-Facultad-de-Filosofia-y-Letras-Universidad-Nacional-de-Tucuma.png\" alt=\"\" class=\"wp-image-360\" width=\"237\" height=\"331\" srcset=\"https:\/\/filo.unt.edu.ar\/insil\/wp-content\/uploads\/sites\/87\/2022\/03\/2022-03-25-22_03_45-Descargas-gratis-\u2013-Facultad-de-Filosofia-y-Letras-Universidad-Nacional-de-Tucuma.png 271w, https:\/\/filo.unt.edu.ar\/insil\/wp-content\/uploads\/sites\/87\/2022\/03\/2022-03-25-22_03_45-Descargas-gratis-\u2013-Facultad-de-Filosofia-y-Letras-Universidad-Nacional-de-Tucuma-215x300.png 215w\" sizes=\"auto, (max-width: 237px) 100vw, 237px\" \/><\/figure>\n\n\n\n<p>T\u00edtulo: <strong>El mar en la lengua y la literatura italianas<\/strong><\/p>\n\n\n\n<p>Compiladores: Elena Acevedo de Bomba \/ Mar\u00eda del Carmen Pil\u00e1n \/ Carlos E. Castilla<\/p>\n\n\n\n<p>ISBN 978-987-754-159-5<\/p>\n\n\n\n<p>Desc\u00e1rgalo gratis <a href=\"https:\/\/drive.google.com\/file\/d\/14Z1fNfIdCCIGcyJ88mttDNoay3FXSeps\/view\">aqu\u00ed<\/a><\/p>\n\n\n\n<figure class=\"wp-block-image size-full is-resized\"><img loading=\"lazy\" decoding=\"async\" src=\"http:\/\/filo.unt.edu.ar\/insil\/wp-content\/uploads\/sites\/87\/2022\/03\/2022-03-25-21_52_32-Descargas-gratis-\u2013-Facultad-de-Filosofia-y-Letras-Universidad-Nacional-de-Tucuma.png\" alt=\"\" class=\"wp-image-347\" width=\"236\" height=\"294\" srcset=\"https:\/\/filo.unt.edu.ar\/insil\/wp-content\/uploads\/sites\/87\/2022\/03\/2022-03-25-21_52_32-Descargas-gratis-\u2013-Facultad-de-Filosofia-y-Letras-Universidad-Nacional-de-Tucuma.png 293w, https:\/\/filo.unt.edu.ar\/insil\/wp-content\/uploads\/sites\/87\/2022\/03\/2022-03-25-21_52_32-Descargas-gratis-\u2013-Facultad-de-Filosofia-y-Letras-Universidad-Nacional-de-Tucuma-241x300.png 241w\" sizes=\"auto, (max-width: 236px) 100vw, 236px\" \/><\/figure>\n\n\n\n<p>T\u00edtulo: <strong>Metamorfosis y fronteras en la escritura franc\u00f3fona y cercanas<\/strong><\/p>\n\n\n\n<p>Compiladoras:  Mar\u00eda Mercedes Borkosky  \/ Mar\u00eda Graciela Castro<\/p>\n\n\n\n<p>ISBN  978-987-754-039-0 <\/p>\n\n\n\n<p>Desc\u00e1rgalo gratis <a href=\"http:\/\/filo.unt.edu.ar\/metamorfosis-y-fronteras-en-la-escritura-francofona-y-cercanas\/\">aqu\u00ed<\/a><\/p>\n\n\n\n<figure class=\"wp-block-image size-full is-resized\"><img loading=\"lazy\" decoding=\"async\" src=\"http:\/\/filo.unt.edu.ar\/insil\/wp-content\/uploads\/sites\/87\/2022\/03\/2022-03-25-22_06_58-https-Word-Error-de-activacion-de-productos-1.png\" alt=\"\" class=\"wp-image-362\" width=\"240\" height=\"332\" srcset=\"https:\/\/filo.unt.edu.ar\/insil\/wp-content\/uploads\/sites\/87\/2022\/03\/2022-03-25-22_06_58-https-Word-Error-de-activacion-de-productos-1.png 661w, https:\/\/filo.unt.edu.ar\/insil\/wp-content\/uploads\/sites\/87\/2022\/03\/2022-03-25-22_06_58-https-Word-Error-de-activacion-de-productos-1-217x300.png 217w\" sizes=\"auto, (max-width: 240px) 100vw, 240px\" \/><\/figure>\n\n\n\n<p>T\u00edtulo: <strong>Escribir\u00e9 y ser\u00e9 millones<\/strong><\/p>\n\n\n\n<p>Compiladora: Mercedes Borkosky<\/p>\n\n\n\n<p>ISBN 978-987-754-163-2<\/p>\n\n\n\n<p>Desc\u00e1rgalo gratis <a href=\"https:\/\/drive.google.com\/file\/d\/1miabKxy3Iv2aP7n4MIM_t9sJWSJTSW_O\/view\">aqu\u00ed<\/a><\/p>\n\n\n\n<figure class=\"wp-block-image size-full is-resized\"><img loading=\"lazy\" decoding=\"async\" src=\"http:\/\/filo.unt.edu.ar\/insil\/wp-content\/uploads\/sites\/87\/2022\/03\/2022-03-25-22_11_29-Descargas-gratis-\u2013-Facultad-de-Filosofia-y-Letras-Universidad-Nacional-de-Tucuma.png\" alt=\"\" class=\"wp-image-364\" width=\"245\" height=\"349\" srcset=\"https:\/\/filo.unt.edu.ar\/insil\/wp-content\/uploads\/sites\/87\/2022\/03\/2022-03-25-22_11_29-Descargas-gratis-\u2013-Facultad-de-Filosofia-y-Letras-Universidad-Nacional-de-Tucuma.png 263w, https:\/\/filo.unt.edu.ar\/insil\/wp-content\/uploads\/sites\/87\/2022\/03\/2022-03-25-22_11_29-Descargas-gratis-\u2013-Facultad-de-Filosofia-y-Letras-Universidad-Nacional-de-Tucuma-210x300.png 210w\" sizes=\"auto, (max-width: 245px) 100vw, 245px\" \/><\/figure>\n\n\n\n<p>T\u00edtulo: <strong>INTRODUCCI\u00d3N A LA LING\u00dc\u00cdSTICA. Problem\u00e1ticas, teor\u00edas y debates<\/strong><\/p>\n\n\n\n<p>Autora: Mar\u00eda Stella Taboada<\/p>\n\n\n\n<p>ISBN 978-987-754-168-7<\/p>\n\n\n\n<p>Desc\u00e1rgalo gratis <a href=\"https:\/\/drive.google.com\/file\/d\/1ZVyuSiTr0nIt03P3H-ui2Hb4KwLEphWw\/view\">aqu\u00ed<\/a><\/p>\n\n\n<p><!--EndFragment--><\/p>\n<p><img loading=\"lazy\" decoding=\"async\" class=\"alignnone  wp-image-204\" src=\"http:\/\/filo.unt.edu.ar\/insil\/wp-content\/uploads\/sites\/87\/2020\/02\/tesis-castilla-tapa-225x300.jpg\" alt=\"\" width=\"139\" height=\"185\" srcset=\"https:\/\/filo.unt.edu.ar\/insil\/wp-content\/uploads\/sites\/87\/2020\/02\/tesis-castilla-tapa-225x300.jpg 225w, https:\/\/filo.unt.edu.ar\/insil\/wp-content\/uploads\/sites\/87\/2020\/02\/tesis-castilla-tapa-768x1024.jpg 768w, https:\/\/filo.unt.edu.ar\/insil\/wp-content\/uploads\/sites\/87\/2020\/02\/tesis-castilla-tapa-600x800.jpg 600w\" sizes=\"auto, (max-width: 139px) 100vw, 139px\" \/><\/p>\n<p>T\u00edtulo:\u00a0<strong>La versi\u00f3n espa\u00f1ola de<em> De Rebus Oceanicis et Novo Orbe Decades<\/em> de Pedro M\u00e1rtir de Angler\u00eda. Estudios de las operaciones discursivas del traductor. (Serie Tesis &#8211; 2013)<\/strong><\/p>\n<p>Autor: Carlos E. Castilla<\/p>\n<p>ISBN: 978 950 554 822 4<\/p>\n<p>Edici\u00f3n papel: solicitar sin cargo v\u00eda <a href=\"historiadelespaniol.castilla@filo.unt.edu.ar\">mail<\/a><\/p>\n\n\n<figure class=\"wp-block-image is-resized\"><img loading=\"lazy\" decoding=\"async\" src=\"http:\/\/filo.unt.edu.ar\/insil\/wp-content\/uploads\/sites\/87\/2020\/02\/tapa-silvina-tesis-1-768x1024.jpg\" alt=\"\" class=\"wp-image-206\" width=\"133\" height=\"176\" srcset=\"https:\/\/filo.unt.edu.ar\/insil\/wp-content\/uploads\/sites\/87\/2020\/02\/tapa-silvina-tesis-1-768x1024.jpg 768w, https:\/\/filo.unt.edu.ar\/insil\/wp-content\/uploads\/sites\/87\/2020\/02\/tapa-silvina-tesis-1-225x300.jpg 225w, https:\/\/filo.unt.edu.ar\/insil\/wp-content\/uploads\/sites\/87\/2020\/02\/tapa-silvina-tesis-1-600x800.jpg 600w\" sizes=\"auto, (max-width: 133px) 100vw, 133px\" \/><\/figure>\n\n\n\n<p>T\u00edtulo:&nbsp;<strong>Estrategias discursivas de la atenuaci\u00f3n en Tucum\u00e1n. (Serie Tesis &#8211; 2007)<\/strong><\/p>\n\n\n\n<p>Autor: Silvina Douglas<\/p>\n\n\n\n<p>ISBN: 978 950 554 534 6<\/p>\n\n\n\n<p>Edici\u00f3n papel<\/p>\n","protected":false},"excerpt":{"rendered":"<p>T\u00edtulo: Voces en los cancioneros de Juan Alfonso Carrizo Autora: Mar\u00eda Graciela Castro\u00a0 ISBN: 978 987 754 217 2 Desc\u00e1rgalo gratis aqu\u00ed T\u00edtulo: El rugido del instante. Antolog\u00eda Literaria Compilaci\u00f3n: Oscar Mart\u00edn Aguierrez Autores: Varios ISBN: ISBN 978-987-754-218-9 Desc\u00e1rgalo gratis aqu\u00ed T\u00edtulo: Italiano tra due mondi. Corso interculturale di italiano per argentini &#8211; Livello A1-A2 [&hellip;]<\/p>\n","protected":false},"author":1,"featured_media":0,"parent":0,"menu_order":0,"comment_status":"closed","ping_status":"closed","template":"","meta":{"footnotes":""},"class_list":["post-37","page","type-page","status-publish","hentry","post"],"_links":{"self":[{"href":"https:\/\/filo.unt.edu.ar\/insil\/wp-json\/wp\/v2\/pages\/37","targetHints":{"allow":["GET"]}}],"collection":[{"href":"https:\/\/filo.unt.edu.ar\/insil\/wp-json\/wp\/v2\/pages"}],"about":[{"href":"https:\/\/filo.unt.edu.ar\/insil\/wp-json\/wp\/v2\/types\/page"}],"author":[{"embeddable":true,"href":"https:\/\/filo.unt.edu.ar\/insil\/wp-json\/wp\/v2\/users\/1"}],"replies":[{"embeddable":true,"href":"https:\/\/filo.unt.edu.ar\/insil\/wp-json\/wp\/v2\/comments?post=37"}],"version-history":[{"count":36,"href":"https:\/\/filo.unt.edu.ar\/insil\/wp-json\/wp\/v2\/pages\/37\/revisions"}],"predecessor-version":[{"id":381,"href":"https:\/\/filo.unt.edu.ar\/insil\/wp-json\/wp\/v2\/pages\/37\/revisions\/381"}],"wp:attachment":[{"href":"https:\/\/filo.unt.edu.ar\/insil\/wp-json\/wp\/v2\/media?parent=37"}],"curies":[{"name":"wp","href":"https:\/\/api.w.org\/{rel}","templated":true}]}}