{"id":30,"date":"2016-05-27T15:03:06","date_gmt":"2016-05-27T15:03:06","guid":{"rendered":"http:\/\/filo.unt.edu.ar\/iiela\/?page_id=30"},"modified":"2022-04-11T15:14:37","modified_gmt":"2022-04-11T15:14:37","slug":"integrantes","status":"publish","type":"page","link":"https:\/\/filo.unt.edu.ar\/iiela\/integrantes\/","title":{"rendered":"Integrantes"},"content":{"rendered":"<div id=\"pl-30\"  class=\"panel-layout\" ><div id=\"pg-30-0\"  class=\"panel-grid panel-no-style\" ><div id=\"pgc-30-0-0\"  class=\"panel-grid-cell\" ><div id=\"panel-30-0-0-0\" class=\"so-panel widget widget_black-studio-tinymce widget_black_studio_tinymce panel-first-child panel-last-child\" data-index=\"0\" ><div class=\"panel-widget-style panel-widget-style-for-30-0-0-0\" ><div class=\"textwidget\"><h2 style=\"text-align: left\"><a href=\"isabel.araoz@filo.unt.edu.ar\">Directora: Dra.<\/a> IsabelAr\u00e1oz<\/h2>\n<h6 style=\"text-align: left\"><\/h6>\n<p><a href=\"amchehin@gmail.com\"><strong>Auxiliar Docente:<\/strong> Dra.\u00a0Ana Mar\u00eda Chehin<\/a><\/p>\n<p><strong>Comisi\u00f3n de Asesoramiento T\u00e9cnico: <\/strong><\/p>\n<p><a href=\"mjesus.benites@filo.unt.edu.ar\">Dra. Mar\u00eda Jes\u00fas Benites<\/a><\/p>\n<p><a href=\"rossana.nofal@filo.unt.edu.ar\">Dra. Rossana Nofal <\/a><\/p>\n<p><a href=\"laura.garcia@filo.unt.edu.ar\">Dra. Laura Rafaela Garc\u00eda<\/a><\/p>\n<\/div><\/div><\/div><\/div><\/div><\/div>","protected":false},"excerpt":{"rendered":"<p>Directora: Dra. IsabelAr\u00e1oz Auxiliar Docente: Dra.\u00a0Ana Mar\u00eda Chehin Comisi\u00f3n de Asesoramiento T\u00e9cnico: Dra. Mar\u00eda Jes\u00fas Benites Dra. Rossana Nofal Dra. Laura Rafaela Garc\u00eda<\/p>\n","protected":false},"author":1,"featured_media":0,"parent":0,"menu_order":0,"comment_status":"closed","ping_status":"closed","template":"","meta":{"footnotes":""},"class_list":["post-30","page","type-page","status-publish","hentry","post"],"_links":{"self":[{"href":"https:\/\/filo.unt.edu.ar\/iiela\/wp-json\/wp\/v2\/pages\/30","targetHints":{"allow":["GET"]}}],"collection":[{"href":"https:\/\/filo.unt.edu.ar\/iiela\/wp-json\/wp\/v2\/pages"}],"about":[{"href":"https:\/\/filo.unt.edu.ar\/iiela\/wp-json\/wp\/v2\/types\/page"}],"author":[{"embeddable":true,"href":"https:\/\/filo.unt.edu.ar\/iiela\/wp-json\/wp\/v2\/users\/1"}],"replies":[{"embeddable":true,"href":"https:\/\/filo.unt.edu.ar\/iiela\/wp-json\/wp\/v2\/comments?post=30"}],"version-history":[{"count":5,"href":"https:\/\/filo.unt.edu.ar\/iiela\/wp-json\/wp\/v2\/pages\/30\/revisions"}],"predecessor-version":[{"id":95,"href":"https:\/\/filo.unt.edu.ar\/iiela\/wp-json\/wp\/v2\/pages\/30\/revisions\/95"}],"wp:attachment":[{"href":"https:\/\/filo.unt.edu.ar\/iiela\/wp-json\/wp\/v2\/media?parent=30"}],"curies":[{"name":"wp","href":"https:\/\/api.w.org\/{rel}","templated":true}]}}