{"id":18,"date":"2025-08-04T10:40:58","date_gmt":"2025-08-04T13:40:58","guid":{"rendered":"https:\/\/filo.unt.edu.ar\/faapi2025\/?page_id=18"},"modified":"2025-08-18T08:14:10","modified_gmt":"2025-08-18T11:14:10","slug":"follow-us","status":"publish","type":"page","link":"https:\/\/filo.unt.edu.ar\/faapi2025\/follow-us\/","title":{"rendered":"Follow us"},"content":{"rendered":"<div id=\"pl-18\"  class=\"panel-layout\" ><div id=\"pg-18-0\"  class=\"panel-grid panel-no-style\" ><div id=\"pgc-18-0-0\"  class=\"panel-grid-cell\" ><div id=\"panel-18-0-0-0\" class=\"so-panel widget widget_black-studio-tinymce widget_black_studio_tinymce panel-first-child panel-last-child\" data-index=\"0\" ><div class=\"textwidget\"><h1 style=\"text-align: left;\"><span style=\"font-weight: 400; color: #752075;\"><strong>Follow us<\/strong> <\/span><\/h1>\n<p style=\"text-align: left;\"><strong>Instagram:<\/strong><\/p>\n<p style=\"text-align: left;\"><a href=\"https:\/\/www.instagram.com\/apit.tucuman\/\" target=\"_blank\" rel=\"noopener\">@apit.tucuman<\/a><\/p>\n<p style=\"text-align: left;\"><strong>Facebook: APIT \u2013 Asociaci\u00f3n de Profesores de Ingl\u00e9s de Tucum\u00e1n<\/strong><\/p>\n<p style=\"text-align: left;\"><a href=\"https:\/\/www.facebook.com\/APIT.TUCUMAN\" target=\"_blank\" rel=\"noopener\">https:\/\/www.facebook.com\/APIT.TUCUMAN<\/a><\/p>\n<\/div><\/div><\/div><\/div><div id=\"pg-18-1\"  class=\"panel-grid panel-no-style\" ><div id=\"pgc-18-1-0\"  class=\"panel-grid-cell\" ><div id=\"panel-18-1-0-0\" class=\"so-panel widget widget_black-studio-tinymce widget_black_studio_tinymce panel-first-child\" data-index=\"1\" ><div class=\"textwidget\"><\/div><\/div><div id=\"panel-18-1-0-1\" class=\"so-panel widget widget_vantage-social-media panel-last-child\" data-index=\"2\" ><a class=\"social-media-icon social-media-icon-facebook social-media-icon-size-medium\" href=\"https:\/\/www.facebook.com\/APIT.TUCUMAN\" title=\"XLIX FAAPI CONFERENCE: 21st Century ELT: Bridging Encounters for Language Development Facebook\" target=\"_blank\"><span class=\"fa fa-facebook\"><\/span><\/a><a class=\"social-media-icon social-media-icon-instagram social-media-icon-size-medium\" href=\"https:\/\/www.instagram.com\/apit.tucuman\/\" title=\"XLIX FAAPI CONFERENCE: 21st Century ELT: Bridging Encounters for Language Development Instagram\" target=\"_blank\"><span class=\"fa fa-instagram\"><\/span><\/a><\/div><\/div><\/div><\/div>","protected":false},"excerpt":{"rendered":"<p>Follow us Instagram: @apit.tucuman Facebook: APIT \u2013 Asociaci\u00f3n de Profesores de Ingl\u00e9s de Tucum\u00e1n https:\/\/www.facebook.com\/APIT.TUCUMAN<\/p>\n","protected":false},"author":1,"featured_media":0,"parent":0,"menu_order":0,"comment_status":"closed","ping_status":"closed","template":"","meta":{"footnotes":""},"class_list":["post-18","page","type-page","status-publish","hentry","post"],"_links":{"self":[{"href":"https:\/\/filo.unt.edu.ar\/faapi2025\/wp-json\/wp\/v2\/pages\/18","targetHints":{"allow":["GET"]}}],"collection":[{"href":"https:\/\/filo.unt.edu.ar\/faapi2025\/wp-json\/wp\/v2\/pages"}],"about":[{"href":"https:\/\/filo.unt.edu.ar\/faapi2025\/wp-json\/wp\/v2\/types\/page"}],"author":[{"embeddable":true,"href":"https:\/\/filo.unt.edu.ar\/faapi2025\/wp-json\/wp\/v2\/users\/1"}],"replies":[{"embeddable":true,"href":"https:\/\/filo.unt.edu.ar\/faapi2025\/wp-json\/wp\/v2\/comments?post=18"}],"version-history":[{"count":9,"href":"https:\/\/filo.unt.edu.ar\/faapi2025\/wp-json\/wp\/v2\/pages\/18\/revisions"}],"predecessor-version":[{"id":49,"href":"https:\/\/filo.unt.edu.ar\/faapi2025\/wp-json\/wp\/v2\/pages\/18\/revisions\/49"}],"wp:attachment":[{"href":"https:\/\/filo.unt.edu.ar\/faapi2025\/wp-json\/wp\/v2\/media?parent=18"}],"curies":[{"name":"wp","href":"https:\/\/api.w.org\/{rel}","templated":true}]}}