{"id":447,"date":"2021-09-13T18:47:02","date_gmt":"2021-09-13T21:47:02","guid":{"rendered":"http:\/\/filo.unt.edu.ar\/congresofreire\/?page_id=447"},"modified":"2021-09-17T17:27:25","modified_gmt":"2021-09-17T20:27:25","slug":"formar","status":"publish","type":"page","link":"https:\/\/filo.unt.edu.ar\/congresofreire\/formar\/","title":{"rendered":"FORMAR"},"content":{"rendered":"<p><strong>CERTIFICACI\u00d3N FORMAR<\/strong><\/p>\n<p>(Ministerio de Educaci\u00f3n de Tucum\u00e1n),<br \/>\nQuienes hayan solicitado certificaci\u00f3n FORMAR <strong>deber\u00e1n<\/strong>:<\/p>\n<p><strong>Completar el formulario on-line de Evaluaci\u00f3n\/ Asistencia<\/strong> que se habilitar\u00e1 al finalizar el Congreso el d\u00eda viernes 17 de septiembre. La Evaluaci\u00f3n se centrar\u00e1 en las Conferencias y Mesas Paneles del Congreso. El formulario estar\u00e1 disponible hasta el lunes 20 de septiembre en en esta pesta\u00f1a.<\/p>\n<p><a href=\"https:\/\/docs.google.com\/forms\/d\/e\/1FAIpQLScdUiL7Zbd88OAXI_Y-qPA9owklf0-fwFmJRKrTtuByqkccYQ\/viewform?vc=0&amp;c=0&amp;w=1&amp;flr=0\" target=\"_blank\" rel=\"noopener\"><img loading=\"lazy\" decoding=\"async\" class=\"alignnone wp-image-471 size-large\" src=\"http:\/\/filo.unt.edu.ar\/congresofreire\/wp-content\/uploads\/sites\/100\/2021\/09\/fORMUALRIO-ASISTENCIA-1024x250.png\" alt=\"\" width=\"720\" height=\"176\" srcset=\"https:\/\/filo.unt.edu.ar\/congresofreire\/wp-content\/uploads\/sites\/100\/2021\/09\/fORMUALRIO-ASISTENCIA-1024x250.png 1024w, https:\/\/filo.unt.edu.ar\/congresofreire\/wp-content\/uploads\/sites\/100\/2021\/09\/fORMUALRIO-ASISTENCIA-300x73.png 300w, https:\/\/filo.unt.edu.ar\/congresofreire\/wp-content\/uploads\/sites\/100\/2021\/09\/fORMUALRIO-ASISTENCIA-768x187.png 768w, https:\/\/filo.unt.edu.ar\/congresofreire\/wp-content\/uploads\/sites\/100\/2021\/09\/fORMUALRIO-ASISTENCIA-1536x374.png 1536w, https:\/\/filo.unt.edu.ar\/congresofreire\/wp-content\/uploads\/sites\/100\/2021\/09\/fORMUALRIO-ASISTENCIA-2048x499.png 2048w, https:\/\/filo.unt.edu.ar\/congresofreire\/wp-content\/uploads\/sites\/100\/2021\/09\/fORMUALRIO-ASISTENCIA-1320x322.png 1320w\" sizes=\"auto, (max-width: 720px) 100vw, 720px\" \/><\/a><\/p>\n","protected":false},"excerpt":{"rendered":"<p>CERTIFICACI\u00d3N FORMAR (Ministerio de Educaci\u00f3n de Tucum\u00e1n), Quienes hayan solicitado certificaci\u00f3n FORMAR deber\u00e1n: Completar el formulario on-line de Evaluaci\u00f3n\/ Asistencia que se habilitar\u00e1 al finalizar el Congreso el d\u00eda viernes 17 de septiembre. La Evaluaci\u00f3n se centrar\u00e1 en las Conferencias y Mesas Paneles del Congreso. El formulario estar\u00e1 disponible hasta el lunes 20 de septiembre [&hellip;]<\/p>\n","protected":false},"author":101021,"featured_media":0,"parent":0,"menu_order":0,"comment_status":"closed","ping_status":"closed","template":"","meta":{"footnotes":""},"class_list":["post-447","page","type-page","status-publish","hentry","post"],"_links":{"self":[{"href":"https:\/\/filo.unt.edu.ar\/congresofreire\/wp-json\/wp\/v2\/pages\/447","targetHints":{"allow":["GET"]}}],"collection":[{"href":"https:\/\/filo.unt.edu.ar\/congresofreire\/wp-json\/wp\/v2\/pages"}],"about":[{"href":"https:\/\/filo.unt.edu.ar\/congresofreire\/wp-json\/wp\/v2\/types\/page"}],"author":[{"embeddable":true,"href":"https:\/\/filo.unt.edu.ar\/congresofreire\/wp-json\/wp\/v2\/users\/101021"}],"replies":[{"embeddable":true,"href":"https:\/\/filo.unt.edu.ar\/congresofreire\/wp-json\/wp\/v2\/comments?post=447"}],"version-history":[{"count":3,"href":"https:\/\/filo.unt.edu.ar\/congresofreire\/wp-json\/wp\/v2\/pages\/447\/revisions"}],"predecessor-version":[{"id":475,"href":"https:\/\/filo.unt.edu.ar\/congresofreire\/wp-json\/wp\/v2\/pages\/447\/revisions\/475"}],"wp:attachment":[{"href":"https:\/\/filo.unt.edu.ar\/congresofreire\/wp-json\/wp\/v2\/media?parent=447"}],"curies":[{"name":"wp","href":"https:\/\/api.w.org\/{rel}","templated":true}]}}

<p><strong>CERTIFICACIÓN FORMAR</strong></p>
<p>(Ministerio de Educación de Tucumán),<br />
Quienes hayan solicitado certificación FORMAR <strong>deberán</strong>:</p>
<p><strong>Completar el formulario on-line de Evaluación/ Asistencia</strong> que se habilitará al finalizar el Congreso el día viernes 17 de septiembre. La Evaluación se centrará en las Conferencias y Mesas Paneles del Congreso. El formulario estará disponible hasta el lunes 20 de septiembre en en esta pestaña.</p>
<p><a href="https://docs.google.com/forms/d/e/1FAIpQLScdUiL7Zbd88OAXI_Y-qPA9owklf0-fwFmJRKrTtuByqkccYQ/viewform?vc=0&amp;c=0&amp;w=1&amp;flr=0" target="_blank" rel="noopener"><img loading="lazy" decoding="async" class="alignnone wp-image-471 size-large" src="http://filo.unt.edu.ar/congresofreire/wp-content/uploads/sites/100/2021/09/fORMUALRIO-ASISTENCIA-1024x250.png" alt="" width="720" height="176" srcset="https://filo.unt.edu.ar/congresofreire/wp-content/uploads/sites/100/2021/09/fORMUALRIO-ASISTENCIA-1024x250.png 1024w, https://filo.unt.edu.ar/congresofreire/wp-content/uploads/sites/100/2021/09/fORMUALRIO-ASISTENCIA-300x73.png 300w, https://filo.unt.edu.ar/congresofreire/wp-content/uploads/sites/100/2021/09/fORMUALRIO-ASISTENCIA-768x187.png 768w, https://filo.unt.edu.ar/congresofreire/wp-content/uploads/sites/100/2021/09/fORMUALRIO-ASISTENCIA-1536x374.png 1536w, https://filo.unt.edu.ar/congresofreire/wp-content/uploads/sites/100/2021/09/fORMUALRIO-ASISTENCIA-2048x499.png 2048w, https://filo.unt.edu.ar/congresofreire/wp-content/uploads/sites/100/2021/09/fORMUALRIO-ASISTENCIA-1320x322.png 1320w" sizes="auto, (max-width: 720px) 100vw, 720px" /></a></p>

<p>CERTIFICACIÓN FORMAR (Ministerio de Educación de Tucumán), Quienes hayan solicitado certificación FORMAR deberán: Completar el formulario on-line de Evaluación/ Asistencia que se habilitará al finalizar el Congreso el día viernes 17 de septiembre. La Evaluación se centrará en las Conferencias y Mesas Paneles del Congreso. El formulario estará disponible hasta el lunes 20 de septiembre [&hellip;]</p>
