{"id":438,"date":"2019-05-17T15:23:40","date_gmt":"2019-05-17T18:23:40","guid":{"rendered":"http:\/\/filo.unt.edu.ar\/congreso-educacion-y-politica\/?page_id=438"},"modified":"2019-06-30T22:23:39","modified_gmt":"2019-07-01T01:23:39","slug":"evaluacion","status":"publish","type":"page","link":"https:\/\/filo.unt.edu.ar\/congreso-educacion-y-politica\/evaluacion\/","title":{"rendered":"Evaluaci\u00f3n FORMAR"},"content":{"rendered":"<div id=\"pl-438\"  class=\"panel-layout\" ><div id=\"pg-438-0\"  class=\"panel-grid panel-no-style\" ><div id=\"pgc-438-0-0\"  class=\"panel-grid-cell\" ><div id=\"panel-438-0-0-0\" class=\"so-panel widget widget_black-studio-tinymce widget_black_studio_tinymce panel-first-child panel-last-child\" data-index=\"0\" ><div class=\"textwidget\"><p><img loading=\"lazy\" decoding=\"async\" class=\"aligncenter wp-image-586 size-large\" src=\"http:\/\/filo.unt.edu.ar\/congreso-educacion-y-politica\/wp-content\/uploads\/sites\/95\/2019\/05\/placa-formar-1-1024x242.png\" alt=\"\" width=\"720\" height=\"170\" srcset=\"https:\/\/filo.unt.edu.ar\/congreso-educacion-y-politica\/wp-content\/uploads\/sites\/95\/2019\/05\/placa-formar-1-1024x242.png 1024w, https:\/\/filo.unt.edu.ar\/congreso-educacion-y-politica\/wp-content\/uploads\/sites\/95\/2019\/05\/placa-formar-1-300x71.png 300w, https:\/\/filo.unt.edu.ar\/congreso-educacion-y-politica\/wp-content\/uploads\/sites\/95\/2019\/05\/placa-formar-1-768x181.png 768w, https:\/\/filo.unt.edu.ar\/congreso-educacion-y-politica\/wp-content\/uploads\/sites\/95\/2019\/05\/placa-formar-1-600x142.png 600w, https:\/\/filo.unt.edu.ar\/congreso-educacion-y-politica\/wp-content\/uploads\/sites\/95\/2019\/05\/placa-formar-1.png 1202w\" sizes=\"auto, (max-width: 720px) 100vw, 720px\" \/><\/p>\n<p>Si Usted solicit\u00f3 el Certificado por Formar del Ministerio de Educaci\u00f3n por su participaci\u00f3n en el Congreso Internacional de Educaci\u00f3n y Pol\u00edtica 2019 ingrese a:<\/p>\n<div class=\"gs\"><\/div>\n<\/div><\/div><\/div><\/div><div id=\"pg-438-1\"  class=\"panel-grid panel-no-style\" ><div id=\"pgc-438-1-0\"  class=\"panel-grid-cell\" ><div id=\"panel-438-1-0-0\" class=\"so-panel widget widget_sow-button panel-first-child panel-last-child\" data-index=\"1\" ><div\n\t\t\t\n\t\t\tclass=\"so-widget-sow-button so-widget-sow-button-atom-f54c0409268f-438\"\n\t\t\t\n\t\t><div class=\"ow-button-base ow-button-align-center\"\n>\n\t\t\t<a\n\t\t\t\t\thref=\"http:\/\/alumnos.filo.unt.edu.ar\/congresofilo\/1.0\/?ai=congresofilo%7C%7C3610&#038;tcm=previsualizacion&#038;tm=1#\"\n\t\t\t\t\tclass=\"sowb-button ow-icon-placement-left ow-button-hover\" target=\"_blank\" rel=\"noopener noreferrer\" \t>\n\t\t<span>\n\t\t\t\n\t\t\tEVALUACI\u00d3N FORMAR\t\t<\/span>\n\t\t\t<\/a>\n\t<\/div>\n<\/div><\/div><\/div><\/div><div id=\"pg-438-2\"  class=\"panel-grid panel-no-style\" ><div id=\"pgc-438-2-0\"  class=\"panel-grid-cell\" ><div id=\"panel-438-2-0-0\" class=\"so-panel widget widget_black-studio-tinymce widget_black_studio_tinymce panel-first-child panel-last-child\" data-index=\"2\" ><div class=\"textwidget\"><p>y complete el\u00a0<b>FORMULARIO EVALUATIVO OBLIGATORIO hasta el d\u00eda DOMINGO 30 de junio a las 23:59 hs.<\/b><\/p>\n<div class=\"gs\">\n<div class=\"\">\n<div id=\":qm\" class=\"ii gt\">\n<div id=\":ql\" class=\"a3s aXjCH \">\n<div dir=\"ltr\">\n<div><\/div>\n<div>- Ingrese su DNI<\/div>\n<div>- Complete el formulario con reflexiones y comentarios sobre las Conferencias, Mesas Paneles y Mesas de di\u00e1logo a las que asisti\u00f3 en el marco del desarrollo del Congreso.<\/div>\n<div>- Guarde el formulario y se enviar\u00e1 autom\u00e1ticamente sus respuestas.<\/div>\n<div><\/div>\n<div><b>RECOMENDAMOS<\/b>\u00a0contar al momento de completar el formulario con los registros o apuntes que tom\u00f3 durante el desarrollo de las actividades del Congreso.<\/div>\n<div><b>RECUERDE:<\/b>\u00a0una vez guardado el formulario no puede ser completado nuevamente.<\/div>\n<\/div>\n<\/div>\n<\/div>\n<div>Por consultas escribanos a :<\/div>\n<div>evaluacioncongreso2019@gmail.com<\/div>\n<div id=\":qm\" class=\"ii gt\"><\/div>\n<div class=\"hi\"><\/div>\n<\/div>\n<\/div>\n<\/div><\/div><\/div><\/div><\/div>","protected":false},"excerpt":{"rendered":"<p>Si Usted solicit\u00f3 el Certificado por Formar del Ministerio de Educaci\u00f3n por su participaci\u00f3n en el Congreso Internacional de Educaci\u00f3n y Pol\u00edtica 2019 ingrese a:<\/p>\n","protected":false},"author":101021,"featured_media":0,"parent":0,"menu_order":0,"comment_status":"closed","ping_status":"closed","template":"","meta":{"footnotes":""},"class_list":["post-438","page","type-page","status-publish","hentry","post"],"_links":{"self":[{"href":"https:\/\/filo.unt.edu.ar\/congreso-educacion-y-politica\/wp-json\/wp\/v2\/pages\/438","targetHints":{"allow":["GET"]}}],"collection":[{"href":"https:\/\/filo.unt.edu.ar\/congreso-educacion-y-politica\/wp-json\/wp\/v2\/pages"}],"about":[{"href":"https:\/\/filo.unt.edu.ar\/congreso-educacion-y-politica\/wp-json\/wp\/v2\/types\/page"}],"author":[{"embeddable":true,"href":"https:\/\/filo.unt.edu.ar\/congreso-educacion-y-politica\/wp-json\/wp\/v2\/users\/101021"}],"replies":[{"embeddable":true,"href":"https:\/\/filo.unt.edu.ar\/congreso-educacion-y-politica\/wp-json\/wp\/v2\/comments?post=438"}],"version-history":[{"count":24,"href":"https:\/\/filo.unt.edu.ar\/congreso-educacion-y-politica\/wp-json\/wp\/v2\/pages\/438\/revisions"}],"predecessor-version":[{"id":616,"href":"https:\/\/filo.unt.edu.ar\/congreso-educacion-y-politica\/wp-json\/wp\/v2\/pages\/438\/revisions\/616"}],"wp:attachment":[{"href":"https:\/\/filo.unt.edu.ar\/congreso-educacion-y-politica\/wp-json\/wp\/v2\/media?parent=438"}],"curies":[{"name":"wp","href":"https:\/\/api.w.org\/{rel}","templated":true}]}}