{"id":65,"date":"2017-04-16T22:09:27","date_gmt":"2017-04-17T01:09:27","guid":{"rendered":"http:\/\/filo.unt.edu.ar\/caminatas-historicas2\/?page_id=65"},"modified":"2019-08-22T09:37:34","modified_gmt":"2019-08-22T12:37:34","slug":"circuito-clasico","status":"publish","type":"page","link":"https:\/\/filo.unt.edu.ar\/caminatas-historicas\/circuito-clasico\/","title":{"rendered":"Circuito Cl\u00e1sico"},"content":{"rendered":"<div id=\"pl-65\"  class=\"panel-layout\" ><div id=\"pg-65-0\"  class=\"panel-grid panel-has-style\" ><div class=\"siteorigin-panels-stretch panel-row-style-full-width panel-row-style panel-row-style-for-65-0\" data-stretch-type=\"full-stretched\" ><div id=\"pgc-65-0-0\"  class=\"panel-grid-cell panel-grid-cell-empty\" ><\/div><div id=\"pgc-65-0-1\"  class=\"panel-grid-cell\" ><div id=\"panel-65-0-1-0\" class=\"so-panel widget widget_black-studio-tinymce widget_black_studio_tinymce panel-first-child\" data-index=\"0\" ><div class=\"textwidget\"><p style=\"text-align: left;\"><span style=\"font-size: 36pt; font-family: 'arial black', sans-serif; line-height: 1.625;\"><em>CIRCUITO CL\u00c1SICO.<\/em><\/span><\/p>\n<p style=\"text-align: left;\"><span style=\"font-size: 16pt; font-family: 'arial black', sans-serif; line-height: 1.625;\"><em>Focalizado en el Tucum\u00e1n colonial, el proceso de la independencia y el auge econ\u00f3mico de la provincia durante los primeros a\u00f1os del Siglo XX.<\/em><\/span><\/p>\n<\/div><\/div><div id=\"panel-65-0-1-1\" class=\"so-panel widget widget_sow-editor panel-last-child\" data-index=\"1\" ><div class=\"panel-widget-style panel-widget-style-for-65-0-1-1\" ><div\n\t\t\t\n\t\t\tclass=\"so-widget-sow-editor so-widget-sow-editor-base\"\n\t\t\t\n\t\t>\n<div class=\"siteorigin-widget-tinymce textwidget\">\n\t<h3 style=\"text-align: left;\"><span style=\"font-family: 'arial black', sans-serif;\">Punto de encuentro: Iglesia San Francisco (calle 25 de Mayo y San Mart\u00edn)<\/span><\/h3>\n<h3 style=\"text-align: left;\"><span style=\"font-family: 'arial black', sans-serif;\">Recorrido: 10 cuadras<\/span><\/h3>\n<h3 style=\"text-align: left;\"><span style=\"font-family: 'arial black', sans-serif;\">Duraci\u00f3n aproximada: 1.30 Hs<\/span><\/h3>\n<p><a href=\"http:\/\/filo.unt.edu.ar\/caminatas-historicas\/wp-content\/uploads\/sites\/79\/2017\/04\/San_Francisco.jpg\"><img loading=\"lazy\" decoding=\"async\" class=\"aligncenter size-full wp-image-34\" src=\"http:\/\/filo.unt.edu.ar\/caminatas-historicas\/wp-content\/uploads\/sites\/79\/2017\/04\/San_Francisco.jpg\" alt=\"\" width=\"800\" height=\"600\" srcset=\"https:\/\/filo.unt.edu.ar\/caminatas-historicas\/wp-content\/uploads\/sites\/79\/2017\/04\/San_Francisco.jpg 800w, https:\/\/filo.unt.edu.ar\/caminatas-historicas\/wp-content\/uploads\/sites\/79\/2017\/04\/San_Francisco-300x225.jpg 300w, https:\/\/filo.unt.edu.ar\/caminatas-historicas\/wp-content\/uploads\/sites\/79\/2017\/04\/San_Francisco-768x576.jpg 768w, https:\/\/filo.unt.edu.ar\/caminatas-historicas\/wp-content\/uploads\/sites\/79\/2017\/04\/San_Francisco-600x450.jpg 600w\" sizes=\"auto, (max-width: 800px) 100vw, 800px\" \/><\/a><\/p>\n<\/div>\n<\/div><\/div><\/div><\/div><div id=\"pgc-65-0-2\"  class=\"panel-grid-cell panel-grid-cell-mobile-last\" ><div id=\"panel-65-0-2-0\" class=\"so-panel widget widget_sow-editor panel-first-child\" data-index=\"2\" ><div class=\"panel-widget-style panel-widget-style-for-65-0-2-0\" ><div\n\t\t\t\n\t\t\tclass=\"so-widget-sow-editor so-widget-sow-editor-base\"\n\t\t\t\n\t\t><h3 class=\"widget-title\">Recorrido<\/h3>\n<div class=\"siteorigin-widget-tinymce textwidget\">\n\t<h4 style=\"text-align: left;\"><span style=\"font-family: 'arial black', sans-serif;\"><a href=\"https:\/\/es.wikipedia.org\/wiki\/Bas%C3%ADlica_de_San_Francisco_(San_Miguel_de_Tucum%C3%A1n)\" target=\"_blank\" rel=\"noopener\">Iglesia San Francisco<\/a><\/span><\/h4>\n<h4 style=\"text-align: left;\"><span style=\"font-family: 'arial black', sans-serif;\"><a href=\"https:\/\/es.wikipedia.org\/wiki\/Iglesia_de_la_Merced_(San_Miguel_de_Tucum%C3%A1n)\" target=\"_blank\" rel=\"noopener\">Iglesia de la Merced<\/a><\/span><\/h4>\n<h4 style=\"text-align: left;\"><span style=\"font-family: 'arial black', sans-serif;\"><a href=\"https:\/\/www.facebook.com\/Pe%C3%B1a-El-Card%C3%B3n-442274309247145\/\" target=\"_blank\" rel=\"noopener\">Pe\u00f1a \u201cEl Card\u00f3n\u201d<\/a><\/span><\/h4>\n<h4 style=\"text-align: left;\"><span style=\"font-family: 'arial black', sans-serif;\"><a href=\"http:\/\/casadelaindependencia.cultura.gob.ar\/\" target=\"_blank\" rel=\"noopener\">Casa Hist\u00f3rica de la Independencia<\/a><\/span><\/h4>\n<h4 style=\"text-align: left;\"><span style=\"font-family: 'arial black', sans-serif;\"><a href=\"https:\/\/www.facebook.com\/museohistoriconicolasavellaneda\/\" target=\"_blank\" rel=\"noopener\">Museo Casa Avellaneda<\/a><\/span><\/h4>\n<h4 style=\"text-align: left;\"><span style=\"font-family: 'arial black', sans-serif;\"><a href=\"http:\/\/www.tucumanturismo.gob.ar\/ciudad-historica\/15361\/sociedad-sarmiento\" target=\"_blank\" rel=\"noopener\">Sociedad Sarmiento<\/a><\/span><\/h4>\n<h4 style=\"text-align: left;\"><span style=\"font-family: 'arial black', sans-serif;\"><a href=\"https:\/\/es.wikipedia.org\/wiki\/Plaza_Independencia_(Tucum%C3%A1n)\" target=\"_blank\" rel=\"noopener\">Plaza Independencia<\/a><\/span><\/h4>\n<h4 style=\"text-align: left;\"><span style=\"font-family: 'arial black', sans-serif;\"><a href=\"https:\/\/www.facebook.com\/FET.Tucuman\/\" target=\"_blank\" rel=\"noopener\">Federaci\u00f3n Econ\u00f3mica de Tucum\u00e1n<\/a><\/span><\/h4>\n<h4 style=\"text-align: left;\"><span style=\"font-family: 'arial black', sans-serif;\"><a href=\"http:\/\/www.tucumanturismo.gob.ar\/ciudad-historica\/197\/casa-nougues\" target=\"_blank\" rel=\"noopener\">Casa Nougu\u00e9s<\/a><\/span><\/h4>\n<h4 style=\"text-align: left;\"><span style=\"font-family: 'arial black', sans-serif;\"><a href=\"http:\/\/enteculturaltucuman.gob.ar\/museo-casa-padilla\/\" target=\"_blank\" rel=\"noopener\">Casa Padilla<\/a><\/span><\/h4>\n<h4 style=\"text-align: left;\"><span style=\"font-family: 'arial black', sans-serif;\"><a href=\"http:\/\/www.tucumanturismo.gob.ar\/ciudad-historica\/221\/centro-cultural-rouges\" target=\"_blank\" rel=\"noopener\">Casa Roug\u00e9s<\/a><\/span><\/h4>\n<h4 style=\"text-align: left;\"><span style=\"font-family: 'arial black', sans-serif;\"><a href=\"https:\/\/es.wikipedia.org\/wiki\/Casa_de_Gobierno_de_Tucum%C3%A1n\" target=\"_blank\" rel=\"noopener\">Casa de Gobierno<\/a><\/span><\/h4>\n<\/div>\n<\/div><\/div><\/div><div id=\"panel-65-0-2-1\" class=\"so-panel widget widget_black-studio-tinymce widget_black_studio_tinymce panel-last-child\" data-index=\"3\" ><div class=\"textwidget\"><\/div><\/div><\/div><div id=\"pgc-65-0-3\"  class=\"panel-grid-cell panel-grid-cell-empty\" ><\/div><\/div><\/div><div id=\"pg-65-1\"  class=\"panel-grid panel-no-style\" ><div id=\"pgc-65-1-0\"  class=\"panel-grid-cell\" ><div id=\"panel-65-1-0-0\" class=\"so-panel widget widget_black-studio-tinymce widget_black_studio_tinymce panel-first-child panel-last-child\" data-index=\"4\" ><div class=\"textwidget\"><p><a href=\"http:\/\/filo.unt.edu.ar\/caminatas-historicas\/wp-content\/uploads\/sites\/79\/2018\/06\/boton_suspenden_lluvia.jpg\"><img loading=\"lazy\" decoding=\"async\" class=\"aligncenter size-large wp-image-684\" src=\"http:\/\/filo.unt.edu.ar\/caminatas-historicas\/wp-content\/uploads\/sites\/79\/2018\/06\/boton_suspenden_lluvia-1024x346.jpg\" alt=\"\" width=\"720\" height=\"243\" srcset=\"https:\/\/filo.unt.edu.ar\/caminatas-historicas\/wp-content\/uploads\/sites\/79\/2018\/06\/boton_suspenden_lluvia-1024x346.jpg 1024w, https:\/\/filo.unt.edu.ar\/caminatas-historicas\/wp-content\/uploads\/sites\/79\/2018\/06\/boton_suspenden_lluvia-300x101.jpg 300w, https:\/\/filo.unt.edu.ar\/caminatas-historicas\/wp-content\/uploads\/sites\/79\/2018\/06\/boton_suspenden_lluvia-768x259.jpg 768w, https:\/\/filo.unt.edu.ar\/caminatas-historicas\/wp-content\/uploads\/sites\/79\/2018\/06\/boton_suspenden_lluvia-600x203.jpg 600w, https:\/\/filo.unt.edu.ar\/caminatas-historicas\/wp-content\/uploads\/sites\/79\/2018\/06\/boton_suspenden_lluvia.jpg 1282w\" sizes=\"auto, (max-width: 720px) 100vw, 720px\" \/><\/a><\/p>\n<\/div><\/div><\/div><\/div><div id=\"pg-65-2\"  class=\"panel-grid panel-has-style\" ><div class=\"siteorigin-panels-stretch panel-row-style-full-width panel-row-style panel-row-style-for-65-2\" data-stretch-type=\"full-stretched\" ><div id=\"pgc-65-2-0\"  class=\"panel-grid-cell\" ><div id=\"panel-65-2-0-0\" class=\"so-panel widget widget_black-studio-tinymce widget_black_studio_tinymce panel-first-child panel-last-child\" data-index=\"5\" ><div class=\"textwidget\"><p><div id=\"metaslider-id-20\" style=\"width: 100%; margin: 0 auto;\" class=\"ml-slider-3-103-0 metaslider metaslider-flex metaslider-20 ml-slider has-carousel-mode ms-theme-default nav-hidden\" role=\"region\" aria-label=\"Meta Slider HomePage\" data-height=\"450\" data-width=\"600\">\n    <div id=\"metaslider_container_20\">\n        <div id=\"metaslider_20\">\n            <ul class='slides'>\n                <li style=\"display: none; width: 100%;\" class=\"slide-35 ms-image \" aria-roledescription=\"slide\" data-date=\"2017-04-16 21:19:47\" data-slide-type=\"image\"><img loading=\"lazy\" decoding=\"async\" src=\"https:\/\/filo.unt.edu.ar\/caminatas-historicas\/wp-content\/uploads\/sites\/79\/2017\/04\/ARTES.jpg\" height=\"450\" width=\"600\" alt=\"\" class=\"slider-20 slide-35 msDefaultImage\" \/><\/li>\n                <li style=\"display: none; width: 100%;\" class=\"slide-36 ms-image \" aria-roledescription=\"slide\" data-date=\"2017-04-16 21:19:47\" data-slide-type=\"image\"><img loading=\"lazy\" decoding=\"async\" src=\"https:\/\/filo.unt.edu.ar\/caminatas-historicas\/wp-content\/uploads\/sites\/79\/2017\/04\/ATEP.jpg\" height=\"450\" width=\"600\" alt=\"\" class=\"slider-20 slide-36 msDefaultImage\" \/><\/li>\n                <li style=\"display: none; width: 100%;\" class=\"slide-37 ms-image \" aria-roledescription=\"slide\" data-date=\"2017-04-16 21:19:47\" data-slide-type=\"image\"><img loading=\"lazy\" decoding=\"async\" src=\"https:\/\/filo.unt.edu.ar\/caminatas-historicas\/wp-content\/uploads\/sites\/79\/2017\/04\/AVELLANEDA.png\" height=\"450\" width=\"600\" alt=\"\" class=\"slider-20 slide-37 msDefaultImage\" \/><\/li>\n                <li style=\"display: none; width: 100%;\" class=\"slide-38 ms-image \" aria-roledescription=\"slide\" data-date=\"2017-04-16 21:19:47\" data-slide-type=\"image\"><img loading=\"lazy\" decoding=\"async\" src=\"https:\/\/filo.unt.edu.ar\/caminatas-historicas\/wp-content\/uploads\/sites\/79\/2017\/04\/casa-de-gobierno2.jpg\" height=\"450\" width=\"600\" alt=\"\" class=\"slider-20 slide-38 msDefaultImage\" \/><\/li>\n                <li style=\"display: none; width: 100%;\" class=\"slide-39 ms-image \" aria-roledescription=\"slide\" data-date=\"2017-04-16 21:19:47\" data-slide-type=\"image\"><img loading=\"lazy\" decoding=\"async\" src=\"https:\/\/filo.unt.edu.ar\/caminatas-historicas\/wp-content\/uploads\/sites\/79\/2017\/04\/Casa-Belgraniana..jpg\" height=\"450\" width=\"600\" alt=\"\" class=\"slider-20 slide-39 msDefaultImage\" \/><\/li>\n                <li style=\"display: none; width: 100%;\" class=\"slide-40 ms-image \" aria-roledescription=\"slide\" data-date=\"2017-04-16 21:19:47\" data-slide-type=\"image\"><img loading=\"lazy\" decoding=\"async\" src=\"https:\/\/filo.unt.edu.ar\/caminatas-historicas\/wp-content\/uploads\/sites\/79\/2017\/04\/catedral.jpg\" height=\"450\" width=\"600\" alt=\"\" class=\"slider-20 slide-40 msDefaultImage\" \/><\/li>\n                <li style=\"display: none; width: 100%;\" class=\"slide-41 ms-image \" aria-roledescription=\"slide\" data-date=\"2017-04-16 21:19:47\" data-slide-type=\"image\"><img loading=\"lazy\" decoding=\"async\" src=\"https:\/\/filo.unt.edu.ar\/caminatas-historicas\/wp-content\/uploads\/sites\/79\/2017\/04\/colegio-nacional-1.jpg\" height=\"450\" width=\"600\" alt=\"\" class=\"slider-20 slide-41 msDefaultImage\" \/><\/li>\n                <li style=\"display: none; width: 100%;\" class=\"slide-42 ms-image \" aria-roledescription=\"slide\" data-date=\"2017-04-16 21:19:47\" data-slide-type=\"image\"><img loading=\"lazy\" decoding=\"async\" src=\"https:\/\/filo.unt.edu.ar\/caminatas-historicas\/wp-content\/uploads\/sites\/79\/2017\/04\/ELCARDON.png\" height=\"450\" width=\"600\" alt=\"\" class=\"slider-20 slide-42 msDefaultImage\" \/><\/li>\n                <li style=\"display: none; width: 100%;\" class=\"slide-43 ms-image \" aria-roledescription=\"slide\" data-date=\"2017-04-16 21:19:47\" data-slide-type=\"image\"><img loading=\"lazy\" decoding=\"async\" src=\"https:\/\/filo.unt.edu.ar\/caminatas-historicas\/wp-content\/uploads\/sites\/79\/2017\/04\/FET.jpg\" height=\"450\" width=\"600\" alt=\"\" class=\"slider-20 slide-43 msDefaultImage\" \/><\/li>\n                <li style=\"display: none; width: 100%;\" class=\"slide-44 ms-image \" aria-roledescription=\"slide\" data-date=\"2017-04-16 21:19:47\" data-slide-type=\"image\"><img loading=\"lazy\" decoding=\"async\" src=\"https:\/\/filo.unt.edu.ar\/caminatas-historicas\/wp-content\/uploads\/sites\/79\/2017\/04\/frente-rectorado.jpg\" height=\"450\" width=\"600\" alt=\"\" class=\"slider-20 slide-44 msDefaultImage\" \/><\/li>\n                <li style=\"display: none; width: 100%;\" class=\"slide-45 ms-image \" aria-roledescription=\"slide\" data-date=\"2017-04-16 21:19:47\" data-slide-type=\"image\"><img loading=\"lazy\" decoding=\"async\" src=\"https:\/\/filo.unt.edu.ar\/caminatas-historicas\/wp-content\/uploads\/sites\/79\/2017\/04\/LIBERTAD.jpg\" height=\"450\" width=\"600\" alt=\"\" class=\"slider-20 slide-45 msDefaultImage\" \/><\/li>\n                <li style=\"display: none; width: 100%;\" class=\"slide-46 ms-image \" aria-roledescription=\"slide\" data-date=\"2017-04-16 21:19:47\" data-slide-type=\"image\"><img loading=\"lazy\" decoding=\"async\" src=\"https:\/\/filo.unt.edu.ar\/caminatas-historicas\/wp-content\/uploads\/sites\/79\/2017\/04\/merced.jpg\" height=\"450\" width=\"600\" alt=\"\" class=\"slider-20 slide-46 msDefaultImage\" \/><\/li>\n                <li style=\"display: none; width: 100%;\" class=\"slide-47 ms-image \" aria-roledescription=\"slide\" data-date=\"2017-04-16 21:19:47\" data-slide-type=\"image\"><img loading=\"lazy\" decoding=\"async\" src=\"https:\/\/filo.unt.edu.ar\/caminatas-historicas\/wp-content\/uploads\/sites\/79\/2017\/04\/Plaza_Irigoyen_San_Miguel_de_Tucum\u00edn.jpg\" height=\"450\" width=\"600\" alt=\"\" class=\"slider-20 slide-47 msDefaultImage\" \/><\/li>\n                <li style=\"display: none; width: 100%;\" class=\"slide-48 ms-image \" aria-roledescription=\"slide\" data-date=\"2017-04-16 21:19:47\" data-slide-type=\"image\"><img loading=\"lazy\" decoding=\"async\" src=\"https:\/\/filo.unt.edu.ar\/caminatas-historicas\/wp-content\/uploads\/sites\/79\/2017\/04\/San_Francisco.jpg\" height=\"450\" width=\"600\" alt=\"\" class=\"slider-20 slide-48 msDefaultImage\" \/><\/li>\n                <li style=\"display: none; width: 100%;\" class=\"slide-49 ms-image \" aria-roledescription=\"slide\" data-date=\"2017-04-16 21:19:47\" data-slide-type=\"image\"><img loading=\"lazy\" decoding=\"async\" src=\"https:\/\/filo.unt.edu.ar\/caminatas-historicas\/wp-content\/uploads\/sites\/79\/2017\/04\/colegio-nacional.jpg\" height=\"450\" width=\"600\" alt=\"\" class=\"slider-20 slide-49 msDefaultImage\" \/><\/li>\n                <li style=\"display: none; width: 100%;\" class=\"slide-50 ms-image \" aria-roledescription=\"slide\" data-date=\"2017-04-16 21:19:47\" data-slide-type=\"image\"><img loading=\"lazy\" decoding=\"async\" src=\"https:\/\/filo.unt.edu.ar\/caminatas-historicas\/wp-content\/uploads\/sites\/79\/2017\/04\/FOTIA.jpg\" height=\"450\" width=\"600\" alt=\"\" class=\"slider-20 slide-50 msDefaultImage\" \/><\/li>\n                <li style=\"display: none; width: 100%;\" class=\"slide-51 ms-image \" aria-roledescription=\"slide\" data-date=\"2017-04-16 21:19:48\" data-slide-type=\"image\"><img loading=\"lazy\" decoding=\"async\" src=\"https:\/\/filo.unt.edu.ar\/caminatas-historicas\/wp-content\/uploads\/sites\/79\/2017\/04\/plaza-belgrano.jpg\" height=\"450\" width=\"600\" alt=\"\" class=\"slider-20 slide-51 msDefaultImage\" \/><\/li>\n                <li style=\"display: none; width: 100%;\" class=\"slide-52 ms-image \" aria-roledescription=\"slide\" data-date=\"2017-04-16 21:19:48\" data-slide-type=\"image\"><img loading=\"lazy\" decoding=\"async\" src=\"https:\/\/filo.unt.edu.ar\/caminatas-historicas\/wp-content\/uploads\/sites\/79\/2017\/04\/CasaHistoricaTucuman-GR.jpg\" height=\"450\" width=\"600\" alt=\"\" class=\"slider-20 slide-52 msDefaultImage\" \/><\/li>\n                <li style=\"display: none; width: 100%;\" class=\"slide-53 ms-image \" aria-roledescription=\"slide\" data-date=\"2017-04-16 21:19:48\" data-slide-type=\"image\"><img loading=\"lazy\" decoding=\"async\" src=\"https:\/\/filo.unt.edu.ar\/caminatas-historicas\/wp-content\/uploads\/sites\/79\/2017\/04\/piernas2.jpg\" height=\"450\" width=\"600\" alt=\"\" class=\"slider-20 slide-53 msDefaultImage\" \/><\/li>\n            <\/ul>\n        <\/div>\n        \n    <\/div>\n<\/div><\/p>\n<\/div><\/div><\/div><\/div><\/div><div id=\"pg-65-3\"  class=\"panel-grid panel-has-style\" ><div class=\"siteorigin-panels-stretch panel-row-style-full-width panel-row-style panel-row-style-for-65-3\" data-stretch-type=\"full-stretched\" ><div id=\"pgc-65-3-0\"  class=\"panel-grid-cell\" ><div id=\"panel-65-3-0-0\" class=\"so-panel widget widget_sow-editor panel-first-child panel-last-child\" data-index=\"6\" ><div\n\t\t\t\n\t\t\tclass=\"so-widget-sow-editor so-widget-sow-editor-base\"\n\t\t\t\n\t\t>\n<div class=\"siteorigin-widget-tinymce textwidget\">\n\t<p><iframe loading=\"lazy\" src=\"https:\/\/www.google.com\/maps\/d\/u\/0\/embed?mid=1grTq220V0QDbMHvVBsw8K_QV3hcKD1OB\" width=\"100%\" height=\"480\"><\/iframe><\/p>\n<\/div>\n<\/div><\/div><\/div><\/div><\/div><\/div>","protected":false},"excerpt":{"rendered":"<p>CIRCUITO CL\u00c1SICO. Focalizado en el Tucum\u00e1n colonial, el proceso de la independencia y el auge econ\u00f3mico de la provincia durante los primeros a\u00f1os del Siglo XX. Punto de encuentro: Iglesia San Francisco (calle 25 de Mayo y San Mart\u00edn) Recorrido: 10 cuadras Duraci\u00f3n aproximada: 1.30 Hs Iglesia San FranciscoIglesia de la MercedPe\u00f1a \u201cEl Card\u00f3n\u201dCasa Hist\u00f3rica [&hellip;]<\/p>\n","protected":false},"author":1,"featured_media":0,"parent":0,"menu_order":0,"comment_status":"closed","ping_status":"closed","template":"templates\/template-full.php","meta":{"footnotes":""},"class_list":["post-65","page","type-page","status-publish","hentry","post"],"_links":{"self":[{"href":"https:\/\/filo.unt.edu.ar\/caminatas-historicas\/wp-json\/wp\/v2\/pages\/65","targetHints":{"allow":["GET"]}}],"collection":[{"href":"https:\/\/filo.unt.edu.ar\/caminatas-historicas\/wp-json\/wp\/v2\/pages"}],"about":[{"href":"https:\/\/filo.unt.edu.ar\/caminatas-historicas\/wp-json\/wp\/v2\/types\/page"}],"author":[{"embeddable":true,"href":"https:\/\/filo.unt.edu.ar\/caminatas-historicas\/wp-json\/wp\/v2\/users\/1"}],"replies":[{"embeddable":true,"href":"https:\/\/filo.unt.edu.ar\/caminatas-historicas\/wp-json\/wp\/v2\/comments?post=65"}],"version-history":[{"count":107,"href":"https:\/\/filo.unt.edu.ar\/caminatas-historicas\/wp-json\/wp\/v2\/pages\/65\/revisions"}],"predecessor-version":[{"id":930,"href":"https:\/\/filo.unt.edu.ar\/caminatas-historicas\/wp-json\/wp\/v2\/pages\/65\/revisions\/930"}],"wp:attachment":[{"href":"https:\/\/filo.unt.edu.ar\/caminatas-historicas\/wp-json\/wp\/v2\/media?parent=65"}],"curies":[{"name":"wp","href":"https:\/\/api.w.org\/{rel}","templated":true}]}}