{"id":9,"date":"2025-12-17T12:31:34","date_gmt":"2025-12-17T15:31:34","guid":{"rendered":"https:\/\/filo.unt.edu.ar\/aledar2026\/?page_id=9"},"modified":"2025-12-19T08:58:53","modified_gmt":"2025-12-19T11:58:53","slug":"comite-organizador","status":"publish","type":"page","link":"https:\/\/filo.unt.edu.ar\/aledar2026\/comite-organizador\/","title":{"rendered":"Comit\u00e9 Organizador"},"content":{"rendered":"<div id=\"pl-9\"  class=\"panel-layout\" ><div id=\"pg-9-0\"  class=\"panel-grid panel-no-style\" ><div id=\"pgc-9-0-0\"  class=\"panel-grid-cell\" ><div id=\"panel-9-0-0-0\" class=\"so-panel widget widget_black-studio-tinymce widget_black_studio_tinymce panel-first-child panel-last-child\" data-index=\"0\" ><div class=\"panel-widget-style panel-widget-style-for-9-0-0-0\" ><div class=\"textwidget\"><h3 style=\"text-align: left;\"><span style=\"color: #1e739b;\"><strong>Comit\u00e9 Organizador<\/strong><\/span><\/h3>\n<hr \/>\n<p style=\"text-align: left;\"><strong>Coordinaci\u00f3n general:<\/strong><\/p>\n<p style=\"text-align: left;\">Julio C\u00e9sar Sal Paz (UNT\/CONICET) y Constanza Adela Padilla Sabat\u00e9 (UNT\/CONICET)<\/p>\n<p style=\"text-align: left;\"><strong>Secretar\u00eda:<\/strong> Esther Ang\u00e9lica Lopez<\/p>\n<p style=\"text-align: left;\">\n<\/div><\/div><\/div><\/div><\/div><div id=\"pg-9-1\"  class=\"panel-grid panel-no-style\" ><div id=\"pgc-9-1-0\"  class=\"panel-grid-cell\" ><div id=\"panel-9-1-0-0\" class=\"so-panel widget widget_black-studio-tinymce widget_black_studio_tinymce panel-first-child panel-last-child\" data-index=\"1\" ><div class=\"panel-widget-style panel-widget-style-for-9-1-0-0\" ><div class=\"textwidget\"><h3 style=\"text-align: left;\"><span style=\"color: #1e739b;\">Integrantes<\/span><\/h3>\n<hr \/>\n<p style=\"text-align: left;\">Silvio Alexis Lucena<\/p>\n<p style=\"text-align: left;\">Silvina Douglas<\/p>\n<p style=\"text-align: left;\">Mar\u00eda del Carmen Pil\u00e1n<\/p>\n<p style=\"text-align: left;\">Mar\u00eda Gabriela Palazzo<\/p>\n<p style=\"text-align: left;\">Mar\u00eda Bel\u00e9n Romano<\/p>\n<p style=\"text-align: left;\">Claudia Carina Albarrac\u00edn<\/p>\n<p style=\"text-align: left;\">Carlos Enrique Castilla<\/p>\n<p style=\"text-align: left;\">Mar\u00eda Stella Taboada<\/p>\n<p style=\"text-align: left;\">Mar\u00eda Elisa Sala<\/p>\n<p style=\"text-align: left;\">Gabriel Dvoskin<\/p>\n<p style=\"text-align: left;\">Roc\u00edo Flax<\/p>\n<p style=\"text-align: left;\">Mar\u00eda Elena Molina<\/p>\n<\/div><\/div><\/div><\/div><\/div><\/div>","protected":false},"excerpt":{"rendered":"<p>Comit\u00e9 Organizador Coordinaci\u00f3n general: Julio C\u00e9sar Sal Paz (UNT\/CONICET) y Constanza Adela Padilla Sabat\u00e9 (UNT\/CONICET) Secretar\u00eda: Esther Ang\u00e9lica Lopez Integrantes Silvio Alexis Lucena Silvina Douglas Mar\u00eda del Carmen Pil\u00e1n Mar\u00eda Gabriela Palazzo Mar\u00eda Bel\u00e9n Romano Claudia Carina Albarrac\u00edn Carlos Enrique Castilla Mar\u00eda Stella Taboada Mar\u00eda Elisa Sala Gabriel Dvoskin Roc\u00edo Flax Mar\u00eda Elena Molina<\/p>\n","protected":false},"author":1,"featured_media":0,"parent":0,"menu_order":0,"comment_status":"closed","ping_status":"closed","template":"","meta":{"footnotes":""},"class_list":["post-9","page","type-page","status-publish","hentry","post"],"_links":{"self":[{"href":"https:\/\/filo.unt.edu.ar\/aledar2026\/wp-json\/wp\/v2\/pages\/9","targetHints":{"allow":["GET"]}}],"collection":[{"href":"https:\/\/filo.unt.edu.ar\/aledar2026\/wp-json\/wp\/v2\/pages"}],"about":[{"href":"https:\/\/filo.unt.edu.ar\/aledar2026\/wp-json\/wp\/v2\/types\/page"}],"author":[{"embeddable":true,"href":"https:\/\/filo.unt.edu.ar\/aledar2026\/wp-json\/wp\/v2\/users\/1"}],"replies":[{"embeddable":true,"href":"https:\/\/filo.unt.edu.ar\/aledar2026\/wp-json\/wp\/v2\/comments?post=9"}],"version-history":[{"count":3,"href":"https:\/\/filo.unt.edu.ar\/aledar2026\/wp-json\/wp\/v2\/pages\/9\/revisions"}],"predecessor-version":[{"id":60,"href":"https:\/\/filo.unt.edu.ar\/aledar2026\/wp-json\/wp\/v2\/pages\/9\/revisions\/60"}],"wp:attachment":[{"href":"https:\/\/filo.unt.edu.ar\/aledar2026\/wp-json\/wp\/v2\/media?parent=9"}],"curies":[{"name":"wp","href":"https:\/\/api.w.org\/{rel}","templated":true}]}}

Comité Organizador

<div id="pl-9"  class="panel-layout" ><div id="pg-9-0"  class="panel-grid panel-no-style" ><div id="pgc-9-0-0"  class="panel-grid-cell" ><div id="panel-9-0-0-0" class="so-panel widget widget_black-studio-tinymce widget_black_studio_tinymce panel-first-child panel-last-child" data-index="0" ><div class="panel-widget-style panel-widget-style-for-9-0-0-0" ><div class="textwidget"><h3 style="text-align: left;"><span style="color: #1e739b;"><strong>Comité Organizador</strong></span></h3>
<hr />
<p style="text-align: left;"><strong>Coordinación general:</strong></p>
<p style="text-align: left;">Julio César Sal Paz (UNT/CONICET) y Constanza Adela Padilla Sabaté (UNT/CONICET)</p>
<p style="text-align: left;"><strong>Secretaría:</strong> Esther Angélica Lopez</p>
<p style="text-align: left;">
</div></div></div></div></div><div id="pg-9-1"  class="panel-grid panel-no-style" ><div id="pgc-9-1-0"  class="panel-grid-cell" ><div id="panel-9-1-0-0" class="so-panel widget widget_black-studio-tinymce widget_black_studio_tinymce panel-first-child panel-last-child" data-index="1" ><div class="panel-widget-style panel-widget-style-for-9-1-0-0" ><div class="textwidget"><h3 style="text-align: left;"><span style="color: #1e739b;">Integrantes</span></h3>
<hr />
<p style="text-align: left;">Silvio Alexis Lucena</p>
<p style="text-align: left;">Silvina Douglas</p>
<p style="text-align: left;">María del Carmen Pilán</p>
<p style="text-align: left;">María Gabriela Palazzo</p>
<p style="text-align: left;">María Belén Romano</p>
<p style="text-align: left;">Claudia Carina Albarracín</p>
<p style="text-align: left;">Carlos Enrique Castilla</p>
<p style="text-align: left;">María Stella Taboada</p>
<p style="text-align: left;">María Elisa Sala</p>
<p style="text-align: left;">Gabriel Dvoskin</p>
<p style="text-align: left;">Rocío Flax</p>
<p style="text-align: left;">María Elena Molina</p>
</div></div></div></div></div></div>

<p>Comité Organizador Coordinación general: Julio César Sal Paz (UNT/CONICET) y Constanza Adela Padilla Sabaté (UNT/CONICET) Secretaría: Esther Angélica Lopez Integrantes Silvio Alexis Lucena Silvina Douglas María del Carmen Pilán María Gabriela Palazzo María Belén Romano Claudia Carina Albarracín Carlos Enrique Castilla María Stella Taboada María Elisa Sala Gabriel Dvoskin Rocío Flax María Elena Molina</p>
