{"id":7,"date":"2025-12-17T12:30:24","date_gmt":"2025-12-17T15:30:24","guid":{"rendered":"https:\/\/filo.unt.edu.ar\/aledar2026\/?page_id=7"},"modified":"2026-08-19T09:21:51","modified_gmt":"2026-08-19T12:21:51","slug":"autoridades","status":"publish","type":"page","link":"https:\/\/filo.unt.edu.ar\/aledar2026\/autoridades\/","title":{"rendered":"Autoridades ALED"},"content":{"rendered":"<div id=\"pl-7\"  class=\"panel-layout\" ><div id=\"pg-7-0\"  class=\"panel-grid panel-no-style\" ><div id=\"pgc-7-0-0\"  class=\"panel-grid-cell\" ><div id=\"panel-7-0-0-0\" class=\"so-panel widget widget_sow-editor panel-first-child panel-last-child\" data-index=\"0\" ><div\n\t\t\t\n\t\t\tclass=\"so-widget-sow-editor so-widget-sow-editor-base\"\n\t\t\t\n\t\t>\n<div class=\"siteorigin-widget-tinymce textwidget\">\n\t<div style=\"font-family:Arial,Helvetica,sans-serif; text-align:left; overflow-wrap:break-word; padding:40px 8px 8px;\">\n<h2 style=\"font-family:Georgia,serif; font-size:2em; line-height:1.25; color:#124a63; margin:0 0 24px; font-weight:normal;\">Autoridades ALED<\/h2>\n<div style=\"font-size:0.75em; font-weight:bold; letter-spacing:.12em; color:#6b9150; text-transform:uppercase; margin-bottom:14px;\">Junta Directiva<\/div>\n<div style=\"display:flex; flex-wrap:wrap; gap:12px;\">\n<div style=\"flex:1 1 220px; background:#f5f9f7; border:1px solid #dde8e0; border-radius:8px; padding:14px 16px; box-sizing:border-box;\">\n<div style=\"font-size:0.78em; color:#666;\">Presidencia<\/div>\n<div style=\"font-size:0.98em; color:#124a63; font-weight:bold;\">Wander Emediato<\/div>\n<div style=\"font-size:0.82em; color:#666;\">Brasil<\/div>\n<\/div>\n<div style=\"flex:1 1 220px; background:#f5f9f7; border:1px solid #dde8e0; border-radius:8px; padding:14px 16px; box-sizing:border-box;\">\n<div style=\"font-size:0.78em; color:#666;\">Vicepresidencia<\/div>\n<div style=\"font-size:0.98em; color:#124a63; font-weight:bold;\">Roc\u00edo Flax<\/div>\n<div style=\"font-size:0.82em; color:#666;\">Argentina<\/div>\n<\/div>\n<div style=\"flex:1 1 220px; background:#f5f9f7; border:1px solid #dde8e0; border-radius:8px; padding:14px 16px; box-sizing:border-box;\">\n<div style=\"font-size:0.78em; color:#666;\">Secretar\u00eda general<\/div>\n<div style=\"font-size:0.98em; color:#124a63; font-weight:bold;\">Karen Miladys C\u00e1rdenas Almanza<\/div>\n<div style=\"font-size:0.82em; color:#666;\">Colombia<\/div>\n<\/div>\n<div style=\"flex:1 1 220px; background:#f5f9f7; border:1px solid #dde8e0; border-radius:8px; padding:14px 16px; box-sizing:border-box;\">\n<div style=\"font-size:0.78em; color:#666;\">Tesorer\u00eda<\/div>\n<div style=\"font-size:0.98em; color:#124a63; font-weight:bold;\">Maria Carmen Aires Gomes<\/div>\n<div style=\"font-size:0.82em; color:#666;\">Brasil<\/div>\n<\/div>\n<div style=\"flex:1 1 220px; background:#f5f9f7; border:1px solid #dde8e0; border-radius:8px; padding:14px 16px; box-sizing:border-box;\">\n<div style=\"font-size:0.78em; color:#666;\">Delegaci\u00f3n Argentina<\/div>\n<div style=\"font-size:0.98em; color:#124a63; font-weight:bold;\">Gabriel Dvoskin<\/div>\n<\/div>\n<\/div>\n<\/div>\n<\/div>\n<\/div><\/div><\/div><\/div><div id=\"pg-7-1\"  class=\"panel-grid panel-no-style\" ><div id=\"pgc-7-1-0\"  class=\"panel-grid-cell\" ><div id=\"panel-7-1-0-0\" class=\"so-panel widget widget_sow-editor panel-first-child panel-last-child\" data-index=\"1\" ><div\n\t\t\t\n\t\t\tclass=\"so-widget-sow-editor so-widget-sow-editor-base\"\n\t\t\t\n\t\t>\n<div class=\"siteorigin-widget-tinymce textwidget\">\n\t<div style=\"font-family: Arial,Helvetica,sans-serif; text-align: left; overflow-wrap: break-word; padding: 8px 8px 40px;\">\n<div style=\"font-size: 0.75em; font-weight: bold; letter-spacing: .12em; color: #6b9150; text-transform: uppercase; margin-bottom: 14px;\">Comit\u00e9 Cient\u00edfico<\/div>\n<div style=\"columns: 2; column-gap: 24px; font-size: 0.9em; color: #333; line-height: 2;\">\n<div style=\"break-inside: avoid;\">Agust\u00edn Berti (UNC\/CONICET)<\/div>\n<div style=\"break-inside: avoid;\">Alejandro Raiter (UBA)<\/div>\n<div style=\"break-inside: avoid;\">Alicia Carrizo (UBA)<\/div>\n<div style=\"break-inside: avoid;\">Andrea Menegotto (UNMdP)<\/div>\n<div style=\"break-inside: avoid;\">Aniela Ventura (UBA\/CONICET)<\/div>\n<div style=\"break-inside: avoid;\">Cristina Boccia (UNCuyo)<\/div>\n<div style=\"break-inside: avoid;\">Constanza Padilla (UNT\/CONICET)<\/div>\n<div style=\"break-inside: avoid;\">Daniela Lauria (UBA\/UNIPE\/CONICET)<\/div>\n<div style=\"break-inside: avoid;\">Elizabeth Andrea Di Nardo (UNRC)<\/div>\n<div style=\"break-inside: avoid;\">Elizabeth Rigatuso (UNS\/CONICET)<\/div>\n<div style=\"break-inside: avoid;\">Elvira Narvaja de Arnoux (UBA)<\/div>\n<div style=\"break-inside: avoid;\">Fabi\u00e1n M\u00f3naco (UNL)<\/div>\n<div style=\"break-inside: avoid;\">Gabriel Dvoskin (UBA\/UNIPE\/CONICET)<\/div>\n<div style=\"break-inside: avoid;\">Isolda Carranza (UNC\/CONICET)<\/div>\n<div style=\"break-inside: avoid;\">Juan Bonnin (CITRA\/UNSaM\/CONICET)<\/div>\n<div style=\"break-inside: avoid;\">Julia Zullo (UBA)<\/div>\n<div style=\"break-inside: avoid;\">Julio Sal Paz (UNT\/CONICET)<\/div>\n<div style=\"break-inside: avoid;\">Luc\u00eda Cantamutto (UNRN\/CONICET)<\/div>\n<div style=\"break-inside: avoid;\">Luc\u00eda Rivas (UNLPam)<\/div>\n<div style=\"break-inside: avoid;\">Luisa Granato (UNLP)<\/div>\n<div style=\"break-inside: avoid;\">Mar\u00eda Alejandra Vitale (UBA)<\/div>\n<div style=\"break-inside: avoid;\">Mar\u00eda Gabriela Palazzo (UNT\/CONICET)<\/div>\n<div style=\"break-inside: avoid;\">Mar\u00eda Laura Pardo (UBA\/CONICET)<\/div>\n<div style=\"break-inside: avoid;\">Mar\u00eda Valentina Nobl\u00eda (UBA)<\/div>\n<div style=\"break-inside: avoid;\">Mariana Cucatto (UNLP\/CONICET)<\/div>\n<div style=\"break-inside: avoid;\">Mariana Marchese (UBA\/CONICET)<\/div>\n<div style=\"break-inside: avoid;\">Mariana Pascual (UC-Chile)<\/div>\n<div style=\"break-inside: avoid;\">Mat\u00edas Soich (UBA\/UNTREF\/CONICET)<\/div>\n<div style=\"break-inside: avoid;\">Paula Salerno (UNSaM\/CONICET)<\/div>\n<div style=\"break-inside: avoid;\">Renata Fabiana Cardinali (UNRC)<\/div>\n<div style=\"break-inside: avoid;\">Salvio M. Men\u00e9ndez (UBA\/UNMdP\/CONICET)<\/div>\n<div style=\"break-inside: avoid;\">Sara Isabel P\u00e9rez (UBA\/UNQ)<\/div>\n<div style=\"break-inside: avoid;\">Sebasti\u00e1n Sayago (UNPSJB\/CONICET)<\/div>\n<div style=\"break-inside: avoid;\">Silvia Kaul de Marlangeon (UNRC)<\/div>\n<\/div>\n<\/div>\n<\/div>\n<\/div><\/div><\/div><\/div><\/div>","protected":false},"excerpt":{"rendered":"<p>Autoridades ALED Junta Directiva Presidencia Wander Emediato Brasil Vicepresidencia Roc\u00edo Flax Argentina Secretar\u00eda general Karen Miladys C\u00e1rdenas Almanza Colombia Tesorer\u00eda Maria Carmen Aires Gomes Brasil Delegaci\u00f3n Argentina Gabriel Dvoskin Comit\u00e9 Cient\u00edfico Agust\u00edn Berti (UNC\/CONICET) Alejandro Raiter (UBA) Alicia Carrizo (UBA) Andrea Menegotto (UNMdP) Aniela Ventura (UBA\/CONICET) Cristina Boccia (UNCuyo) Constanza Padilla (UNT\/CONICET) Daniela Lauria (UBA\/UNIPE\/CONICET) [&hellip;]<\/p>\n","protected":false},"author":1,"featured_media":0,"parent":0,"menu_order":0,"comment_status":"closed","ping_status":"closed","template":"","meta":{"footnotes":""},"class_list":["post-7","page","type-page","status-publish","hentry","post"],"_links":{"self":[{"href":"https:\/\/filo.unt.edu.ar\/aledar2026\/wp-json\/wp\/v2\/pages\/7","targetHints":{"allow":["GET"]}}],"collection":[{"href":"https:\/\/filo.unt.edu.ar\/aledar2026\/wp-json\/wp\/v2\/pages"}],"about":[{"href":"https:\/\/filo.unt.edu.ar\/aledar2026\/wp-json\/wp\/v2\/types\/page"}],"author":[{"embeddable":true,"href":"https:\/\/filo.unt.edu.ar\/aledar2026\/wp-json\/wp\/v2\/users\/1"}],"replies":[{"embeddable":true,"href":"https:\/\/filo.unt.edu.ar\/aledar2026\/wp-json\/wp\/v2\/comments?post=7"}],"version-history":[{"count":7,"href":"https:\/\/filo.unt.edu.ar\/aledar2026\/wp-json\/wp\/v2\/pages\/7\/revisions"}],"predecessor-version":[{"id":112,"href":"https:\/\/filo.unt.edu.ar\/aledar2026\/wp-json\/wp\/v2\/pages\/7\/revisions\/112"}],"wp:attachment":[{"href":"https:\/\/filo.unt.edu.ar\/aledar2026\/wp-json\/wp\/v2\/media?parent=7"}],"curies":[{"name":"wp","href":"https:\/\/api.w.org\/{rel}","templated":true}]}}

<div id="pl-7"  class="panel-layout" ><div id="pg-7-0"  class="panel-grid panel-no-style" ><div id="pgc-7-0-0"  class="panel-grid-cell" ><div id="panel-7-0-0-0" class="so-panel widget widget_sow-editor panel-first-child panel-last-child" data-index="0" ><div
			
			class="so-widget-sow-editor so-widget-sow-editor-base"
			
		>
<div class="siteorigin-widget-tinymce textwidget">
	<div style="font-family:Arial,Helvetica,sans-serif; text-align:left; overflow-wrap:break-word; padding:40px 8px 8px;">
<h2 style="font-family:Georgia,serif; font-size:2em; line-height:1.25; color:#124a63; margin:0 0 24px; font-weight:normal;">Autoridades ALED</h2>
<div style="font-size:0.75em; font-weight:bold; letter-spacing:.12em; color:#6b9150; text-transform:uppercase; margin-bottom:14px;">Junta Directiva</div>
<div style="display:flex; flex-wrap:wrap; gap:12px;">
<div style="flex:1 1 220px; background:#f5f9f7; border:1px solid #dde8e0; border-radius:8px; padding:14px 16px; box-sizing:border-box;">
<div style="font-size:0.78em; color:#666;">Presidencia</div>
<div style="font-size:0.98em; color:#124a63; font-weight:bold;">Wander Emediato</div>
<div style="font-size:0.82em; color:#666;">Brasil</div>
</div>
<div style="flex:1 1 220px; background:#f5f9f7; border:1px solid #dde8e0; border-radius:8px; padding:14px 16px; box-sizing:border-box;">
<div style="font-size:0.78em; color:#666;">Vicepresidencia</div>
<div style="font-size:0.98em; color:#124a63; font-weight:bold;">Rocío Flax</div>
<div style="font-size:0.82em; color:#666;">Argentina</div>
</div>
<div style="flex:1 1 220px; background:#f5f9f7; border:1px solid #dde8e0; border-radius:8px; padding:14px 16px; box-sizing:border-box;">
<div style="font-size:0.78em; color:#666;">Secretaría general</div>
<div style="font-size:0.98em; color:#124a63; font-weight:bold;">Karen Miladys Cárdenas Almanza</div>
<div style="font-size:0.82em; color:#666;">Colombia</div>
</div>
<div style="flex:1 1 220px; background:#f5f9f7; border:1px solid #dde8e0; border-radius:8px; padding:14px 16px; box-sizing:border-box;">
<div style="font-size:0.78em; color:#666;">Tesorería</div>
<div style="font-size:0.98em; color:#124a63; font-weight:bold;">Maria Carmen Aires Gomes</div>
<div style="font-size:0.82em; color:#666;">Brasil</div>
</div>
<div style="flex:1 1 220px; background:#f5f9f7; border:1px solid #dde8e0; border-radius:8px; padding:14px 16px; box-sizing:border-box;">
<div style="font-size:0.78em; color:#666;">Delegación Argentina</div>
<div style="font-size:0.98em; color:#124a63; font-weight:bold;">Gabriel Dvoskin</div>
</div>
</div>
</div>
</div>
</div></div></div></div><div id="pg-7-1"  class="panel-grid panel-no-style" ><div id="pgc-7-1-0"  class="panel-grid-cell" ><div id="panel-7-1-0-0" class="so-panel widget widget_sow-editor panel-first-child panel-last-child" data-index="1" ><div
			
			class="so-widget-sow-editor so-widget-sow-editor-base"
			
		>
<div class="siteorigin-widget-tinymce textwidget">
	<div style="font-family: Arial,Helvetica,sans-serif; text-align: left; overflow-wrap: break-word; padding: 8px 8px 40px;">
<div style="font-size: 0.75em; font-weight: bold; letter-spacing: .12em; color: #6b9150; text-transform: uppercase; margin-bottom: 14px;">Comité Científico</div>
<div style="columns: 2; column-gap: 24px; font-size: 0.9em; color: #333; line-height: 2;">
<div style="break-inside: avoid;">Agustín Berti (UNC/CONICET)</div>
<div style="break-inside: avoid;">Alejandro Raiter (UBA)</div>
<div style="break-inside: avoid;">Alicia Carrizo (UBA)</div>
<div style="break-inside: avoid;">Andrea Menegotto (UNMdP)</div>
<div style="break-inside: avoid;">Aniela Ventura (UBA/CONICET)</div>
<div style="break-inside: avoid;">Cristina Boccia (UNCuyo)</div>
<div style="break-inside: avoid;">Constanza Padilla (UNT/CONICET)</div>
<div style="break-inside: avoid;">Daniela Lauria (UBA/UNIPE/CONICET)</div>
<div style="break-inside: avoid;">Elizabeth Andrea Di Nardo (UNRC)</div>
<div style="break-inside: avoid;">Elizabeth Rigatuso (UNS/CONICET)</div>
<div style="break-inside: avoid;">Elvira Narvaja de Arnoux (UBA)</div>
<div style="break-inside: avoid;">Fabián Mónaco (UNL)</div>
<div style="break-inside: avoid;">Gabriel Dvoskin (UBA/UNIPE/CONICET)</div>
<div style="break-inside: avoid;">Isolda Carranza (UNC/CONICET)</div>
<div style="break-inside: avoid;">Juan Bonnin (CITRA/UNSaM/CONICET)</div>
<div style="break-inside: avoid;">Julia Zullo (UBA)</div>
<div style="break-inside: avoid;">Julio Sal Paz (UNT/CONICET)</div>
<div style="break-inside: avoid;">Lucía Cantamutto (UNRN/CONICET)</div>
<div style="break-inside: avoid;">Lucía Rivas (UNLPam)</div>
<div style="break-inside: avoid;">Luisa Granato (UNLP)</div>
<div style="break-inside: avoid;">María Alejandra Vitale (UBA)</div>
<div style="break-inside: avoid;">María Gabriela Palazzo (UNT/CONICET)</div>
<div style="break-inside: avoid;">María Laura Pardo (UBA/CONICET)</div>
<div style="break-inside: avoid;">María Valentina Noblía (UBA)</div>
<div style="break-inside: avoid;">Mariana Cucatto (UNLP/CONICET)</div>
<div style="break-inside: avoid;">Mariana Marchese (UBA/CONICET)</div>
<div style="break-inside: avoid;">Mariana Pascual (UC-Chile)</div>
<div style="break-inside: avoid;">Matías Soich (UBA/UNTREF/CONICET)</div>
<div style="break-inside: avoid;">Paula Salerno (UNSaM/CONICET)</div>
<div style="break-inside: avoid;">Renata Fabiana Cardinali (UNRC)</div>
<div style="break-inside: avoid;">Salvio M. Menéndez (UBA/UNMdP/CONICET)</div>
<div style="break-inside: avoid;">Sara Isabel Pérez (UBA/UNQ)</div>
<div style="break-inside: avoid;">Sebastián Sayago (UNPSJB/CONICET)</div>
<div style="break-inside: avoid;">Silvia Kaul de Marlangeon (UNRC)</div>
</div>
</div>
</div>
</div></div></div></div></div>

<p>Autoridades ALED Junta Directiva Presidencia Wander Emediato Brasil Vicepresidencia Rocío Flax Argentina Secretaría general Karen Miladys Cárdenas Almanza Colombia Tesorería Maria Carmen Aires Gomes Brasil Delegación Argentina Gabriel Dvoskin Comité Científico Agustín Berti (UNC/CONICET) Alejandro Raiter (UBA) Alicia Carrizo (UBA) Andrea Menegotto (UNMdP) Aniela Ventura (UBA/CONICET) Cristina Boccia (UNCuyo) Constanza Padilla (UNT/CONICET) Daniela Lauria (UBA/UNIPE/CONICET) [&hellip;]</p>
