{"id":5,"date":"2025-12-17T12:29:21","date_gmt":"2025-12-17T15:29:21","guid":{"rendered":"https:\/\/filo.unt.edu.ar\/aledar2026\/?page_id=5"},"modified":"2025-12-19T09:48:58","modified_gmt":"2025-12-19T12:48:58","slug":"presentacion","status":"publish","type":"page","link":"https:\/\/filo.unt.edu.ar\/aledar2026\/","title":{"rendered":"Presentaci\u00f3n"},"content":{"rendered":"<div id=\"pl-5\"  class=\"panel-layout\" ><div id=\"pg-5-0\"  class=\"panel-grid panel-no-style\" ><div id=\"pgc-5-0-0\"  class=\"panel-grid-cell\" ><div id=\"panel-5-0-0-0\" class=\"so-panel widget widget_black-studio-tinymce widget_black_studio_tinymce panel-first-child panel-last-child\" data-index=\"0\" ><div class=\"panel-widget-style panel-widget-style-for-5-0-0-0\" ><div class=\"textwidget\"><p style=\"text-align: left;\">La Facultad de Filosof\u00eda y Letras de la Universidad Nacional de Tucum\u00e1n y la Asociaci\u00f3n Latinoamericana de Estudios del Discurso \u2013 Cap\u00edtulo Argentina (ALEDAr) invitan a participar en el <span style=\"color: #1e739b;\"><strong>XI Coloquio: Los Estudios del Discurso frente al espejo: desaf\u00edos epistemol\u00f3gicos, territoriales y transdiciplinarios en contextos de polarizaci\u00f3n, fragmentaci\u00f3n e inteligencia artificial, que se realizar\u00e1 entre el 25 y el 27 de noviembre de 2026 en la sede de la Facultad.<\/strong><\/span><\/p>\n<p style=\"text-align: left;\">Como en sus ediciones anteriores, el Coloquio se plantea como un espacio para el intercambio y el debate sobre experiencias e investigaciones, as\u00ed como tambi\u00e9n sobre nuevos desarrollos te\u00f3ricos y\/o metodol\u00f3gicos en los estudios del discurso. Es organizado por el <strong>Instituto de Investigaciones sobre el Lenguaje y la Cultura (INVELEC) y el Instituto de Investigaciones Ling\u00fc\u00edsticas y Literarias Hispanoamericanas \u201cDra. Elena M. Rojas Mayer\u201d (INSIL)<\/strong>, con la colaboraci\u00f3n de<strong> docentes de los Departamentos de Letras, Ingl\u00e9s, Franc\u00e9s Idiomas Modernos y Ciencias de la Comunicaci\u00f3n. Cuenta con el aval del Observatorio de Inteligencia Artificial aplicada a las Humanidades y a las Ciencias Sociales (Filo.IA) y de la C\u00e1tedra UNESCO para la Lectura y la Escritura, subsede Tucum\u00e1n.<\/strong><\/p>\n<p style=\"text-align: left;\">En un contexto complejo, atravesado por el desfinanciamiento sistem\u00e1tico de la educaci\u00f3n superior p\u00fablica, la crisis presupuestaria en el \u00e1mbito cient\u00edfico, que amenaza seriamente la continuidad de proyectos de investigaci\u00f3n, y el cuestionamiento pol\u00edtico continuo sobre el valor de las humanidades y de las ciencias sociales, el lema que nos convoca \u2014los Estudios del Discurso frente al espejo\u2014 se erige como una potente caja de resonancia para reflexionar sobre nuestros desaf\u00edos epistemol\u00f3gicos, territoriales y transdisciplinarios en tiempos de polarizaci\u00f3n, fragmentaci\u00f3n e irrupci\u00f3n de la inteligencia artificial. Implica mirarnos al interior como una comunidad acad\u00e9mica que produce conocimiento situado y reafirma el compromiso con una universidad p\u00fablica, gratuita y de calidad. De ah\u00ed que el encuentro sea, en s\u00ed mismo, un acto de resistencia intelectual y una apuesta colectiva por sostener espacios de debate riguroso y de construcci\u00f3n de pensamiento cr\u00edtico en Am\u00e9rica Latina. Con tal fin, convocamos a investigadores, docentes y estudiantes que aborden los estudios del discurso desde diferentes y m\u00faltiples disciplinas, con el objetivo de enriquecer el intercambio a partir de una variedad de enfoques epistemol\u00f3gicos y perspectivas anal\u00edticas.<\/p>\n<\/div><\/div><\/div><\/div><\/div><div id=\"pg-5-1\"  class=\"panel-grid panel-no-style\" ><div id=\"pgc-5-1-0\"  class=\"panel-grid-cell\" ><div id=\"panel-5-1-0-0\" class=\"so-panel widget widget_black-studio-tinymce widget_black_studio_tinymce panel-first-child panel-last-child\" data-index=\"1\" ><div class=\"panel-widget-style panel-widget-style-for-5-1-0-0\" ><div class=\"textwidget\"><h2 style=\"text-align: center;\"><span style=\"color: #1e739b;\">Fechas importantes<\/span><\/h2>\n<h2 style=\"text-align: center;\"><span style=\"color: #1e739b;\">Env\u00edo de res\u00famenes hasta el 30 de junio de 2026<\/span><\/h2>\n<h2 style=\"text-align: center;\"><span style=\"color: #1e739b;\">Notificaci\u00f3n de aceptaci\u00f3n hasta 31 de agosto de 2026<\/span><\/h2>\n<\/div><\/div><\/div><\/div><\/div><div id=\"pg-5-2\"  class=\"panel-grid panel-no-style\" ><div id=\"pgc-5-2-0\"  class=\"panel-grid-cell\" ><div id=\"panel-5-2-0-0\" class=\"so-panel widget widget_sow-button panel-first-child panel-last-child\" data-index=\"2\" ><div class=\"panel-widget-style panel-widget-style-for-5-2-0-0\" ><div\n\t\t\t\n\t\t\tclass=\"so-widget-sow-button so-widget-sow-button-flat-e9b7655afd86-5\"\n\t\t\t\n\t\t><div class=\"ow-button-base ow-button-align-justify\"\n style=\"display: block;\">\n\t\t\t<a\n\t\t\t\t\thref=\"http:\/\/filo.unt.edu.ar\/aledar2026\/wp-content\/uploads\/sites\/111\/2025\/12\/XI-COLOQUIO-ALEDAR-CIRCULAR-1.pdf\"\n\t\t\t\t\tclass=\"sowb-button ow-icon-placement-left ow-button-hover\" target=\"_blank\" rel=\"noopener noreferrer\" \t>\n\t\t<span>\n\t\t\t\n\t\t\tDESCARGUE LA 1\u00b0 CIRCULAR\t\t<\/span>\n\t\t\t<\/a>\n\t<\/div>\n<\/div><\/div><\/div><\/div><\/div><div id=\"pg-5-3\"  class=\"panel-grid panel-no-style\" ><div id=\"pgc-5-3-0\"  class=\"panel-grid-cell\" ><div id=\"panel-5-3-0-0\" class=\"so-panel widget widget_black-studio-tinymce widget_black_studio_tinymce panel-first-child panel-last-child\" data-index=\"3\" ><div class=\"panel-widget-style panel-widget-style-for-5-3-0-0\" ><div class=\"textwidget\"><\/div><\/div><\/div><\/div><\/div><\/div>","protected":false},"excerpt":{"rendered":"<p>La Facultad de Filosof\u00eda y Letras de la Universidad Nacional de Tucum\u00e1n y la Asociaci\u00f3n Latinoamericana de Estudios del Discurso \u2013 Cap\u00edtulo Argentina (ALEDAr) invitan a participar en el XI Coloquio: Los Estudios del Discurso frente al espejo: desaf\u00edos epistemol\u00f3gicos, territoriales y transdiciplinarios en contextos de polarizaci\u00f3n, fragmentaci\u00f3n e inteligencia artificial, que se realizar\u00e1 entre [&hellip;]<\/p>\n","protected":false},"author":1,"featured_media":0,"parent":0,"menu_order":0,"comment_status":"closed","ping_status":"closed","template":"home-panels.php","meta":{"footnotes":""},"class_list":["post-5","page","type-page","status-publish","hentry","post"],"_links":{"self":[{"href":"https:\/\/filo.unt.edu.ar\/aledar2026\/wp-json\/wp\/v2\/pages\/5","targetHints":{"allow":["GET"]}}],"collection":[{"href":"https:\/\/filo.unt.edu.ar\/aledar2026\/wp-json\/wp\/v2\/pages"}],"about":[{"href":"https:\/\/filo.unt.edu.ar\/aledar2026\/wp-json\/wp\/v2\/types\/page"}],"author":[{"embeddable":true,"href":"https:\/\/filo.unt.edu.ar\/aledar2026\/wp-json\/wp\/v2\/users\/1"}],"replies":[{"embeddable":true,"href":"https:\/\/filo.unt.edu.ar\/aledar2026\/wp-json\/wp\/v2\/comments?post=5"}],"version-history":[{"count":8,"href":"https:\/\/filo.unt.edu.ar\/aledar2026\/wp-json\/wp\/v2\/pages\/5\/revisions"}],"predecessor-version":[{"id":87,"href":"https:\/\/filo.unt.edu.ar\/aledar2026\/wp-json\/wp\/v2\/pages\/5\/revisions\/87"}],"wp:attachment":[{"href":"https:\/\/filo.unt.edu.ar\/aledar2026\/wp-json\/wp\/v2\/media?parent=5"}],"curies":[{"name":"wp","href":"https:\/\/api.w.org\/{rel}","templated":true}]}}