{"id":13,"date":"2025-12-17T12:35:09","date_gmt":"2025-12-17T15:35:09","guid":{"rendered":"https:\/\/filo.unt.edu.ar\/aledar2026\/?page_id=13"},"modified":"2025-12-19T08:55:57","modified_gmt":"2025-12-19T11:55:57","slug":"resumenes","status":"publish","type":"page","link":"https:\/\/filo.unt.edu.ar\/aledar2026\/resumenes\/","title":{"rendered":"Res\u00famenes"},"content":{"rendered":"<div id=\"pl-13\"  class=\"panel-layout\" ><div id=\"pg-13-0\"  class=\"panel-grid panel-no-style\" ><div id=\"pgc-13-0-0\"  class=\"panel-grid-cell\" ><div id=\"panel-13-0-0-0\" class=\"so-panel widget widget_black-studio-tinymce widget_black_studio_tinymce panel-first-child panel-last-child\" data-index=\"0\" ><div class=\"panel-widget-style panel-widget-style-for-13-0-0-0\" ><div class=\"textwidget\"><h3 style=\"text-align: left;\"><span style=\"color: #1e739b;\"><strong>Pautas para el env\u00edo de res\u00famenes<\/strong><\/span><\/h3>\n<hr \/>\n<\/div><\/div><\/div><\/div><\/div><div id=\"pg-13-1\"  class=\"panel-grid panel-no-style\" ><div id=\"pgc-13-1-0\"  class=\"panel-grid-cell\" ><div id=\"panel-13-1-0-0\" class=\"so-panel widget widget_black-studio-tinymce widget_black_studio_tinymce panel-first-child panel-last-child\" data-index=\"1\" ><div class=\"panel-widget-style panel-widget-style-for-13-1-0-0\" ><div class=\"textwidget\"><p style=\"text-align: left;\">Los res\u00famenes se escribir\u00e1n en letra Times New Roman 12, interlineado sencillo. Deber\u00e1n incluir el t\u00edtulo, centrado y en negrita y en l\u00edneas subsiguientes alineado a la izquierda:<\/p>\n<p style=\"text-align: left;\">Nombres y apellidos de los\/las autores\/as<br \/>\nDirecci\u00f3n de correo electr\u00f3nico debajo de cada autor\/a<br \/>\nInstituci\u00f3n de pertenencia<br \/>\nEje tem\u00e1tico en el que se inscribe la propuesta<br \/>\nTres a cinco palabras clave en min\u00fascula, separadas por punto y coma.<\/p>\n<p style=\"text-align: left;\">En p\u00e1rrafo justificado, el cuerpo del resumen tendr\u00e1 entre 250 y 300 palabras e incluir\u00e1 objetivos del trabajo, marco te\u00f3rico, metodolog\u00eda, corpus y conclusiones preliminares (si correspondiera).<\/p>\n<p style=\"text-align: left;\"><strong>Los res\u00famenes se remitir\u00e1n a la siguiente direcci\u00f3n de correo electr\u00f3nico: <a href=\"mailto:aledar2026@filo.unt.edu.ar\">aledar2026@filo.unt.edu.ar<\/a>, en mensaje identificado con el asunto \u201cResumen-Apellido del autor\/a\/s (ej. Resumen-Gonz\u00e1lez).<\/strong><\/p>\n<\/div><\/div><\/div><\/div><\/div><\/div>","protected":false},"excerpt":{"rendered":"<p>Pautas para el env\u00edo de res\u00famenes Los res\u00famenes se escribir\u00e1n en letra Times New Roman 12, interlineado sencillo. Deber\u00e1n incluir el t\u00edtulo, centrado y en negrita y en l\u00edneas subsiguientes alineado a la izquierda: Nombres y apellidos de los\/las autores\/as Direcci\u00f3n de correo electr\u00f3nico debajo de cada autor\/a Instituci\u00f3n de pertenencia Eje tem\u00e1tico en el [&hellip;]<\/p>\n","protected":false},"author":1,"featured_media":0,"parent":0,"menu_order":0,"comment_status":"closed","ping_status":"closed","template":"","meta":{"footnotes":""},"class_list":["post-13","page","type-page","status-publish","hentry","post"],"_links":{"self":[{"href":"https:\/\/filo.unt.edu.ar\/aledar2026\/wp-json\/wp\/v2\/pages\/13","targetHints":{"allow":["GET"]}}],"collection":[{"href":"https:\/\/filo.unt.edu.ar\/aledar2026\/wp-json\/wp\/v2\/pages"}],"about":[{"href":"https:\/\/filo.unt.edu.ar\/aledar2026\/wp-json\/wp\/v2\/types\/page"}],"author":[{"embeddable":true,"href":"https:\/\/filo.unt.edu.ar\/aledar2026\/wp-json\/wp\/v2\/users\/1"}],"replies":[{"embeddable":true,"href":"https:\/\/filo.unt.edu.ar\/aledar2026\/wp-json\/wp\/v2\/comments?post=13"}],"version-history":[{"count":8,"href":"https:\/\/filo.unt.edu.ar\/aledar2026\/wp-json\/wp\/v2\/pages\/13\/revisions"}],"predecessor-version":[{"id":58,"href":"https:\/\/filo.unt.edu.ar\/aledar2026\/wp-json\/wp\/v2\/pages\/13\/revisions\/58"}],"wp:attachment":[{"href":"https:\/\/filo.unt.edu.ar\/aledar2026\/wp-json\/wp\/v2\/media?parent=13"}],"curies":[{"name":"wp","href":"https:\/\/api.w.org\/{rel}","templated":true}]}}